NOAA-Style Climate Reports

NOAA style reports

Select a Year or Month report
V/Λ2018 > Jan Feb Mar Apr May Jun Jul Aug Sep Oct Nov Dec
V/Λ2017 > Jan Feb Mar Apr May Jun Jul Aug Sep Oct Nov Dec
V/Λ2016 > Jan Feb Mar Apr May Jun Jul Aug Sep Oct Nov Dec
V/Λ2015 > Jan Feb Mar Apr May Jun Jul Aug Sep Oct Nov Dec
V/Λ2014 > Jan Feb Mar Apr May Jun Jul Aug Sep Oct Nov Dec
V/Λ2013 > Jan Feb Mar Apr May Jun Jul Aug Sep Oct Nov Dec
V/Λ2012 > Jan Feb Mar Apr May Jun Jul Aug Sep Oct Nov Dec

Report for 2018 05
                   MONTHLY CLIMATOLOGICAL SUMMARY for MAY. 2018

NAME: Gruppo Colle   CITY: Colle Bisenzio   STATE: PRATO - ITALY 
ELEV:   182 m  LAT:  43 59 29 N  LONG:  11 08 17 E

                   TEMPERATURE (░C), RAIN  (mm), WIND SPEED (m/s)

                                      HEAT  COOL        AVG
    MEAN                              DEG   DEG         WIND                 DOM
DAY TEMP  HIGH   TIME   LOW    TIME   DAYS  DAYS  RAIN  SPEED HIGH   TIME    DIR
------------------------------------------------------------------------------------
 1  12.7  16.5   14.30   9.1    3.00   5.7   0.0   7.6   0.4   3.6   12.00   NNE
 2  15.1  19.5   14.30  11.7    0.30   3.3   0.1  12.2   2.4   8.9   22.00   NNE
 3  17.0  20.2   16.00  15.2   18.00   1.5   0.2   2.8   3.3  10.3   16.00   NNE
 4  18.3  21.1   12.30  16.3    5.30   0.4   0.5   1.2   3.8  14.3   11.30   NNE
 5  18.8  23.1   16.00  13.6    4.30   1.1   1.6   0.0   2.7   9.8   10.00   NNE
 6  19.7  24.3   17.30  15.1   00.00   0.6   2.0   0.0   1.8   7.6    9.30   NNE
 7  18.7  25.8   14.00  12.7    5.00   1.7   2.1   0.4   1.5   8.0   15.00   NNE
 8  18.6  26.7   14.00  14.6    6.00   1.5   1.9  13.2   1.2   7.2   14.30     N
 9  16.9  22.8   13.30  12.9    5.30   2.0   0.6   2.6   1.0   6.7   14.30   NNE
10  16.8  22.5   13.00  12.8    5.30   2.2   0.7   8.4   0.7   6.7   14.30   NNE
11  17.8  24.4   15.30  13.2    4.00   1.8   1.4   0.2   1.2   7.2   13.30   NNE
12  17.6  22.5   18.00  13.3   23.30   1.5   0.8   0.0   0.8   5.8   15.00   SSE
13  16.7  22.7   15.00  13.3   00.00   2.4   0.8  10.0   1.1  12.5   16.30   NNE
14  12.7  16.1   16.00   9.6   23.30   5.7   0.0   4.2   2.1   8.9   16.30   SSE
15  12.9  18.1   16.00   8.1    6.30   5.4   0.0   0.0   1.6   8.9   15.00   NNE
16  13.7  18.3   15.00  10.1    1.00   4.6   0.0   1.0   0.9   7.2   15.00   NNE
17  15.2  20.9   14.00  11.2    6.30   3.4   0.3   0.0   1.1   8.5   14.30   NNE
18  17.8  24.9   16.00  10.3    7.00   2.7   2.1   0.0   1.8   8.0   13.00   NNE
19  18.7  25.7   15.30  11.6    6.00   2.2   2.5   0.0   2.0   7.2   10.30   NNE
20  19.1  25.9   16.00  11.8    6.30   1.8   2.6   0.0   2.2   8.9   17.30   NNE
21  16.0  17.3    0.30  14.9    6.00   0.6   0.0   0.0   2.0   4.5    3.00   NNE
22
23
24
25
26
27
28
29
30
31
-------------------------------------------------------------------------------------
    16.7  26.7     8     8.1    15    52.1  20.1  63.8   1.7  14.3     4     NNE

Max >=  32.0:  0
Max <=   0.0:  0
Min <=   0.0:  0
Min <= -18.0:  0
Max Rain: 13.21 ON 08/05/18
Days of Rain: 12 (> .2 mm) 8 (> 2 mm) 0 (> 20 mm)
Heat Base:  18.3  Cool Base:  18.3  Method: Integration