NOAA-Style Climate Reports

NOAA style reports

Select a Year or Month report
V/Λ2018 > Jan Feb Mar Apr May Jun Jul Aug Sep Oct Nov Dec
V/Λ2017 > Jan Feb Mar Apr May Jun Jul Aug Sep Oct Nov Dec
V/Λ2016 > Jan Feb Mar Apr May Jun Jul Aug Sep Oct Nov Dec
V/Λ2015 > Jan Feb Mar Apr May Jun Jul Aug Sep Oct Nov Dec
V/Λ2014 > Jan Feb Mar Apr May Jun Jul Aug Sep Oct Nov Dec
V/Λ2013 > Jan Feb Mar Apr May Jun Jul Aug Sep Oct Nov Dec
V/Λ2012 > Jan Feb Mar Apr May Jun Jul Aug Sep Oct Nov Dec

Report for 2018 01
                   MONTHLY CLIMATOLOGICAL SUMMARY for JAN. 2018

NAME: Gruppo Colle   CITY: Colle Bisenzio   STATE: PRATO - ITALY 
ELEV:   182 m  LAT:  43 59 29 N  LONG:  11 08 17 E

                   TEMPERATURE (░C), RAIN  (mm), WIND SPEED (m/s)

                                      HEAT  COOL        AVG
    MEAN                              DEG   DEG         WIND                 DOM
DAY TEMP  HIGH   TIME   LOW    TIME   DAYS  DAYS  RAIN  SPEED HIGH   TIME    DIR
------------------------------------------------------------------------------------
 1   8.6  10.8   11.30   4.8   21.00   9.7   0.0  22.2   1.3  12.5   22.30    SE
 2   7.5  14.4   14.30   1.7   22.30  10.8   0.0  10.2   1.3  11.2    2.00    NE
 3   4.1  10.8   20.30  -0.4    5.00  14.2   0.0   5.8   1.6  10.7   14.30   NNE
 4   7.1  10.2   19.00   3.2    5.00  11.2   0.0   2.4   0.6   4.9   17.30     N
 5  10.9  12.4    9.30   9.2    4.00   7.4   0.0   6.0   1.1  10.3   13.00   SSE
 6  10.6  11.7   13.00   9.1   00.00   7.7   0.0   0.2   0.3   3.6   23.00    NE
 7   9.5  12.8   14.30   7.4    7.30   8.8   0.0   0.0   1.1   4.0    2.30    NE
 8   9.6  13.0   11.30   8.4    3.30   5.2   0.0   0.0   1.0   4.5    2.30   NNE
 9  10.7  14.4    2.00   7.8   00.00   7.5   0.0   6.6   1.1   9.4   15.00   NNE
10   7.8  10.8   12.30   5.6    7.30  10.5   0.0   0.0   0.6   5.8   13.30   NNE
11   8.4  10.8   12.00   7.1    1.30   9.9   0.0   5.2   1.9   9.8   00.00   NNE
12   8.8   9.7   13.30   8.1    5.00   9.5   0.0   0.0   4.2  11.2   11.30   NNE
13   8.4  10.2   13.30   7.6    3.00   9.9   0.0   0.0   3.9   9.8    2.00   NNE
14   6.9   9.8   13.30   3.9    9.00  11.4   0.0   0.0   1.6   6.7   10.00   NNE
15   5.3  10.3   15.30   0.8    7.30  13.0   0.0   3.0   1.4   5.4   14.30   NNE
16   9.3  10.9   22.30   6.4    0.30   9.0   0.0  23.2   7.3  18.8   14.00   SSE
17  11.0  11.2    2.00  10.9    0.30   0.6   0.0   5.2   8.9  21.0    1.00    SE
18
19
20
21
22
23
24
25
26
27
28
29
30
31
-------------------------------------------------------------------------------------
     8.5  14.4     2    -0.4     3   156.5   0.0  90.0   2.3  21.0    17     NNE

Max >=  32.0:  0
Max <=   0.0:  0
Min <=   0.0:  1
Min <= -18.0:  0
Max Rain: 23.19 ON 16/01/18
Days of Rain: 11 (> .2 mm) 10 (> 2 mm) 2 (> 20 mm)
Heat Base:  18.3  Cool Base:  18.3  Method: Integration