NOAA-Style Climate Reports

NOAA style reports

Select a Year or Month report
V/Λ2018 > Jan Feb Mar Apr May Jun Jul Aug Sep Oct Nov Dec
V/Λ2017 > Jan Feb Mar Apr May Jun Jul Aug Sep Oct Nov Dec
V/Λ2016 > Jan Feb Mar Apr May Jun Jul Aug Sep Oct Nov Dec
V/Λ2015 > Jan Feb Mar Apr May Jun Jul Aug Sep Oct Nov Dec
V/Λ2014 > Jan Feb Mar Apr May Jun Jul Aug Sep Oct Nov Dec
V/Λ2013 > Jan Feb Mar Apr May Jun Jul Aug Sep Oct Nov Dec
V/Λ2012 > Jan Feb Mar Apr May Jun Jul Aug Sep Oct Nov Dec

Report for 2018 07
                   MONTHLY CLIMATOLOGICAL SUMMARY for JUL. 2018

NAME: Gruppo Colle   CITY: Colle Bisenzio   STATE: PRATO - ITALY 
ELEV:   182 m  LAT:  43 59 29 N  LONG:  11 08 17 E

                   TEMPERATURE (░C), RAIN  (mm), WIND SPEED (m/s)

                                      HEAT  COOL        AVG
    MEAN                              DEG   DEG         WIND                 DOM
DAY TEMP  HIGH   TIME   LOW    TIME   DAYS  DAYS  RAIN  SPEED HIGH   TIME    DIR
------------------------------------------------------------------------------------
 1  23.1  31.4   17.00  14.7    6.00   0.7   5.5   0.0   1.7   8.9   14.30     N
 2  24.0  32.4   16.00  15.5    6.00   0.5   6.2   0.0   1.2   6.3   12.30   SSE
 3  24.6  31.1   17.00  17.6    5.00   0.1   6.3   0.0   1.6   8.0   14.30   SSE
 4  24.4  29.9   16.00  19.8    2.30   0.0   6.1   0.0   1.4   7.6   14.30     N
 5  24.7  30.7   15.00  18.0    5.30   0.0   6.4   0.0   2.1  10.7   18.30    SE
 6  22.1  28.1   14.00  17.0   15.00   0.0   2.6  24.0   1.0  10.7   14.30   NNE
 7  22.1  30.9   12.30  16.4    6.30   0.2   4.0   0.0   0.7   4.9   14.00     N
 8  23.9  32.0   15.30  16.6    6.00   0.2   5.8   0.0   0.8   4.9   15.00    NE
 9  24.6  32.2   17.30  17.0    5.00   0.0   6.4   0.0   1.2   5.8   18.00   NNE
10  24.2  30.6   16.30  17.7    6.00   0.0   5.9   0.0   1.4   7.6   14.00   NNE
11  24.1  30.1   16.30  18.8    4.30   0.0   5.8   0.0   2.0   9.8   14.30   NNE
12  22.4  28.6   17.00  15.6    6.30   0.3   4.4   0.0   1.6   7.6   14.30   NNE
13  23.9  31.4   16.30  16.6    6.30   0.1   5.8   0.0   1.3   7.2   17.30   NNE
14  24.8  33.8   17.00  16.2    5.00   0.3   6.5   0.0   1.1   5.4   13.30   NNE
15  25.1  32.8   15.00  19.5    6.30   0.0   4.3   0.0   1.1  16.5   17.30    NE
16  24.1  28.7   16.00  18.8   22.00   0.0   3.8   2.4   1.0  12.1   18.30   NNE
17  23.9  31.9   15.00  16.3    6.30   0.2   5.8   0.0   1.1   5.4   11.30   NNE
18  24.5  31.8   16.00  17.0    6.30   0.1   6.3   0.0   1.5   7.2   15.00   NNE
19  24.5  31.8   16.30  16.7    6.00   0.1   6.3   0.0   1.6   8.0   14.30   NNE
20  23.7  30.3   16.00  16.6    6.00   0.2   5.6   0.0   1.8  11.2   17.30   NNE
21  22.3  29.7   14.00  17.3    5.30   0.1   4.1   1.2   1.5  10.3   16.00   NNE
22  22.5  27.8   14.00  18.7    3.30   0.0   4.2   2.6   1.6   8.5   16.00   NNE
23  20.6  27.0   11.00  18.3    8.00   0.0   1.1  10.2   1.1   5.4    7.00   NNE
24
25
26
27
28
29
30
31
-------------------------------------------------------------------------------------
    23.6  33.8    14    14.7     1     3.2 119.0  40.4   1.4  16.5    15     NNE

Max >=  32.0:  5
Max <=   0.0:  0
Min <=   0.0:  0
Min <= -18.0:  0
Max Rain: 24.00 ON 06/07/18
Days of Rain: 5 (> .2 mm) 4 (> 2 mm) 1 (> 20 mm)
Heat Base:  18.3  Cool Base:  18.3  Method: Integration