NOAA-Style Climate Reports

NOAA style reports

Select a Year or Month report
V/Λ2018 > Jan Feb Mar Apr May Jun Jul Aug Sep Oct Nov Dec
V/Λ2017 > Jan Feb Mar Apr May Jun Jul Aug Sep Oct Nov Dec
V/Λ2016 > Jan Feb Mar Apr May Jun Jul Aug Sep Oct Nov Dec
V/Λ2015 > Jan Feb Mar Apr May Jun Jul Aug Sep Oct Nov Dec
V/Λ2014 > Jan Feb Mar Apr May Jun Jul Aug Sep Oct Nov Dec
V/Λ2013 > Jan Feb Mar Apr May Jun Jul Aug Sep Oct Nov Dec
V/Λ2012 > Jan Feb Mar Apr May Jun Jul Aug Sep Oct Nov Dec

Report for 2018 09
                   MONTHLY CLIMATOLOGICAL SUMMARY for SEP. 2018

NAME: Gruppo Colle   CITY: Colle Bisenzio   STATE: PRATO - ITALY 
ELEV:   182 m  LAT:  43 59 29 N  LONG:  11 08 17 E

                   TEMPERATURE (░C), RAIN  (mm), WIND SPEED (m/s)

                                      HEAT  COOL        AVG
    MEAN                              DEG   DEG         WIND                 DOM
DAY TEMP  HIGH   TIME   LOW    TIME   DAYS  DAYS  RAIN  SPEED HIGH   TIME    DIR
------------------------------------------------------------------------------------
 1  19.7  25.1   12.30  16.4   00.00   0.3   1.7   5.2   0.8   7.6   17.00   NNE
 2  18.4  24.9   13.30  15.2    3.30   1.2   1.3  16.2   1.3   6.7   15.30   NNE
 3  18.4  23.6   17.30  13.5    6.30   1.6   1.7   0.2   1.4   8.5   17.30    NE
 4  19.7  25.8   15.00  14.0    4.30   1.1   2.4   0.0   1.1   7.2   13.00     N
 5  21.5  29.3   17.00  16.2    7.30   0.4   3.6   0.0   0.8   5.4   13.30     N
 6  21.7  29.5   17.30  15.3    7.00   0.7   4.1   0.0   0.9   6.3   19.00    SE
 7  20.1  26.7   17.00  15.4    5.00   0.7   2.5   0.0   1.6   7.6   13.00   NNE
 8  21.2  29.1   15.30  15.2    6.30   0.5   3.4   0.0   1.1   5.8   11.30   NNE
 9  22.2  31.8   14.00  15.6    7.00   0.7   4.6   0.0   0.8   4.9    1.30    NE
10  22.9  31.9   14.30  16.7    3.00   0.3   4.6   0.0   1.0   5.8   17.00    NE
11  23.6  32.4   16.30  17.0    5.00   0.2   5.4   0.0   1.2   4.9   14.00    NE
12  23.3  32.2   16.00  16.7    7.00   0.1   5.1   0.0   1.3   7.2   14.30     N
13  20.2  24.4   14.00  15.6    6.30   0.5   2.3   0.0   0.8   5.4   12.00    NE
14  22.0  29.2   16.30  15.5    7.30   0.5   4.2   0.0   1.3   7.2   16.30   NNE
15  23.3  29.8   17.00  17.9    6.00   0.0   5.0   0.0   0.5   6.3   14.30     N
16  22.8  30.4   16.00  16.8    8.00   0.1   4.6   0.0   0.9   5.8   15.30    NE
17  22.2  29.6   17.00  16.4    7.00   0.3   4.2   0.0   0.8   4.5   10.00     N
18  21.9  29.5   15.00  17.2    4.30   0.1   3.7  18.0   1.0   7.6   16.00   NNE
19  22.0  29.0   15.30  16.6    7.00   0.3   4.0   0.2   1.6   7.6   16.30   NNE
20  23.2  30.0   15.30  17.7    5.00   0.0   4.9   0.0   2.0   7.6   13.30   NNE
21  23.1  32.3   14.30  17.2    5.00   0.1   4.9   0.0   1.4   6.7   15.00    NE
22  21.7  28.7   16.00  16.7    3.30   0.3   3.7   0.0   1.3   7.6   14.00     N
23  22.8  28.4   16.00  17.6    2.30   0.1   4.5   0.0   2.0   9.8   21.00   SSE
24  21.4  28.3   14.00  17.7   00.00   0.0   3.1   5.8   2.7  11.6   17.00   NNE
25  16.3  17.7    0.30  14.8    7.30   0.6   0.0   0.0   4.1   9.4    1.00   NNE
26
27
28
29
30
-------------------------------------------------------------------------------------
    21.4  32.4    11    13.5     3    10.7  89.5  45.6   1.3  11.6    24     NNE

Max >=  32.0:  3
Max <=   0.0:  0
Min <=   0.0:  0
Min <= -18.0:  0
Max Rain: 18.01 ON 18/09/18
Days of Rain: 6 (> .2 mm) 4 (> 2 mm) 0 (> 20 mm)
Heat Base:  18.3  Cool Base:  18.3  Method: Integration