NOAA-Style Climate Reports

NOAA style reports

Select a Year or Month report
V/Λ2021 > Jan Feb Mar Apr May Jun Jul Aug Sep Oct Nov Dec V/Λ2020 > Jan Feb Mar Apr May Jun Jul Aug Sep Oct Nov Dec V/Λ2019 > Jan Feb Mar Apr May Jun Jul Aug Sep Oct Nov Dec V/Λ2018 > Jan Feb Mar Apr May Jun Jul Aug Sep Oct Nov Dec V/Λ2017 > Jan Feb Mar Apr May Jun Jul Aug Sep Oct Nov Dec V/Λ2016 > Jan Feb Mar Apr May Jun Jul Aug Sep Oct Nov Dec V/Λ2015 > Jan Feb Mar Apr May Jun Jul Aug Sep Oct Nov Dec V/Λ2014 > Jan Feb Mar Apr May Jun Jul Aug Sep Oct Nov Dec V/Λ2013 > Jan Feb Mar Apr May Jun Jul Aug Sep Oct Nov Dec V/Λ2012 > Jan Feb Mar Apr May Jun Jul Aug Sep Oct Nov Dec

Report for 2012
                            ANNUAL CLIMATOLOGICAL SUMMARY

NAME: Gruppo Colle  CITY: Colle Bisenzio   STATE: PRATO - ITALY  
ELEV:   182 m  LAT:  43 59 29 N  LONG:  11 08 17 E

               TEMPERATURE (░C), HEAT BASE 18.3, COOL BASE 18.3
                          DEP.  HEAT  COOL                                          
        MEAN  MEAN        FROM  DEG   DEG                        MAX  MAX  MIN  MIN 
 YR MO  MAX   MIN   MEAN  NORM  DAYS  DAYS  HI  DATE  LOW  DATE  >=32 <=0  <=0  <=-18 
------------------------------------------------------------------------------------
 12  1
 12  2
 12  3
 12  4
 12  5  22.5  10.7  16.0   0.0    95    33  32.1  11   5.8   18    1    0    0    0
 12  6  28.6  15.6  21.6   0.0    23   123  35.3  18  10.0   15    9    0    0    0
 12  7  30.9  17.1  23.9   0.0     6   178  36.2   1  14.6   17   11    0    0    0
 12  8  32.7  17.3  24.9   0.0     6   211  38.6  19  13.5   31   17    0    0    0
 12  9  24.9  14.6  19.4   0.0    34    67  30.9   7   7.9   21    0    0    0    0
 12 10  20.9  11.2  15.3   0.0   114    21  26.4  21   0.2   30    0    0    0    0
 12 11  15.1   8.8  11.3   0.0   209     0  18.5   4   3.4    7    0    0    0    0
 12 12   9.1   1.1   4.4   0.0   408     0  16.4  28  -3.7   10    0    0   14    0
------------------------------------------------------------------------------------
        23.1  12.0  17.1   0.0   896   633  38.6 AUG  -3.7  DEC   38    0   14    0

                                PRECIPITATION (mm)

               DEP.   MAX        DAYS OF RAIN 
               FROM   OBS.          OVER
 YR MO  TOTAL  NORM   DAY  DATE  .2   2   20
---------------------------------------------
 12  1
 12  2
 12  3
 12  4
 12  5  95.8    0.0  30.8   20   10    6    2
 12  6  46.2    0.0  25.6   11    5    4    1
 12  7   0.0    0.0   0.0    1    0    0    0
 12  8  48.8    0.0  41.6   31    3    2    1
 12  9  93.6    0.0  36.8   30   12    8    1
 12 10 181.0    0.0  39.6   26   13    8    5
 12 11 187.8    0.0  77.6   27   17   11    3
 12 12 147.1    0.0  26.4    3   21   12    3
---------------------------------------------
       800.4   0.0  77.6  NOV   81   51   16

                                WIND SPEED (m/s)
                          DOM
 YR MO   AVG.  HI   DATE  DIR
---------------------------------
 12  1
 12  2
 12  3
 12  4
 12  5   1.5  13.9    5    SE
 12  6   1.8  21.5   12   ESE
 12  7   2.3  16.1   14     S
 12  8   1.8  12.5    6    SE
 12  9   2.0  21.9   12   ESE
 12 10   1.3  19.7   28    NW
 12 11   1.9  20.1    4   ESE
 12 12   1.3  17.0   15   ESE
---------------------------------
         1.7  21.9  SEP  ESE