NOAA-Style Climate Reports

NOAA style reports

Select a Year or Month report
V/Λ2021 > Jan Feb Mar Apr May Jun Jul Aug Sep Oct Nov Dec
V/Λ2020 > Jan Feb Mar Apr May Jun Jul Aug Sep Oct Nov Dec
V/Λ2019 > Jan Feb Mar Apr May Jun Jul Aug Sep Oct Nov Dec
V/Λ2018 > Jan Feb Mar Apr May Jun Jul Aug Sep Oct Nov Dec
V/Λ2017 > Jan Feb Mar Apr May Jun Jul Aug Sep Oct Nov Dec
V/Λ2016 > Jan Feb Mar Apr May Jun Jul Aug Sep Oct Nov Dec
V/Λ2015 > Jan Feb Mar Apr May Jun Jul Aug Sep Oct Nov Dec
V/Λ2014 > Jan Feb Mar Apr May Jun Jul Aug Sep Oct Nov Dec
V/Λ2013 > Jan Feb Mar Apr May Jun Jul Aug Sep Oct Nov Dec
V/Λ2012 > Jan Feb Mar Apr May Jun Jul Aug Sep Oct Nov Dec

Report for 2013 Apr
                   MONTHLY CLIMATOLOGICAL SUMMARY for APR. 2013

NAME: Gruppo Colle   CITY: Colle Bisenzio   STATE: PRATO - ITALY 
ELEV:   182 m  LAT:  43 59 29 N  LONG:  11 08 17 E

                   TEMPERATURE (░C), RAIN  (mm), WIND SPEED (m/s)

                                      HEAT  COOL        AVG
    MEAN                              DEG   DEG         WIND                 DOM
DAY TEMP  HIGH   TIME   LOW    TIME   DAYS  DAYS  RAIN  SPEED HIGH   TIME    DIR
------------------------------------------------------------------------------------
 1  10.6  15.8   15.42   7.3    6.46   7.7   0.0   3.0   1.2   6.7    1.11   ESE
 2   9.3  11.3   14.31   7.2    6.25   9.0   0.0  19.4   3.0  11.2   12.39   ESE
 3  10.3  15.1   15.21   5.9    5.06   8.0   0.0   0.0   1.1   6.7   17.41   ESE
 4  11.0  15.2   13.58   7.2    0.01   7.3   0.0   1.0   1.2   5.4   22.50   ESE
 5   9.7  11.5   17.04   8.5   14.04   8.7   0.0  18.4   2.0  10.7   18.03   ESE
 6  12.1  17.9   15.41   7.9    4.34   6.2   0.0   0.0   1.2   6.7   15.34   ESE
 7  11.3  13.9   17.13   7.3   23.50   7.0   0.0   0.0   3.7  10.3   16.20   ESE
 8   8.3  12.6   16.47   5.1    6.37  10.0   0.0   6.0   1.1   6.7   18.17   ESE
 9  10.4  14.2   15.08   7.3    4.52   7.9   0.0   9.2   1.7  11.2   12.23   ESE
10  12.3  15.7   14.15   9.6    2.08   6.0   0.0   4.4   2.5   9.8   16.48   ESE
11  13.4  18.1   15.22   7.8    7.15   4.2   0.0   0.0   2.0   8.0   13.59   ESE
12  14.1  18.4   16.47  11.3    6.51   4.2   0.0   0.6   3.8  17.0   17.08   ESE
13  13.8  17.6   16.46   9.1   23.55   4.4   0.0   0.0   2.7   9.8   14.25   ESE
14  14.3  23.8   17.08   6.1    7.00   5.2   1.2   0.0   1.2   7.6   13.40   ESE
15  16.4  24.9   16.06   9.0    6.42   3.7   1.8   0.0   1.5   8.0   16.18   ESE
16  16.4  25.9   16.24   8.6    6.49   3.6   1.7   0.0   1.3   6.3   12.57   ESE
17  19.1  28.4   15.24  11.8    4.12   2.2   3.0   0.0   1.1   5.8   13.02   ESE
18  17.8  25.3   15.57  11.1    6.29   2.6   2.2   0.0   1.6   8.5   15.24   ESE
19  16.7  24.3   15.56   9.8    6.37   3.2   1.6   0.0   1.7   7.6   15.25   ESE
20  14.9  19.9   15.21  10.8   00.00   3.5   0.1   0.0   1.8  10.3   15.35   ESE
21  12.0  18.1   16.15   6.4    7.14   6.3   0.0   0.0   1.1  10.3   17.28   ESE
22  10.7  16.8   13.32   7.3   23.38   7.7   0.0  15.6   0.8   8.9   15.05   ESE
23  11.8  18.7   15.28   5.8    6.28   6.5   0.0   0.2   1.5   8.0   14.51   ESE
24  15.6  23.5   15.53   7.8    6.33   4.0   1.3   0.0   2.3   6.7   10.30   ESE
25  18.8  26.8   16.04  12.7    5.25   1.9   2.4   0.0   2.0   6.3   11.28   ESE
26  18.8  25.5   15.11  13.8    6.30   1.3   1.8   0.0   1.6   7.6   12.41   ESE
27  14.8  18.6   12.53  13.3    6.42   3.5   0.0  15.0   1.0   9.8   22.47   ESE
28  16.3  22.5   17.16  12.9    6.43   2.7   0.7  25.4   0.8   7.2    2.35   ESE
29  19.3  28.1   16.01  13.3    1.36   1.6   2.6   0.2   1.9   9.8   16.19   ESE
30  19.2  26.2   17.57  15.3    5.17   0.9   1.8   1.8   1.1   4.9   10.20   ESE
-------------------------------------------------------------------------------------
    14.0  28.4    17     5.1     8   150.9  22.3 120.2   1.7  17.0    12     ESE

Max >=  32.0:  0
Max <=   0.0:  0
Min <=   0.0:  0
Min <= -18.0:  0
Max Rain: 25.40 ON 28/04/13
Days of Rain: 14 (> .2 mm) 9 (> 2 mm) 1 (> 20 mm)
Heat Base:  18.3  Cool Base:  18.3  Method: Integration