NOAA-Style Climate Reports

NOAA style reports

Select a Year or Month report
V/Λ2021 > Jan Feb Mar Apr May Jun Jul Aug Sep Oct Nov Dec
V/Λ2020 > Jan Feb Mar Apr May Jun Jul Aug Sep Oct Nov Dec
V/Λ2019 > Jan Feb Mar Apr May Jun Jul Aug Sep Oct Nov Dec
V/Λ2018 > Jan Feb Mar Apr May Jun Jul Aug Sep Oct Nov Dec
V/Λ2017 > Jan Feb Mar Apr May Jun Jul Aug Sep Oct Nov Dec
V/Λ2016 > Jan Feb Mar Apr May Jun Jul Aug Sep Oct Nov Dec
V/Λ2015 > Jan Feb Mar Apr May Jun Jul Aug Sep Oct Nov Dec
V/Λ2014 > Jan Feb Mar Apr May Jun Jul Aug Sep Oct Nov Dec
V/Λ2013 > Jan Feb Mar Apr May Jun Jul Aug Sep Oct Nov Dec
V/Λ2012 > Jan Feb Mar Apr May Jun Jul Aug Sep Oct Nov Dec

Report for 2013 Jul
                   MONTHLY CLIMATOLOGICAL SUMMARY for JUL. 2013

NAME: Gruppo Colle   CITY: Colle Bisenzio   STATE: PRATO - ITALY 
ELEV:   182 m  LAT:  43 59 29 N  LONG:  11 08 17 E

                   TEMPERATURE (░C), RAIN  (mm), WIND SPEED (m/s)

                                      HEAT  COOL        AVG
    MEAN                              DEG   DEG         WIND                 DOM
DAY TEMP  HIGH   TIME   LOW    TIME   DAYS  DAYS  RAIN  SPEED HIGH   TIME    DIR
------------------------------------------------------------------------------------
 1  20.6  28.9   15.28  12.6    4.21   1.7   4.0   0.0   1.4   7.6   15.09   ESE
 2  20.4  28.9   16.27  12.3    4.15   1.7   3.9   0.0   1.5   7.6   12.19   ESE
 3  19.8  27.2   13.39  12.9    3.47   1.4   2.9   0.0   1.5   8.0   11.41   ESE
 4  20.7  28.2   13.54  16.6    4.35   0.4   2.7   6.2   1.3  13.4   16.09   ESE
 5  23.8  31.3   14.13  16.7    3.51   0.4   5.8   0.0   2.2   6.7   11.17   ESE
 6  24.7  30.6   15.53  19.1    1.18   0.0   6.4   0.0   2.2   8.9   13.12   ESE
 7  24.3  28.9   14.19  19.1    0.49   0.0   6.0   0.0   3.2   9.8   12.24   ESE
 8  23.9  28.6   14.02  19.5    0.25   0.0   5.4   0.0   2.8   9.8   10.47   ESE
 9  24.5  30.8   15.50  18.2    3.59   0.0   6.2   0.0   2.2   7.6    9.51   ESE
10  22.4  31.3   15.00  18.1    6.00   0.0   3.9   3.2   1.1  13.0   15.52   ESE
11  21.1  27.2   11.17  17.1    5.42   0.2   2.8   0.8   0.9   7.2   11.38   ESE
12  22.9  29.5   16.03  17.2    6.21   0.1   4.7   0.0   1.6   8.9   16.52   ESE
13  23.1  29.0   15.38  18.1    2.15   0.0   4.8   2.2   1.6   9.8   17.01   ESE
14  22.7  29.4   15.02  16.2    5.52   0.3   4.6   2.6   1.5   6.7   15.06   ESE
15  23.4  32.2   14.54  16.0    5.31   0.3   5.1   0.0   1.0   5.8   13.03   ESE
16  24.6  33.8   14.13  17.0    4.51   0.1   6.4   0.0   0.9   5.8   15.46   ESE
17  25.6  33.0   15.53  18.6    5.48   0.0   6.5   0.0   1.2   6.3   12.20   ESE
18  24.2  32.0   13.34  18.0    5.33   0.0   5.9   0.0   1.8   8.9   17.33   ESE
19  23.0  29.3   13.00  17.5    4.32   0.1   4.8   0.0   1.1  10.3   18.36   ESE
20  21.9  32.0   15.01  15.7    5.28   0.5   4.1   0.6   1.0   6.7   16.07   ESE
21  24.1  32.4   15.15  16.6    5.44   0.4   6.1   0.0   1.7   7.2   12.04   ESE
22  25.2  32.7   15.47  17.8    5.16   0.0   6.9   0.0   1.6   6.7   13.00   ESE
23  25.7  35.6   15.14  17.9    6.02   0.0   7.3   0.0   1.1   5.8   15.44   ESE
24  24.7  31.3   16.24  18.9    1.53   0.0   6.2   0.0   2.4   9.8   16.24   ESE
25  24.2  31.1   16.38  18.1    5.23   0.0   5.9   0.0   1.6   8.5   13.48   ESE
26  25.7  33.4   15.57  18.8    6.18   0.0   7.3   0.0   1.5   8.0   17.00   ESE
27  25.7  34.2   17.26  17.5    5.59   0.0   7.4   0.0   1.7   8.5   16.32   ESE
28  26.8  35.8   16.23  17.8    5.14   0.0   8.6   0.0   2.1  10.7   15.56   ESE
29  22.8  29.2   11.07  18.3    5.57   0.0   4.5   6.4   1.7  11.6   21.01   ESE
30  23.5  31.3   16.47  16.1    7.10   0.3   5.5   0.0   1.5   7.6   15.06   ESE
31  24.1  31.6   16.15  16.2    5.10   0.4   6.2   0.0   2.2   8.9   11.07   ESE
-------------------------------------------------------------------------------------
    23.5  35.8    28    12.3     2     8.3 168.8  22.0   1.6  13.4     4     ESE

Max >=  32.0: 11
Max <=   0.0:  0
Min <=   0.0:  0
Min <= -18.0:  0
Max Rain: 6.40 ON 29/07/13
Days of Rain: 7 (> .2 mm) 5 (> 2 mm) 0 (> 20 mm)
Heat Base:  18.3  Cool Base:  18.3  Method: Integration