NOAA-Style Climate Reports

NOAA style reports

Select a Year or Month report
V/Λ2021 > Jan Feb Mar Apr May Jun Jul Aug Sep Oct Nov Dec
V/Λ2020 > Jan Feb Mar Apr May Jun Jul Aug Sep Oct Nov Dec
V/Λ2019 > Jan Feb Mar Apr May Jun Jul Aug Sep Oct Nov Dec
V/Λ2018 > Jan Feb Mar Apr May Jun Jul Aug Sep Oct Nov Dec
V/Λ2017 > Jan Feb Mar Apr May Jun Jul Aug Sep Oct Nov Dec
V/Λ2016 > Jan Feb Mar Apr May Jun Jul Aug Sep Oct Nov Dec
V/Λ2015 > Jan Feb Mar Apr May Jun Jul Aug Sep Oct Nov Dec
V/Λ2014 > Jan Feb Mar Apr May Jun Jul Aug Sep Oct Nov Dec
V/Λ2013 > Jan Feb Mar Apr May Jun Jul Aug Sep Oct Nov Dec
V/Λ2012 > Jan Feb Mar Apr May Jun Jul Aug Sep Oct Nov Dec

Report for 2013 Aug
                   MONTHLY CLIMATOLOGICAL SUMMARY for AUG. 2013

NAME: Gruppo Colle   CITY: Colle Bisenzio   STATE: PRATO - ITALY 
ELEV:   182 m  LAT:  43 59 29 N  LONG:  11 08 17 E

                   TEMPERATURE (░C), RAIN  (mm), WIND SPEED (m/s)

                                      HEAT  COOL        AVG
    MEAN                              DEG   DEG         WIND                 DOM
DAY TEMP  HIGH   TIME   LOW    TIME   DAYS  DAYS  RAIN  SPEED HIGH   TIME    DIR
------------------------------------------------------------------------------------
 1  25.4  33.6   16.42  17.1    6.37   0.1   7.2   0.0   2.2   8.5   10.18   ESE
 2  26.9  36.4   17.15  18.8    6.22   0.0   8.6   0.0   1.8   6.7    2.20   ESE
 3  26.2  35.4   15.59  17.7    6.19   0.0   8.0   0.0   1.7   8.9   16.57   ESE
 4  25.4  33.8   15.20  17.3    6.25   0.1   7.1   0.0   1.3   7.2   13.58   ESE
 5  25.7  35.3   15.03  16.7    6.21   0.2   7.5   0.0   1.6   7.6   16.39   ESE
 6  25.8  35.6   15.30  17.5    6.07   0.0   7.5   0.0   1.4   8.0   14.16   ESE
 7  26.4  36.6   15.47  17.2    7.06   0.1   8.2   0.0   1.5   8.0   13.08   ESE
 8  25.9  35.2   16.07  18.3    6.32   0.0   7.6   0.0   1.7   9.8   16.01   ESE
 9  24.7  32.2   15.48  18.2    6.55   0.0   6.4   0.0   1.1   6.3   16.21   ESE
10  23.8  29.6   16.33  17.3    5.54   0.1   5.7   0.0   2.4   9.8   12.09   ESE
11  24.5  31.3   15.08  18.1    6.29   0.0   6.2   0.0   1.9   7.6   10.48   ESE
12  24.9  33.4   16.18  17.2    6.36   0.1   6.8   0.0   1.5   7.2   15.30   ESE
13  23.6  31.8   16.11  15.6    6.26   0.4   5.8   0.0   1.9   9.4   13.33   ESE
14  21.3  27.9   11.32  16.7    6.19   0.3   3.3   0.0   3.0  13.4   13.05   ESE
15  22.7  27.6   16.45  19.2   23.58   0.0   4.4   0.0   3.8  10.3   11.18   ESE
16  23.1  31.0   15.23  15.8    5.25   0.4   5.2   0.0   2.0   7.6   13.44   ESE
17  24.3  33.0   15.48  16.4    6.45   0.3   6.3   0.0   1.5   7.2   14.37   ESE
18  22.8  31.3   16.43  14.9    5.40   0.7   5.2   0.0   1.6   8.9   15.19   ESE
19  22.5  30.0   15.23  15.1    6.32   0.7   4.9   0.0   2.3  10.3   15.51   ESE
20  20.1  23.4   14.48  16.9    5.32   0.2   1.9  13.8   3.8  13.9   13.28   ESE
21  22.1  26.0   16.23  18.4   00.00   0.0   3.8   0.0   4.0  11.2    9.55   ESE
22  22.4  29.4   16.44  15.9    6.13   0.5   4.7   0.0   2.1   7.6   11.41   ESE
23  22.6  30.1   16.53  15.9    6.18   0.4   4.7   0.0   1.6   8.5   17.33   ESE
24  22.6  29.0   16.17  16.9    6.51   0.3   4.6   0.0   2.1   8.9   15.38   ESE
25  20.6  26.5   15.55  15.3    5.02   0.6   2.9  47.4   2.1  11.6   16.19   ESE
26  20.2  25.9   16.24  16.5    6.00   0.7   2.5   0.0   1.3   9.4   14.18   ESE
27  19.9  26.7   15.40  14.5    6.58   1.3   2.9   0.0   1.6   8.9   14.29   ESE
28  18.8  24.5   13.42  14.7    5.41   1.2   1.7   0.0   1.3   8.0   12.39   ESE
29  20.2  28.9   14.23  14.8    6.35   1.1   3.0   0.0   1.5   6.7   14.39   ESE
30  20.7  28.2   15.27  14.5    7.41   1.0   3.4   0.0   2.1   7.6   10.58   ESE
31  20.6  29.4   14.46  13.3    5.35   1.5   3.8   0.0   1.4   6.3    6.12   ESE
-------------------------------------------------------------------------------------
    23.1  36.6     7    13.3    31    12.2 161.7  61.2   2.0  13.9    20     ESE

Max >=  32.0: 11
Max <=   0.0:  0
Min <=   0.0:  0
Min <= -18.0:  0
Max Rain: 47.40 ON 25/08/13
Days of Rain: 2 (> .2 mm) 2 (> 2 mm) 1 (> 20 mm)
Heat Base:  18.3  Cool Base:  18.3  Method: Integration