NOAA-Style Climate Reports

NOAA style reports

Select a Year or Month report
V/Λ2021 > Jan Feb Mar Apr May Jun Jul Aug Sep Oct Nov Dec
V/Λ2020 > Jan Feb Mar Apr May Jun Jul Aug Sep Oct Nov Dec
V/Λ2019 > Jan Feb Mar Apr May Jun Jul Aug Sep Oct Nov Dec
V/Λ2018 > Jan Feb Mar Apr May Jun Jul Aug Sep Oct Nov Dec
V/Λ2017 > Jan Feb Mar Apr May Jun Jul Aug Sep Oct Nov Dec
V/Λ2016 > Jan Feb Mar Apr May Jun Jul Aug Sep Oct Nov Dec
V/Λ2015 > Jan Feb Mar Apr May Jun Jul Aug Sep Oct Nov Dec
V/Λ2014 > Jan Feb Mar Apr May Jun Jul Aug Sep Oct Nov Dec
V/Λ2013 > Jan Feb Mar Apr May Jun Jul Aug Sep Oct Nov Dec
V/Λ2012 > Jan Feb Mar Apr May Jun Jul Aug Sep Oct Nov Dec

Report for 2013 Sep
                   MONTHLY CLIMATOLOGICAL SUMMARY for SEP. 2013

NAME: Gruppo Colle   CITY: Colle Bisenzio   STATE: PRATO - ITALY 
ELEV:   182 m  LAT:  43 59 29 N  LONG:  11 08 17 E

                   TEMPERATURE (░C), RAIN  (mm), WIND SPEED (m/s)

                                      HEAT  COOL        AVG
    MEAN                              DEG   DEG         WIND                 DOM
DAY TEMP  HIGH   TIME   LOW    TIME   DAYS  DAYS  RAIN  SPEED HIGH   TIME    DIR
------------------------------------------------------------------------------------
 1  21.2  30.1   15.54  13.8    7.14   1.2   4.0   0.0   1.3   5.8   11.28   ESE
 2  21.1  27.5   14.29  15.5    4.00   0.6   3.4   0.0   2.1   8.0   15.40   ESE
 3  21.9  31.6   17.01  14.4    7.25   1.0   4.6   0.0   1.2   5.4   14.14   ESE
 4  23.7  33.5   16.44  16.1    7.00   0.4   5.8   0.0   1.1   5.4   13.50   ESE
 5  23.4  32.4   15.22  16.5    7.04   0.2   5.3   0.0   1.1   5.8   12.55   ESE
 6  23.2  32.2   15.09  16.4    6.39   0.2   5.1   0.0   1.3   5.8   14.21   ESE
 7  22.9  30.8   15.39  16.4    5.41   0.4   5.0   0.0   1.3   8.0   13.23   ESE
 8  21.1  26.3   14.29  16.6    5.23   0.4   3.1   0.0   1.1   8.0   13.37   ESE
 9  21.4  25.7   15.13  15.9   23.56   0.1   3.2  21.2   3.3  15.2   13.26   ESE
10  18.8  23.3   13.46  15.6    0.56   0.8   1.3   5.0   2.1  12.5   21.06   ESE
11  19.3  23.5   14.54  15.8   23.27   0.5   1.5   2.0   2.2  10.7   13.07   ESE
12  17.7  23.8   15.27  13.5   23.42   1.8   1.2   8.4   0.7   5.4   14.13   ESE
13  17.4  24.7   16.00  12.6    2.22   2.5   1.6   0.0   1.4   8.0   16.00   ESE
14  17.1  23.8   16.20  12.0    4.39   2.6   1.4   0.0   1.6   9.4   15.03   ESE
15  16.4  21.3   15.56  13.2    5.05   2.2   0.3  33.2   0.9   6.3   21.39   ESE
16  17.3  20.9   13.15  14.1    6.54   1.6   0.6   0.2   2.2  11.2   20.36   ESE
17  18.2  22.4   16.15  12.9   23.52   1.0   0.9   2.2   3.6  19.2    4.20   ESE
18  16.2  20.7   15.56  10.8    5.03   2.6   0.6   0.0   1.9  10.7   12.44   ESE
19  19.5  26.5   15.23  15.2   00.00   0.8   2.0   0.2   0.8   5.4   13.53   ESE
20  18.7  27.4   14.49  13.2    5.32   2.0   2.4   0.0   1.2   4.5    1.12   ESE
21  18.8  26.7   14.48  13.5    6.10   1.8   2.3   0.0   1.3   5.4   22.04   ESE
22  17.9  25.3   15.57  12.7    6.01   2.2   1.8   0.0   1.8   7.6   13.58   ESE
23  17.7  26.2   15.41  12.2    6.15   2.6   2.0   0.0   1.2   5.4   13.19   ESE
24  16.9  23.9   16.25  11.1    6.41   2.8   1.4   0.0   2.0   9.8   14.40   ESE
25  16.7  23.9   16.10  12.1    6.20   2.8   1.1   0.0   1.3   8.0   14.27   ESE
26  17.1  22.8   16.54  12.6    3.38   2.2   1.0   0.0   1.7   8.9   17.11   ESE
27  18.1  21.6   16.57  14.2    2.40   1.2   1.1   0.0   1.0   6.7   15.51   ESE
28  17.9  23.3   14.13  16.8    4.24   0.4   0.2   0.0   0.2   3.6   13.53   ESE
29  16.3  17.8    5.58  14.7   12.38   0.9   0.0  43.6   0.4   8.5    5.55   ESE
30  17.3  18.3   15.27  15.2    8.26   0.4   0.0   5.8   0.4   5.4   16.16   ESE
-------------------------------------------------------------------------------------
    19.0  33.5     4    10.8    18    40.3  64.2 121.8   1.5  19.2    17     ESE

Max >=  32.0:  3
Max <=   0.0:  0
Min <=   0.0:  0
Min <= -18.0:  0
Max Rain: 43.61 ON 29/09/13
Days of Rain: 10 (> .2 mm) 8 (> 2 mm) 3 (> 20 mm)
Heat Base:  18.3  Cool Base:  18.3  Method: Integration