NOAA-Style Climate Reports

NOAA style reports

Select a Year or Month report
V/Λ2021 > Jan Feb Mar Apr May Jun Jul Aug Sep Oct Nov Dec
V/Λ2020 > Jan Feb Mar Apr May Jun Jul Aug Sep Oct Nov Dec
V/Λ2019 > Jan Feb Mar Apr May Jun Jul Aug Sep Oct Nov Dec
V/Λ2018 > Jan Feb Mar Apr May Jun Jul Aug Sep Oct Nov Dec
V/Λ2017 > Jan Feb Mar Apr May Jun Jul Aug Sep Oct Nov Dec
V/Λ2016 > Jan Feb Mar Apr May Jun Jul Aug Sep Oct Nov Dec
V/Λ2015 > Jan Feb Mar Apr May Jun Jul Aug Sep Oct Nov Dec
V/Λ2014 > Jan Feb Mar Apr May Jun Jul Aug Sep Oct Nov Dec
V/Λ2013 > Jan Feb Mar Apr May Jun Jul Aug Sep Oct Nov Dec
V/Λ2012 > Jan Feb Mar Apr May Jun Jul Aug Sep Oct Nov Dec

Report for 2013 Oct
                   MONTHLY CLIMATOLOGICAL SUMMARY for OCT. 2013

NAME: Gruppo Colle   CITY: Colle Bisenzio   STATE: PRATO - ITALY 
ELEV:   182 m  LAT:  43 59 29 N  LONG:  11 08 17 E

                   TEMPERATURE (░C), RAIN  (mm), WIND SPEED (m/s)

                                      HEAT  COOL        AVG
    MEAN                              DEG   DEG         WIND                 DOM
DAY TEMP  HIGH   TIME   LOW    TIME   DAYS  DAYS  RAIN  SPEED HIGH   TIME    DIR
------------------------------------------------------------------------------------
 1  18.4  23.8   13.56  11.8    5.16   0.9   1.0   0.0   0.6   4.0    3.58   ESE
 2  17.8  22.9   11.40  13.5   23.56   1.6   1.1   2.6   1.8   8.5   13.28   ESE
 3  15.2  20.7   14.27  11.1    4.57   3.4   0.4   0.0   2.7   8.5   11.20    NE
 4  16.0  20.3   14.55  12.5    1.09   2.5   0.2   0.0   1.8  16.1    7.21    NE
 5  14.1  15.9    0.01  12.9   23.33   4.2   0.0  43.8   1.8  10.7    4.58    NE
 6  15.4  18.9   12.02  12.8    0.57   2.8   0.0  11.6   2.8   8.5   13.10    NE
 7  16.2  18.3   10.06  14.3    3.27   2.1   0.0   5.8   2.1   5.8    9.31    NE
 8  16.6  20.0   13.44  14.3   23.59   1.8   0.2   0.0   2.7   8.9    9.31    NE
 9  16.4  21.6   13.32  14.1    6.15   2.0   0.2   0.8   1.0   4.5   23.39    NE
10  16.1  18.3   15.15  14.5    9.46   2.3   0.0  19.2   3.1  16.5   21.13     S
11  14.2  18.2   13.45   9.6    8.50   4.1   0.0   0.2   2.1  12.1    0.05     S
12  10.7  16.9   17.22   8.1   00.00   3.7   0.0   0.6   0.3   3.6   17.22    NE
13  11.8  19.5   13.34   7.2    3.34   6.5   0.1   0.0   0.8   6.3   13.36    NE
14  13.9  16.8   16.16  11.6    4.56   4.3   0.0   5.2   0.7   3.6    5.53    NE
15  15.6  18.9   14.00  13.1    1.31   2.7   0.0   1.0   1.3  10.7   17.21   SSE
16  16.6  22.8   16.24  11.2   23.58   2.5   0.7   7.8   1.3   8.9    1.10    NE
17  13.6  22.9   15.16   8.1    6.27   5.2   0.5   0.0   1.0   4.0    3.02    NE
18  14.4  22.2   15.14   9.6    4.47   4.4   0.6   0.2   1.0   5.4   14.11   NNE
19  14.5  20.9   13.48  11.4    8.04   2.4   0.2   0.0   0.5   4.0   13.06    NE
20  16.8  17.9   12.18  14.7   23.59   0.9   0.0  16.0   0.4   7.2   23.49    NE
21  15.4  18.0   15.42  14.1    1.33   2.8   0.0 104.0   1.1   5.4    5.27    NE
22  17.6  23.1   15.38  14.4   23.41   1.5   0.8   0.2   0.7   6.3   14.10    NE
23  17.3  19.7   19.04  13.9    1.52   1.4   0.4   0.2   0.9   4.5   20.50    NE
24  17.8  21.0   14.26  15.3    8.24   0.9   0.4  12.2   0.8   4.9   15.26    NE
25  17.7  23.4   16.05  14.3    8.12   1.5   0.9   0.0   0.6   5.4   15.13    NE
26  17.3  20.9   14.53  14.6   23.15   1.6   0.6   0.0   0.5   4.5   12.33    NE
27  17.3  19.7   14.09  14.3    2.53   1.4   0.3   0.2   2.0  10.3   18.31   SSW
28  19.2  22.3   14.53  17.8    5.18   0.1   1.0   0.0   2.1   8.9   13.04   SSE
29  18.8  21.9   14.49  15.5   23.49   0.5   0.9   0.0   0.8   7.6   13.52   SSW
30  17.0  22.3   12.12  13.4   23.58   2.1   0.7   0.0   1.6   7.6   15.26    NE
31  15.5  18.5   14.05  10.8   23.29   2.7   0.0   0.0   2.5   8.9   12.41    NE
-------------------------------------------------------------------------------------
    16.0  23.8     1     7.2    13    76.8  11.3 231.6   1.4  16.5    10      NE

Max >=  32.0:  0
Max <=   0.0:  0
Min <=   0.0:  0
Min <= -18.0:  0
Max Rain: 103.99 ON 21/10/13
Days of Rain: 18 (> .2 mm) 10 (> 2 mm) 2 (> 20 mm)
Heat Base:  18.3  Cool Base:  18.3  Method: Integration