NOAA-Style Climate Reports

NOAA style reports

Select a Year or Month report
V/Λ2021 > Jan Feb Mar Apr May Jun Jul Aug Sep Oct Nov Dec
V/Λ2020 > Jan Feb Mar Apr May Jun Jul Aug Sep Oct Nov Dec
V/Λ2019 > Jan Feb Mar Apr May Jun Jul Aug Sep Oct Nov Dec
V/Λ2018 > Jan Feb Mar Apr May Jun Jul Aug Sep Oct Nov Dec
V/Λ2017 > Jan Feb Mar Apr May Jun Jul Aug Sep Oct Nov Dec
V/Λ2016 > Jan Feb Mar Apr May Jun Jul Aug Sep Oct Nov Dec
V/Λ2015 > Jan Feb Mar Apr May Jun Jul Aug Sep Oct Nov Dec
V/Λ2014 > Jan Feb Mar Apr May Jun Jul Aug Sep Oct Nov Dec
V/Λ2013 > Jan Feb Mar Apr May Jun Jul Aug Sep Oct Nov Dec
V/Λ2012 > Jan Feb Mar Apr May Jun Jul Aug Sep Oct Nov Dec

Report for 2013 Nov
                   MONTHLY CLIMATOLOGICAL SUMMARY for NOV. 2013

NAME: Gruppo Colle   CITY: Colle Bisenzio   STATE: PRATO - ITALY 
ELEV:   182 m  LAT:  43 59 29 N  LONG:  11 08 17 E

                   TEMPERATURE (░C), RAIN  (mm), WIND SPEED (m/s)

                                      HEAT  COOL        AVG
    MEAN                              DEG   DEG         WIND                 DOM
DAY TEMP  HIGH   TIME   LOW    TIME   DAYS  DAYS  RAIN  SPEED HIGH   TIME    DIR
------------------------------------------------------------------------------------
 1  13.7  21.0   14.28   9.1    6.00   4.9   0.3   0.0   1.3   5.4    4.13   ENE
 2  14.9  17.2   13.46  12.4    2.49   3.3   0.0   9.2   1.2   8.9   19.44    NE
 3  17.4  20.2   14.36  15.6    0.01   1.1   0.3   0.0   5.0  18.3   14.47     S
 4  14.6  16.9   12.30  12.2   17.57   3.8   0.0  16.0   3.0  11.6    0.53     S
 5  13.7  18.3   12.32  10.8   00.00   4.6   0.0   7.8   0.5   4.5   11.05   SSE
 6  13.1  18.7   14.15   9.8    6.55   5.2   0.0   0.0   0.8   6.3   14.46   NNE
 7  14.5  19.7   14.47  10.2    0.01   3.4   0.0   0.0   0.9   7.2   12.33   NNE
 8  16.2  20.6   14.28  13.6    0.01   2.2   0.1   0.0   0.6   4.9    0.36   SSW
 9  16.7  19.1   12.58  14.1   23.59   1.7   0.0  17.4   5.1  19.2   18.11     S
10  12.8  14.6    3.02   9.5   00.00   5.5   0.0   0.8   4.2  18.3    3.15     S
11  10.7  13.3   16.03   7.4    6.19   7.6   0.0   2.2   8.0  20.6    9.18    NE
12  12.7  14.3   13.23  10.9    4.07   5.6   0.0   0.0   6.8  20.1   10.56    NE
13  14.7  17.8   12.38  11.9    6.37   3.6   0.0   0.0   4.6  13.0   18.14    NE
14  13.6  16.1   14.00  11.7   20.45   4.8   0.0   2.2   1.5   7.2    2.39    NE
15  11.9  13.8   11.40  10.6    8.01   6.4   0.0  16.4   1.7  12.1   23.40    NE
16  11.6  14.0   11.57   9.5   19.09   6.7   0.0   0.0   4.2  11.2   13.43    NE
17  10.8  13.6   13.27   7.8    6.24   7.4   0.0   0.0   2.0   6.3    1.53    NE
18  12.3  15.8   13.12   9.3    0.07   5.5   0.0   0.0   2.1   6.3   21.10    NE
19  11.3  14.9   14.40   7.9   23.52   6.6   0.0   2.8   1.1   6.3    5.18    NE
20   8.9  12.5   14.08   6.3    4.23   9.4   0.0   2.2   2.8  14.3   14.58     S
21   5.9   9.3    0.01   3.9   22.57  12.4   0.0  64.2   1.9  17.0   18.58     S
22   6.8  10.8   13.44   3.6    6.13  11.4   0.0   4.0   1.9   8.9   21.56    NE
23   6.7   7.9   11.48   3.9   23.57  11.6   0.0   0.2   2.2  10.3    2.51    NE
24   8.2  10.7   13.17   3.9    0.01  10.1   0.0   0.0   2.7   8.9   10.52    NE
25   6.5  11.3   12.17   1.8   00.00  11.7   0.0   0.0   2.5  11.6   11.14    NE
26   3.3   7.0   14.49  -1.5    3.27  15.0   0.0   0.0   2.9  12.1    9.15    NE
27   3.8   5.1   22.09   1.1    3.25  14.4   0.0   0.0   4.5  13.0   14.11    NE
28   4.7   8.3   13.45   1.2   23.55  13.0   0.0   0.0   3.1   9.4    1.48    NE
29   2.8  11.1   14.20  -0.9   23.32  15.1   0.0   0.0   1.6   5.4    5.29    NE
30   4.4   9.3   13.16  -0.9    0.06  13.9   0.0   0.0   2.8  12.5   23.05    NE
-------------------------------------------------------------------------------------
    10.6  21.0     1    -1.5    26   228.3   0.8 145.4   2.8  20.6    11      NE

Max >=  32.0:  0
Max <=   0.0:  0
Min <=   0.0:  3
Min <= -18.0:  0
Max Rain: 64.21 ON 21/11/13
Days of Rain: 13 (> .2 mm) 11 (> 2 mm) 1 (> 20 mm)
Heat Base:  18.3  Cool Base:  18.3  Method: Integration