NOAA-Style Climate Reports

NOAA style reports

Select a Year or Month report
V/Λ2021 > Jan Feb Mar Apr May Jun Jul Aug Sep Oct Nov Dec
V/Λ2020 > Jan Feb Mar Apr May Jun Jul Aug Sep Oct Nov Dec
V/Λ2019 > Jan Feb Mar Apr May Jun Jul Aug Sep Oct Nov Dec
V/Λ2018 > Jan Feb Mar Apr May Jun Jul Aug Sep Oct Nov Dec
V/Λ2017 > Jan Feb Mar Apr May Jun Jul Aug Sep Oct Nov Dec
V/Λ2016 > Jan Feb Mar Apr May Jun Jul Aug Sep Oct Nov Dec
V/Λ2015 > Jan Feb Mar Apr May Jun Jul Aug Sep Oct Nov Dec
V/Λ2014 > Jan Feb Mar Apr May Jun Jul Aug Sep Oct Nov Dec
V/Λ2013 > Jan Feb Mar Apr May Jun Jul Aug Sep Oct Nov Dec
V/Λ2012 > Jan Feb Mar Apr May Jun Jul Aug Sep Oct Nov Dec

Report for 2014
                            ANNUAL CLIMATOLOGICAL SUMMARY

NAME: Gruppo Colle  CITY: Colle Bisenzio   STATE: PRATO - ITALY  
ELEV:   182 m  LAT:  43 59 29 N  LONG:  11 08 17 E

               TEMPERATURE (░C), HEAT BASE 18.3, COOL BASE 18.3
                          DEP.  HEAT  COOL                                          
        MEAN  MEAN        FROM  DEG   DEG                        MAX  MAX  MIN  MIN 
 YR MO  MAX   MIN   MEAN  NORM  DAYS  DAYS  HI  DATE  LOW  DATE  >=32 <=0  <=0  <=-18 
------------------------------------------------------------------------------------
 14  1  11.3   5.2   7.8   0.0   324     0  15.8  12  -1.3   29    0    0    4    0
 14  2  13.0   6.1   9.1   0.0   257     0  18.5  18   1.5   25    0    0    0    0
 14  3  15.9   6.4  11.1   0.0   220     4  23.3  20   1.4   25    0    0    0    0
 14  4  18.9   8.6  13.6   0.0   146     8  25.6   7   2.8   17    0    0    0    0
 14  5  22.3  10.0  15.9   0.0   103    30  28.3  21   6.4    5    0    0    0    0
 14  6  28.1  14.9  21.3   0.0    24   105  35.2  11   8.1    1    6    0    0    0
 14  7  27.7  16.9  22.2   0.0     9   111  33.7  19  13.0   10    5    0    0    0
 14  8  27.6  15.9  21.2   0.0    21   109  31.4  29  10.9   18    0    0    0    0
 14  9  24.8  14.4  18.9   0.0    40    55  28.4   6   8.7   24    0    0    0    0
 14 10  21.8  12.6  16.5   0.0    72    27  26.8  10   4.3   23    0    0    0    0
 14 11  16.2  10.0  13.2   0.0   112     1  21.9   1   4.4   20    0    0    0    0
 14 12  10.7   5.2   7.8   0.0   207     0  17.6   1  -2.8   29    0    0    6    0
------------------------------------------------------------------------------------
        20.2  10.7  15.1   0.0  1534   449  35.2 JUN  -2.8  DEC   11    0   10    0

                                PRECIPITATION (mm)

               DEP.   MAX        DAYS OF RAIN 
               FROM   OBS.          OVER
 YR MO  TOTAL  NORM   DAY  DATE  .2   2   20
---------------------------------------------
 14  1 388.4    0.0  77.8   30   23   15    6
 14  2 290.2    0.0  91.2   10   22   18    4
 14  3  80.4    0.0  40.2   23    9    5    2
 14  4  66.8    0.0  26.8   19   14    7    1
 14  5  54.6    0.0  20.4    2   14    5    1
 14  6  91.2    0.0  61.8   25    6    4    1
 14  7 144.6    0.0  48.0   30   12    8    4
 14  8   9.6    0.0   3.4    3    6    2    0
 14  9 164.0    0.0  39.8   22   12    8    4
 14 10 104.0    0.0  34.8   15   15    5    1
 14 11 206.4    0.0  51.6    5   21   12    3
 14 12  57.2    0.0  29.6   27    8    5    1
---------------------------------------------
      1657.4   0.0  91.2  FEB  162   94   28

                                WIND SPEED (m/s)
                          DOM
 YR MO   AVG.  HI   DATE  DIR
---------------------------------
 14  1   1.2  18.3    4    NE
 14  2   1.6  16.5   13    NE
 14  3   2.3  15.6    8    NE
 14  4   1.6  12.5   14    NE
 14  5   1.7  17.0   11    NE
 14  6   1.6  14.8   25    NE
 14  7   1.3  13.0    8    NE
 14  8   1.5  16.1   13    NE
 14  9   1.5  16.1    1    NE
 14 10   1.6  15.2   17    NE
 14 11   0.7  13.9    4    NE
 14 12   1.3  15.6   31   NNE
---------------------------------
         1.5  18.3  JAN   NE