NOAA-Style Climate Reports

NOAA style reports

Select a Year or Month report
V/Λ2021 > Jan Feb Mar Apr May Jun Jul Aug Sep Oct Nov Dec
V/Λ2020 > Jan Feb Mar Apr May Jun Jul Aug Sep Oct Nov Dec
V/Λ2019 > Jan Feb Mar Apr May Jun Jul Aug Sep Oct Nov Dec
V/Λ2018 > Jan Feb Mar Apr May Jun Jul Aug Sep Oct Nov Dec
V/Λ2017 > Jan Feb Mar Apr May Jun Jul Aug Sep Oct Nov Dec
V/Λ2016 > Jan Feb Mar Apr May Jun Jul Aug Sep Oct Nov Dec
V/Λ2015 > Jan Feb Mar Apr May Jun Jul Aug Sep Oct Nov Dec
V/Λ2014 > Jan Feb Mar Apr May Jun Jul Aug Sep Oct Nov Dec
V/Λ2013 > Jan Feb Mar Apr May Jun Jul Aug Sep Oct Nov Dec
V/Λ2012 > Jan Feb Mar Apr May Jun Jul Aug Sep Oct Nov Dec

Report for 2014 Aug
                   MONTHLY CLIMATOLOGICAL SUMMARY for AUG. 2014

NAME: Gruppo Colle   CITY: Colle Bisenzio   STATE: PRATO - ITALY 
ELEV:   182 m  LAT:  43 59 29 N  LONG:  11 08 17 E

                   TEMPERATURE (░C), RAIN  (mm), WIND SPEED (m/s)

                                      HEAT  COOL        AVG
    MEAN                              DEG   DEG         WIND                 DOM
DAY TEMP  HIGH   TIME   LOW    TIME   DAYS  DAYS  RAIN  SPEED HIGH   TIME    DIR
------------------------------------------------------------------------------------
 1  22.3  28.8   16.40  18.0    2.46   0.0   3.7   0.0   1.2   7.6   17.00    NE
 2  22.3  28.8   17.56  17.3    6.40   0.1   4.1   0.0   1.3   8.5   15.02    NE
 3  21.1  27.6   15.07  16.9    6.17   0.2   2.9   3.4   1.1   8.9   16.49    NE
 4  22.3  28.7   16.54  18.0    2.25   0.0   4.1   0.0   1.3   7.2   18.00    NE
 5  22.2  29.3   14.40  18.1   23.58   0.0   3.9   0.0   0.6   5.8   10.38    NE
 6  22.3  30.5   15.45  16.3    4.42   0.4   4.5   0.0   0.9   6.7   10.37    NE
 7  22.3  30.9   16.16  15.8    6.35   0.5   4.5   0.0   0.9   4.9   13.36    NE
 8  22.9  30.8   17.14  15.1    6.12   0.6   5.1   0.0   1.0   6.3   14.28    NE
 9  22.3  28.7   16.51  15.8    5.55   0.4   4.3   0.0   1.4   8.0   12.58    SE
10  23.6  31.2   17.43  17.2    6.29   0.1   5.4   0.0   1.1   6.7   15.44    NE
11  23.7  30.0   16.37  17.1    6.09   0.2   5.5   0.0   1.5   7.2   15.39     S
12  24.3  29.6   15.41  20.1    2.14   0.0   6.0   0.0   1.4  10.3   21.41    NE
13  24.1  27.7   14.59  21.9   21.45   0.0   5.7   0.6   2.8  16.1   15.22     S
14  19.8  23.1   15.59  16.9   23.54   0.2   1.5   0.0   1.7   9.4   11.32    NE
15  19.2  24.1   14.07  15.3    2.35   1.0   1.9   0.0   2.2  11.6   12.50    NE
16  17.6  23.2   16.03  13.1   23.59   1.5   0.9   0.4   1.0   8.5   12.48    NE
17  18.6  27.3   16.20  11.2    4.52   2.5   2.8   0.0   1.4   5.8   10.39    NE
18  17.6  25.3   16.40  10.9    6.09   2.7   2.0   0.0   1.6  10.3   13.25    NE
19  19.4  26.7   16.22  13.6    3.05   1.5   2.6   0.0   1.1   7.6   15.58    NE
20  23.8  27.7   15.00  17.6    1.54   0.1   3.9   1.8   1.7   8.9   16.17     S
21  20.7  26.2   15.14  14.5   23.57   0.4   2.8   0.0   1.9  11.2   12.20     S
22  18.3  25.7   15.40  11.6    6.32   2.2   2.2   0.0   1.5  10.3   12.32    NE
23  18.7  22.6   16.04  15.8    5.20   0.8   1.1   2.4   0.8   5.8   17.26    NE
24  19.7  25.3   14.09  14.9    6.00   1.0   2.5   0.0   1.6   8.9   13.09     S
25  19.2  25.6   15.16  13.8    7.16   1.4   2.3   0.0   1.6   8.5   17.12    NE
26  19.3  25.2   17.38  14.5    2.12   1.2   2.1   0.0   2.0  11.6   16.28     S
27  22.6  26.7   14.36  17.4   23.59   0.0   3.9   1.0   2.7  12.1    9.00     S
28  21.9  27.9   15.53  16.8    6.47   0.3   3.9   0.0   2.2   7.6   14.05    NE
29  22.6  31.4   16.02  16.4    6.47   0.3   4.3   0.0   1.3   5.8   13.20    NE
30  22.1  29.4   15.31  15.6    6.42   0.6   4.3   0.0   1.0   5.4   12.20    NE
31  21.9  28.1   15.24  15.7    6.44   0.5   4.0   0.0   1.8   7.6   12.42     S
-------------------------------------------------------------------------------------
    21.2  31.4    29    10.9    18    20.8 108.8   9.6   1.5  16.1    13      NE

Max >=  32.0:  0
Max <=   0.0:  0
Min <=   0.0:  0
Min <= -18.0:  0
Max Rain: 3.40 ON 03/08/14
Days of Rain: 6 (> .2 mm) 2 (> 2 mm) 0 (> 20 mm)
Heat Base:  18.3  Cool Base:  18.3  Method: Integration