NOAA-Style Climate Reports

NOAA style reports

Select a Year or Month report
V/Λ2021 > Jan Feb Mar Apr May Jun Jul Aug Sep Oct Nov Dec
V/Λ2020 > Jan Feb Mar Apr May Jun Jul Aug Sep Oct Nov Dec
V/Λ2019 > Jan Feb Mar Apr May Jun Jul Aug Sep Oct Nov Dec
V/Λ2018 > Jan Feb Mar Apr May Jun Jul Aug Sep Oct Nov Dec
V/Λ2017 > Jan Feb Mar Apr May Jun Jul Aug Sep Oct Nov Dec
V/Λ2016 > Jan Feb Mar Apr May Jun Jul Aug Sep Oct Nov Dec
V/Λ2015 > Jan Feb Mar Apr May Jun Jul Aug Sep Oct Nov Dec
V/Λ2014 > Jan Feb Mar Apr May Jun Jul Aug Sep Oct Nov Dec
V/Λ2013 > Jan Feb Mar Apr May Jun Jul Aug Sep Oct Nov Dec
V/Λ2012 > Jan Feb Mar Apr May Jun Jul Aug Sep Oct Nov Dec

Report for 2015
                            ANNUAL CLIMATOLOGICAL SUMMARY

NAME: Gruppo Colle  CITY: Colle Bisenzio   STATE: PRATO - ITALY  
ELEV:   182 m  LAT:  43 59 29 N  LONG:  11 08 17 E

               TEMPERATURE (░C), HEAT BASE 18.3, COOL BASE 18.3
                          DEP.  HEAT  COOL                                          
        MEAN  MEAN        FROM  DEG   DEG                        MAX  MAX  MIN  MIN 
 YR MO  MAX   MIN   MEAN  NORM  DAYS  DAYS  HI  DATE  LOW  DATE  >=32 <=0  <=0  <=-18 
------------------------------------------------------------------------------------
 15  1  10.6   2.6   6.4   0.0   362     0  14.6   4  -2.7   28    0    0    9    0
 15  2  10.4   2.8   6.1   0.0   339     0  18.2  11  -1.9    8    0    0    5    0
 15  3  14.3   5.5   9.9   0.0   238     0  19.8  19   0.8   13    0    0    0    0
 15  4  18.6   7.9  13.5   0.0   112     8  23.5  12   0.4    7    0    0    0    0
 15  5  23.0  11.6  17.0   0.0    82    43  29.9  18   8.9   25    0    0    0    0
 15  6  28.7  15.3  21.6   0.0    22   117  33.8   6  11.3    1    2    0    0    0
 15  7  33.3  19.5  26.2   0.0     0   239  37.4  21  16.3   11   21    0    0    0
 15  8  31.2  17.1  23.5   0.0    10   172  37.1   9  13.2   26   15    0    0    0
 15  9  24.3  14.1  18.9   0.0    44    57  30.8   1  10.8   20    0    0    0    0
 15 10  18.5  11.3  14.4   0.0   126     6  23.7   5   7.7   25    0    0    0    0
 15 11  15.1   6.9  10.6   0.0   232     1  20.1   8  -0.3   28    0    0    1    0
 15 12  11.9   4.6   7.9   0.0   323     0  15.1   2  -0.2   28    0    0    1    0
------------------------------------------------------------------------------------
        20.1  10.0  14.7   0.0  1890   642  37.4 JUL  -2.7  JAN   38    0   16    0

                                PRECIPITATION (mm)

               DEP.   MAX        DAYS OF RAIN 
               FROM   OBS.          OVER
 YR MO  TOTAL  NORM   DAY  DATE  .2   2   20
---------------------------------------------
 15  1 101.4    0.0  55.8   30    9    4    2
 15  2  82.0    0.0  43.4    5   11    8    1
 15  3  96.8    0.0  26.4   25   10    7    1
 15  4  99.2    0.0  29.2   27    8    5    2
 15  5  68.2    0.0  26.0   15   11    8    1
 15  6  47.4    0.0  17.0   24    9    5    0
 15  7   4.2    0.0   4.2   25    1    1    0
 15  8 129.4    0.0  40.8    9    8    6    3
 15  9  48.4    0.0  25.6   23    4    3    1
 15 10 338.0    0.0  72.0   14   19   12    6
 15 11  56.4    0.0  43.8   21    7    4    1
 15 12  17.4    0.0  10.8   13   15    1    0
---------------------------------------------
      1088.8   0.0  72.0  OCT  112   64   18

                                WIND SPEED (m/s)
                          DOM
 YR MO   AVG.  HI   DATE  DIR
---------------------------------
 15  1   1.9  17.0   30   NNE
 15  2   2.4  17.4   25   NNE
 15  3   2.4  21.0    5   NNE
 15  4   1.5  17.0    7   NNE
 15  5   1.6  14.8    1   NNE
 15  6   1.4  13.4   15    NE
 15  7   1.8  14.8   27   NNE
 15  8   1.5  17.9    9   NNE
 15  9   2.0  16.1    5   NNE
 15 10   1.8  15.6   22   NNE
 15 11   1.7  22.4   21   NNE
 15 12   0.8  11.2   30   NNE
---------------------------------
         1.7  22.4  NOV  NNE