NOAA-Style Climate Reports

NOAA style reports

Select a Year or Month report
V/Λ2021 > Jan Feb Mar Apr May Jun Jul Aug Sep Oct Nov Dec
V/Λ2020 > Jan Feb Mar Apr May Jun Jul Aug Sep Oct Nov Dec
V/Λ2019 > Jan Feb Mar Apr May Jun Jul Aug Sep Oct Nov Dec
V/Λ2018 > Jan Feb Mar Apr May Jun Jul Aug Sep Oct Nov Dec
V/Λ2017 > Jan Feb Mar Apr May Jun Jul Aug Sep Oct Nov Dec
V/Λ2016 > Jan Feb Mar Apr May Jun Jul Aug Sep Oct Nov Dec
V/Λ2015 > Jan Feb Mar Apr May Jun Jul Aug Sep Oct Nov Dec
V/Λ2014 > Jan Feb Mar Apr May Jun Jul Aug Sep Oct Nov Dec
V/Λ2013 > Jan Feb Mar Apr May Jun Jul Aug Sep Oct Nov Dec
V/Λ2012 > Jan Feb Mar Apr May Jun Jul Aug Sep Oct Nov Dec

Report for 2015 Jan
                   MONTHLY CLIMATOLOGICAL SUMMARY for JAN. 2015

NAME: Gruppo Colle   CITY: Colle Bisenzio   STATE: PRATO - ITALY 
ELEV:   182 m  LAT:  43 59 29 N  LONG:  11 08 17 E

                   TEMPERATURE (░C), RAIN  (mm), WIND SPEED (m/s)

                                      HEAT  COOL        AVG
    MEAN                              DEG   DEG         WIND                 DOM
DAY TEMP  HIGH   TIME   LOW    TIME   DAYS  DAYS  RAIN  SPEED HIGH   TIME    DIR
------------------------------------------------------------------------------------
 1   3.9   7.3   19.47   0.1    4.09  14.4   0.0   0.0   3.9  11.6    9.13   NNE
 2   5.1  10.8   14.21   1.2    8.06  13.3   0.0   0.0   1.3   6.7    5.15   NNE
 3   6.8   9.8   19.59   3.1    0.21  11.4   0.0   0.0   1.7   8.9   19.51   SSE
 4   8.8  14.6   14.20   1.9   22.37   9.5   0.0   0.0   1.2   6.7    0.56   NNW
 5   3.7  11.3   14.28  -0.7    7.34  14.6   0.0   0.0   1.0   8.0   15.47   NNW
 6   3.3  11.7   13.48  -0.9    6.40  15.0   0.0   0.0   0.8   4.0   14.04   NNW
 7   5.8  10.1   14.45   1.7    7.18  12.5   0.0   0.0   0.7   4.0    9.11     N
 8   7.6  11.8   13.43   4.6    5.37  10.7   0.0   0.0   1.0   5.8   14.25     N
 9   9.5  11.5   13.07   6.1    6.57   8.6   0.0   0.0   2.4   9.4   21.55   SSE
10  10.3  11.4   23.12   9.1    5.23   8.0   0.0   0.0   1.8   9.4    1.16   SSE
11   9.7  13.0   15.08   3.2   22.08   7.5   0.0   0.0   2.3  11.6   12.23   SSE
12   5.3  11.8   14.58   0.7    4.23  11.6   0.0   0.0   1.1   7.2   12.49     N
13   5.9  12.5   15.08   0.7    0.44  12.4   0.0   0.0   0.9   6.7   14.49   NNE
14   8.5  10.9   21.24   5.3    0.01   9.8   0.0   1.0   1.4  10.3   14.34   SSE
15   9.6  11.5   16.00   7.0   23.14   8.7   0.0   0.0   1.4   7.6    3.34   SSE
16  10.1  12.3   00.00   7.2    0.01   8.3   0.0   1.4   1.1  10.3   23.59   NNE
17  11.0  12.9    6.22   8.6   23.57   7.3   0.0   6.6   5.4  15.2   13.36   SSE
18   6.3  11.9   13.30   0.9   23.58  12.0   0.0   0.0   1.5   7.2   15.05     N
19   3.7  10.6   13.57  -0.1    5.14  14.1   0.0   0.0   1.2   4.5   12.13    NE
20   6.4  10.6   13.03   2.8    1.01  11.5   0.0   0.0   2.1   6.3   14.28   NNE
21   7.7  11.2   13.04   5.7    6.32  10.5   0.0   6.8   1.0   4.9   10.29   NNE
22   8.2  10.2   14.21   7.3    3.51  10.1   0.0   1.6   2.2   9.4   23.46   NNE
23   9.1  10.5   13.33   7.4    2.49   9.2   0.0   0.0   5.5  14.3    9.01   NNE
24   8.9  12.5   14.32   4.4   23.43   9.4   0.0   0.0   2.6  13.9    0.22   NNE
25   6.4   9.1   13.34   2.7    2.48  11.9   0.0   0.2   2.5   9.4   14.11   NNE
26   5.3   8.4   13.35  -0.2   23.14  13.0   0.0   0.0   3.2  11.2   11.27   NNE
27   2.2   8.4   15.48  -1.6    3.20  14.6   0.0   0.0   1.0   7.6   18.10   NNE
28   2.0   9.4   15.16  -2.7    4.52  16.3   0.0   0.0   1.5   8.9   11.34     N
29   0.3   6.3   00.00  -2.4    1.45  18.0   0.0  27.4   0.7   8.9   23.33   NNE
30   5.0   9.3    6.47  -0.9   22.02  11.5   0.0  55.8   2.4  17.0    7.06   SSE
31   2.2   6.3   11.57  -1.2    6.33  16.0   0.0   0.6   0.8   4.9   10.22   NNE
-------------------------------------------------------------------------------------
     6.4  14.6     4    -2.7    28   361.6   0.0 101.4   1.9  17.0    30     NNE

Max >=  32.0:  0
Max <=   0.0:  0
Min <=   0.0:  9
Min <= -18.0:  0
Max Rain: 55.80 ON 30/01/15
Days of Rain: 9 (> .2 mm) 4 (> 2 mm) 2 (> 20 mm)
Heat Base:  18.3  Cool Base:  18.3  Method: Integration