NOAA-Style Climate Reports

NOAA style reports

Select a Year or Month report
V/Λ2021 > Jan Feb Mar Apr May Jun Jul Aug Sep Oct Nov Dec
V/Λ2020 > Jan Feb Mar Apr May Jun Jul Aug Sep Oct Nov Dec
V/Λ2019 > Jan Feb Mar Apr May Jun Jul Aug Sep Oct Nov Dec
V/Λ2018 > Jan Feb Mar Apr May Jun Jul Aug Sep Oct Nov Dec
V/Λ2017 > Jan Feb Mar Apr May Jun Jul Aug Sep Oct Nov Dec
V/Λ2016 > Jan Feb Mar Apr May Jun Jul Aug Sep Oct Nov Dec
V/Λ2015 > Jan Feb Mar Apr May Jun Jul Aug Sep Oct Nov Dec
V/Λ2014 > Jan Feb Mar Apr May Jun Jul Aug Sep Oct Nov Dec
V/Λ2013 > Jan Feb Mar Apr May Jun Jul Aug Sep Oct Nov Dec
V/Λ2012 > Jan Feb Mar Apr May Jun Jul Aug Sep Oct Nov Dec

Report for 2015 Feb
                   MONTHLY CLIMATOLOGICAL SUMMARY for FEB. 2015

NAME: Gruppo Colle   CITY: Colle Bisenzio   STATE: PRATO - ITALY 
ELEV:   182 m  LAT:  43 59 29 N  LONG:  11 08 17 E

                   TEMPERATURE (░C), RAIN  (mm), WIND SPEED (m/s)

                                      HEAT  COOL        AVG
    MEAN                              DEG   DEG         WIND                 DOM
DAY TEMP  HIGH   TIME   LOW    TIME   DAYS  DAYS  RAIN  SPEED HIGH   TIME    DIR
------------------------------------------------------------------------------------
 1   3.3   7.5   14.53   0.1   23.59  14.7   0.0   2.2   0.9   6.3   15.45     N
 2   2.4   8.7   14.38  -1.4    6.51  15.9   0.0   0.2   0.9   7.6   19.28    NE
 3   2.7   5.2   00.00   0.1    2.36  15.3   0.0   6.2   1.4   6.3   23.57   NNE
 4   6.3   7.8   11.47   5.3    0.01  11.6   0.0   0.4   3.8  11.2    4.55   NNE
 5   4.3   5.9    0.01   2.6   12.51  13.9   0.0  43.4   3.3  10.7   23.52    NE
 6   4.3   5.8   15.18   1.6    8.20  14.0   0.0   0.0   5.4  15.6    6.38   NNE
 7   4.1   5.4   13.50   1.3   00.00  14.2   0.0   0.0   4.9  11.6   12.36   NNE
 8   3.4  10.4   15.19  -1.9    8.01  14.8   0.0   0.0   1.3   9.8   18.14   NNE
 9   2.8   8.3   12.33  -1.4    7.56  15.5   0.0   0.0   1.5   9.4   14.46   NNE
10   3.9  13.2   15.34  -1.7    7.06  14.3   0.0   0.0   0.8   4.9   13.23     N
11   6.9  18.2   14.36   0.6    3.45  11.4   0.0   0.0   0.8   5.4   14.53     N
12   7.2  15.8   15.10   1.7    8.02  11.2   0.0   0.0   1.1   4.5   12.53    NE
13   5.6  12.6   14.18   0.8    6.38  12.4   0.0   0.2   1.1   5.8   13.00     N
14   7.2  11.1   13.20   4.5    0.09  11.1   0.0   7.2   0.4   3.6   12.34   NNE
15   7.3   9.0   15.08   6.4    6.42  11.0   0.0   4.2   0.5   3.6   21.42   NNE
16   9.6  11.1   12.04   6.5    3.07   8.7   0.0   0.0   3.9  10.7   10.20   NNE
17   9.9  12.2   13.07   8.6    4.54   8.4   0.0   0.0   4.6  11.2   11.49   NNE
18   7.3   9.4   14.30   4.7   23.45  11.0   0.0   0.0   5.1  14.3    9.20   NNE
19   5.1  13.3   15.36   0.1   23.58  13.1   0.0   0.0   1.6   5.8   13.44   NNE
20   4.4  11.3   15.39  -1.7    6.42  13.3   0.0   0.0   1.3   8.0   16.02     N
21   5.6   8.6   11.32   3.3    5.13  12.8   0.0   9.8   0.6   6.3   10.53   NNE
22   7.6  10.2   12.41   4.6    0.51  10.7   0.0   5.6   3.3  13.9   14.03   NNE
23  10.4  14.3   12.14   7.6   23.29   7.9   0.0   0.0   2.0  10.7    1.28   NNE
24   7.4   9.1   15.01   5.0    3.13  10.7   0.0   2.6   2.4  12.1   21.58   NNE
25   7.8   9.2   14.33   5.9    6.32  10.5   0.0   0.0   6.0  17.4    4.08   NNE
26   8.7   9.9   14.19   7.8    7.33   9.6   0.0   0.0   4.5  11.2    6.04   NNE
27   8.0  13.2   12.45   3.9   00.00  10.3   0.0   0.0   1.9   7.6   15.22   NNE
28   7.8  14.7   13.57   2.2    5.34  10.5   0.0   0.0   1.8   6.7   10.52   NNE
-------------------------------------------------------------------------------------
     6.1  18.2    11    -1.9     8   338.8   0.0  82.0   2.4  17.4    25     NNE

Max >=  32.0:  0
Max <=   0.0:  0
Min <=   0.0:  5
Min <= -18.0:  0
Max Rain: 43.41 ON 05/02/15
Days of Rain: 11 (> .2 mm) 8 (> 2 mm) 1 (> 20 mm)
Heat Base:  18.3  Cool Base:  18.3  Method: Integration