NOAA-Style Climate Reports

NOAA style reports

Select a Year or Month report
V/Λ2021 > Jan Feb Mar Apr May Jun Jul Aug Sep Oct Nov Dec
V/Λ2020 > Jan Feb Mar Apr May Jun Jul Aug Sep Oct Nov Dec
V/Λ2019 > Jan Feb Mar Apr May Jun Jul Aug Sep Oct Nov Dec
V/Λ2018 > Jan Feb Mar Apr May Jun Jul Aug Sep Oct Nov Dec
V/Λ2017 > Jan Feb Mar Apr May Jun Jul Aug Sep Oct Nov Dec
V/Λ2016 > Jan Feb Mar Apr May Jun Jul Aug Sep Oct Nov Dec
V/Λ2015 > Jan Feb Mar Apr May Jun Jul Aug Sep Oct Nov Dec
V/Λ2014 > Jan Feb Mar Apr May Jun Jul Aug Sep Oct Nov Dec
V/Λ2013 > Jan Feb Mar Apr May Jun Jul Aug Sep Oct Nov Dec
V/Λ2012 > Jan Feb Mar Apr May Jun Jul Aug Sep Oct Nov Dec

Report for 2015 Mar
                   MONTHLY CLIMATOLOGICAL SUMMARY for MAR. 2015

NAME: Gruppo Colle   CITY: Colle Bisenzio   STATE: PRATO - ITALY 
ELEV:   182 m  LAT:  43 59 29 N  LONG:  11 08 17 E

                   TEMPERATURE (░C), RAIN  (mm), WIND SPEED (m/s)

                                      HEAT  COOL        AVG
    MEAN                              DEG   DEG         WIND                 DOM
DAY TEMP  HIGH   TIME   LOW    TIME   DAYS  DAYS  RAIN  SPEED HIGH   TIME    DIR
------------------------------------------------------------------------------------
 1   6.6  11.8   14.39   0.9    6.52  11.7   0.0   1.4   2.0   9.4   14.40   SSE
 2  10.5  12.9   18.46   8.0    0.49   7.8   0.0  11.2   3.7  15.6   15.00   SSE
 3  10.8  18.2   14.38   5.0    7.23   7.5   0.0   0.0   1.3   6.3   16.56   NNE
 4   8.4   9.8   13.14   6.6   22.48   9.9   0.0  12.6   1.2  10.3   23.45   NNE
 5   7.4   9.3   17.16   3.8    3.18  10.9   0.0   0.0   7.3  21.0   12.08   NNE
 6   8.0  10.7   13.41   5.9    7.08  10.3   0.0   0.0   5.3  16.1    4.43   NNE
 7   7.9  11.1   14.41   3.5    5.42  10.4   0.0   0.0   4.7  15.2   11.01   NNE
 8   8.1  10.9   15.15   6.2    7.04  10.2   0.0   0.0   5.6  15.6    7.52   NNE
 9   7.6  11.2   13.07   3.9   22.27  10.7   0.0   0.0   3.5  11.6    9.11   NNE
10   8.8  16.3   14.47   2.2    5.26   6.5   0.0   0.0   1.9   8.9   15.11   NNE
11   9.4  12.9   12.55   2.5    6.54   5.5   0.0   0.0   0.9   7.2   13.26   SSE
12   8.5  13.0   14.33   2.6   23.51   9.8   0.0   0.0   3.0  13.0   12.47   NNE
13   7.0  14.3   15.54   0.8    6.50  11.3   0.0   0.0   1.7   8.0   15.15     N
14   8.1  14.8   12.21   2.2    4.56  10.2   0.0   0.0   1.2   6.3   12.42    NE
15   8.4  12.5   12.50   5.1    3.33   9.9   0.0   3.6   1.9   9.4   10.11   NNE
16   8.3   9.9   16.08   7.3    5.37   4.7   0.0  12.8   0.4   4.9   23.20   NNE
17  10.6  13.3   15.47   8.2    6.26   7.3   0.0   9.8   2.7  10.3   12.07   NNE
18  10.9  16.6   15.09   6.0    6.11   7.3   0.0   0.0   2.3   9.4    9.29   NNE
19  11.0  19.8   14.59   4.4    6.57   7.4   0.1   0.0   1.3   5.4   10.26    NE
20  11.1  18.9   14.18   4.3    6.00   7.2   0.0   0.0   1.2   7.2   17.20     N
21   9.3  14.8   13.18   4.3    5.03   7.4   0.0   0.0   1.0   5.8   13.54     N
22  10.7  13.4   15.13   8.3    6.25   7.6   0.0   0.0   3.2  11.2   13.41   NNE
23  12.6  17.1   14.44   8.1   22.42   5.5   0.0   0.0   3.5  11.6    0.27   NNE
24  13.2  16.3   14.07   8.7    9.01   1.7   0.0   0.0   0.5   4.0   18.06   NNE
25  12.8  14.3    8.55   9.8   23.28   3.6   0.0  26.4   2.5  13.0    8.05   NNE
26  12.1  15.3   16.08   8.1   23.57   4.6   0.0  18.2   0.6  11.6    2.39   NNE
27  10.1  13.3   15.14   7.2    1.38   7.9   0.0   0.4   2.4  12.1   16.05   NNE
28  11.7  18.6   15.37   5.3   00.00   6.5   0.0   0.0   2.5  11.2   11.05   NNE
29  11.3  18.1   15.26   3.3    7.20   6.7   0.0   0.0   1.9  10.3   16.06   SSE
30  12.2  15.6   16.29   8.4    2.47   5.6   0.0   0.0   1.7   8.9   15.07   SSE
31  13.1  18.4   14.05   8.2    3.03   4.6   0.0   0.4   2.8  16.1   14.27   SSE
-------------------------------------------------------------------------------------
     9.9  19.8    19     0.8    13   238.3   0.1  96.8   2.4  21.0     5     NNE

Max >=  32.0:  0
Max <=   0.0:  0
Min <=   0.0:  0
Min <= -18.0:  0
Max Rain: 26.39 ON 25/03/15
Days of Rain: 10 (> .2 mm) 7 (> 2 mm) 1 (> 20 mm)
Heat Base:  18.3  Cool Base:  18.3  Method: Integration