NOAA-Style Climate Reports

NOAA style reports

Select a Year or Month report
V/Λ2021 > Jan Feb Mar Apr May Jun Jul Aug Sep Oct Nov Dec
V/Λ2020 > Jan Feb Mar Apr May Jun Jul Aug Sep Oct Nov Dec
V/Λ2019 > Jan Feb Mar Apr May Jun Jul Aug Sep Oct Nov Dec
V/Λ2018 > Jan Feb Mar Apr May Jun Jul Aug Sep Oct Nov Dec
V/Λ2017 > Jan Feb Mar Apr May Jun Jul Aug Sep Oct Nov Dec
V/Λ2016 > Jan Feb Mar Apr May Jun Jul Aug Sep Oct Nov Dec
V/Λ2015 > Jan Feb Mar Apr May Jun Jul Aug Sep Oct Nov Dec
V/Λ2014 > Jan Feb Mar Apr May Jun Jul Aug Sep Oct Nov Dec
V/Λ2013 > Jan Feb Mar Apr May Jun Jul Aug Sep Oct Nov Dec
V/Λ2012 > Jan Feb Mar Apr May Jun Jul Aug Sep Oct Nov Dec

Report for 2015 May
                   MONTHLY CLIMATOLOGICAL SUMMARY for MAY. 2015

NAME: Gruppo Colle   CITY: Colle Bisenzio   STATE: PRATO - ITALY 
ELEV:   182 m  LAT:  43 59 29 N  LONG:  11 08 17 E

                   TEMPERATURE (░C), RAIN  (mm), WIND SPEED (m/s)

                                      HEAT  COOL        AVG
    MEAN                              DEG   DEG         WIND                 DOM
DAY TEMP  HIGH   TIME   LOW    TIME   DAYS  DAYS  RAIN  SPEED HIGH   TIME    DIR
------------------------------------------------------------------------------------
 1  14.2  17.9   15.21  10.4    5.52   4.1   0.0   1.2   3.3  14.8   18.20   SSE
 2  15.4  19.3   16.07  12.6    6.22   3.0   0.1   3.6   2.2   8.5    0.01   SSE
 3  16.8  20.4   17.25  14.3    6.42   1.9   0.4   0.0   1.0   5.8   10.35   SSE
 4  19.1  26.4   17.37  13.7    6.51   1.6   2.3   0.0   1.3   7.6   15.26     N
 5  21.2  29.3   16.31  13.7    4.56   1.2   3.7   0.0   1.1   6.3   11.56   NNE
 6  19.8  22.9   12.14  13.6   23.59   0.5   1.5   0.0   1.4   8.5   10.49   SSE
 7  17.9  25.5   14.58  11.4    6.07   2.5   2.1   0.0   1.5   7.2   15.43   SSE
 8  16.9  24.1   15.43  11.1    5.25   2.8   1.3   0.0   1.3   7.6   16.32   SSE
 9  17.3  26.1   13.03   9.2    5.46   3.1   2.1   0.0   1.1   6.3   15.25   NNE
10  19.7  27.6   15.24  13.6    6.20   1.7   3.1   0.0   1.5   7.2   14.25    NE
11  19.7  27.9   15.28  11.8    5.54   2.0   3.4   0.0   1.2   5.8   15.30    NE
12  20.0  28.3   15.32  12.4    6.12   1.8   3.6   0.0   1.3   5.4   13.32   SSE
13  17.4  23.7   14.20  10.8    6.00   2.3   1.4   0.0   2.3  13.0   16.21   SSE
14  18.2  23.6   16.38  10.9    6.08   1.8   1.7   0.0   2.7  12.5   15.37   SSE
15  15.6  20.9   13.24  11.6   22.55   2.9   0.2  26.0   0.9   8.0   15.09   NNE
16  16.1  20.9   16.50  12.1    6.17   2.5   0.3   2.4   1.3   7.2   17.25   NNE
17  20.7  25.3   15.06  15.7    3.11   0.5   2.9   0.0   3.3  10.7    9.30   NNE
18  21.1  29.9   14.24  14.2    5.10   1.2   4.0   0.0   1.6   6.3    9.53   NNE
19  17.8  24.2   14.50  13.3    2.49   1.4   1.1   0.0   1.2   9.4   13.06   NNE
20  15.5  19.2    9.59   9.9   23.53   1.8   0.0  15.4   0.9   7.6    8.46   SSE
21  12.4  18.0   14.30   9.0    1.25   5.9   0.0   6.8   1.5   8.9   15.36   NNE
22  13.2  15.3   13.55  10.5    8.12   5.1   0.0   2.6   2.6   9.8    6.12   NNE
23  12.9  15.8   15.30  10.9    3.44   5.4   0.0   7.0   0.7   5.4   15.41   NNE
24  14.6  19.7   14.04  10.0    5.52   3.8   0.1   0.8   1.9  10.3   12.44   NNE
25  15.8  22.8   14.02   8.9    6.22   3.6   1.1   0.0   1.6   8.0   12.23   SSE
26  15.7  22.2   12.24  12.6    5.37   2.8   0.2   2.2   0.7   5.4   12.57   NNE
27  16.0  20.4   17.21  10.2   23.59   2.5   0.2   0.2   2.2  10.3   14.40   NNE
28  16.4  23.1   16.36   9.8    4.31   3.2   1.4   0.0   1.5   7.2   15.55    NE
29  16.8  24.2   16.23   9.4    5.53   3.3   1.8   0.0   1.6   8.9   15.19    NE
30  16.4  23.4   17.02   9.3    5.12   3.2   1.3   0.0   1.7   8.0   17.59   SSE
31  17.7  25.2   14.50  11.0    4.08   2.6   2.0   0.0   1.0   7.6   14.16     N
-------------------------------------------------------------------------------------
    17.0  29.9    18     8.9    25    81.9  43.4  68.2   1.6  14.8     1     NNE

Max >=  32.0:  0
Max <=   0.0:  0
Min <=   0.0:  0
Min <= -18.0:  0
Max Rain: 26.01 ON 15/05/15
Days of Rain: 11 (> .2 mm) 8 (> 2 mm) 1 (> 20 mm)
Heat Base:  18.3  Cool Base:  18.3  Method: Integration