NOAA-Style Climate Reports

NOAA style reports

Select a Year or Month report
V/Λ2021 > Jan Feb Mar Apr May Jun Jul Aug Sep Oct Nov Dec
V/Λ2020 > Jan Feb Mar Apr May Jun Jul Aug Sep Oct Nov Dec
V/Λ2019 > Jan Feb Mar Apr May Jun Jul Aug Sep Oct Nov Dec
V/Λ2018 > Jan Feb Mar Apr May Jun Jul Aug Sep Oct Nov Dec
V/Λ2017 > Jan Feb Mar Apr May Jun Jul Aug Sep Oct Nov Dec
V/Λ2016 > Jan Feb Mar Apr May Jun Jul Aug Sep Oct Nov Dec
V/Λ2015 > Jan Feb Mar Apr May Jun Jul Aug Sep Oct Nov Dec
V/Λ2014 > Jan Feb Mar Apr May Jun Jul Aug Sep Oct Nov Dec
V/Λ2013 > Jan Feb Mar Apr May Jun Jul Aug Sep Oct Nov Dec
V/Λ2012 > Jan Feb Mar Apr May Jun Jul Aug Sep Oct Nov Dec

Report for 2015 Aug
                   MONTHLY CLIMATOLOGICAL SUMMARY for AUG. 2015

NAME: Gruppo Colle   CITY: Colle Bisenzio   STATE: PRATO - ITALY 
ELEV:   182 m  LAT:  43 59 29 N  LONG:  11 08 17 E

                   TEMPERATURE (░C), RAIN  (mm), WIND SPEED (m/s)

                                      HEAT  COOL        AVG
    MEAN                              DEG   DEG         WIND                 DOM
DAY TEMP  HIGH   TIME   LOW    TIME   DAYS  DAYS  RAIN  SPEED HIGH   TIME    DIR
------------------------------------------------------------------------------------
 1  24.1  30.9   14.42  18.6    5.45   0.0   5.8   8.2   1.7   8.5   14.46   NNE
 2  24.1  31.6   16.50  17.7    7.00   0.0   5.8   0.2   1.1   6.3   15.53    NE
 3  25.5  32.9   14.52  18.6    6.11   0.0   7.2   0.0   2.2   7.2   13.50   NNE
 4  26.6  35.2   16.53  18.9    7.06   0.0   8.3   0.0   1.7   7.2   14.26    NE
 5  27.5  34.8   14.53  20.2    3.17   0.0   9.2   0.0   1.6   7.2   15.43   NNE
 6  28.1  35.7   16.14  20.3    5.16   0.0   9.7   0.0   2.3   8.5   11.21   NNE
 7  28.5  37.0   14.49  20.2    5.48   0.0  10.2   0.0   2.1   8.5   14.02   NNE
 8  28.7  36.2   15.44  21.0    6.26   0.0  10.4   0.0   2.1   8.9   10.55   NNE
 9  25.5  37.1   15.00  19.0   17.47   0.0   7.2  40.8   1.7  17.9   16.55    NE
10  20.7  24.9   12.44  18.5   14.50   0.0   2.4  18.2   1.0   9.8   13.53   NNE
11  24.3  31.6   16.04  17.9    3.29   0.0   6.0   0.0   2.3   8.0   17.17   NNE
12  25.7  34.1   15.07  18.8    5.45   0.0   7.4   0.0   2.2   8.0   11.58   NNE
13  26.4  36.6   16.23  19.2    6.10   0.0   8.1   0.0   1.3   5.4    2.17    NE
14  24.4  32.2   15.15  16.7    6.30   0.1   6.2   0.0   1.1   5.8   15.24     N
15  23.0  28.9   15.18  18.4    3.36   0.0   4.7   0.0   1.4   8.0   17.29    NE
16  21.0  26.0   16.41  16.2   23.33   0.1   2.8   0.0   1.2   8.0   15.55   NNE
17  19.8  26.2   15.47  13.5    5.48   1.3   2.8   0.0   2.2  13.4   16.13   SSE
18  21.1  27.6   15.06  14.1    5.49   1.1   3.8   0.0   1.7   9.8   12.03   SSE
19  18.8  25.8   13.50  14.6   15.23   0.7   1.2  26.2   0.8  12.5   14.41   NNE
20  20.3  28.5   16.04  13.6    6.00   1.3   3.3   0.2   0.8   5.8   10.28   NNE
21  21.0  26.9   15.30  15.1    7.14   0.8   3.5   0.0   2.3   7.6   12.19   NNE
22  20.8  28.4   14.47  13.7    6.44   1.1   3.5   0.0   1.1   6.7   10.36    NE
23  21.1  28.0   16.03  14.1    6.59   0.7   3.5   0.0   0.9   5.8   12.08    NE
24  20.3  25.4   16.06  17.0    7.39   0.3   2.2  31.4   1.0   4.9    5.40   NNE
25  21.6  27.7   16.38  15.2   23.33   0.3   3.5   4.2   1.2  10.7   15.33    SE
26  21.1  30.2   15.58  13.2    4.45   1.5   4.3   0.0   1.0   5.4   10.35    NE
27  23.1  32.3   16.00  16.4    6.35   0.3   5.1   0.0   0.9   5.4    1.56    NE
28  23.2  33.0   16.34  16.3    5.19   0.4   5.3   0.0   0.8   4.9   13.16    NE
29  25.0  35.5   15.59  17.7    6.44   0.0   6.7   0.0   1.0   5.4    4.59    NE
30  24.8  34.4   16.07  18.3    4.38   0.0   6.5   0.0   1.0   5.8   14.56    NE
31  23.7  32.9   15.07  16.2    5.55   0.2   5.6   0.0   1.2   7.6   17.10    NE
-------------------------------------------------------------------------------------
    23.5  37.1     9    13.2    26    10.3 172.1 129.4   1.5  17.9     9     NNE

Max >=  32.0: 15
Max <=   0.0:  0
Min <=   0.0:  0
Min <= -18.0:  0
Max Rain: 40.79 ON 09/08/15
Days of Rain: 8 (> .2 mm) 6 (> 2 mm) 3 (> 20 mm)
Heat Base:  18.3  Cool Base:  18.3  Method: Integration