NOAA-Style Climate Reports

NOAA style reports

Select a Year or Month report
V/Λ2021 > Jan Feb Mar Apr May Jun Jul Aug Sep Oct Nov Dec
V/Λ2020 > Jan Feb Mar Apr May Jun Jul Aug Sep Oct Nov Dec
V/Λ2019 > Jan Feb Mar Apr May Jun Jul Aug Sep Oct Nov Dec
V/Λ2018 > Jan Feb Mar Apr May Jun Jul Aug Sep Oct Nov Dec
V/Λ2017 > Jan Feb Mar Apr May Jun Jul Aug Sep Oct Nov Dec
V/Λ2016 > Jan Feb Mar Apr May Jun Jul Aug Sep Oct Nov Dec
V/Λ2015 > Jan Feb Mar Apr May Jun Jul Aug Sep Oct Nov Dec
V/Λ2014 > Jan Feb Mar Apr May Jun Jul Aug Sep Oct Nov Dec
V/Λ2013 > Jan Feb Mar Apr May Jun Jul Aug Sep Oct Nov Dec
V/Λ2012 > Jan Feb Mar Apr May Jun Jul Aug Sep Oct Nov Dec

Report for 2015 Sep
                   MONTHLY CLIMATOLOGICAL SUMMARY for SEP. 2015

NAME: Gruppo Colle   CITY: Colle Bisenzio   STATE: PRATO - ITALY 
ELEV:   182 m  LAT:  43 59 29 N  LONG:  11 08 17 E

                   TEMPERATURE (░C), RAIN  (mm), WIND SPEED (m/s)

                                      HEAT  COOL        AVG
    MEAN                              DEG   DEG         WIND                 DOM
DAY TEMP  HIGH   TIME   LOW    TIME   DAYS  DAYS  RAIN  SPEED HIGH   TIME    DIR
------------------------------------------------------------------------------------
 1  22.7  30.8   15.51  14.9    6.13   0.5   4.8   0.0   1.6   9.4   15.30    NE
 2  21.8  28.4   16.31  15.6    6.35   0.4   3.9   0.0   1.9   9.8   15.05    SE
 3  21.1  27.4   16.18  15.4    3.38   0.7   3.5   0.0   2.1  10.3   14.51   SSE
 4  21.7  27.3   15.08  17.1    7.08   0.1   2.9   0.0   1.0   8.0   13.56    SE
 5  20.7  25.5   14.56  15.1   23.40   0.2   2.6   0.0   2.4  16.1   15.05   SSE
 6  18.7  26.2   15.05  12.6    7.13   1.9   2.3   0.0   0.9   4.5   17.08    NE
 7  18.9  26.2   15.59  12.0    7.04   2.0   2.6   0.0   2.1   7.6   14.36   NNE
 8  18.8  25.1   16.49  13.2    4.30   1.8   2.3   0.0   2.8   9.4   14.35   NNE
 9  17.5  24.2   13.38  11.4    3.59   2.4   1.6   0.0   2.9   9.4   10.02   NNE
10  18.1  23.8   15.52  12.7    6.05   1.6   1.4   0.0   2.8   9.8   10.58   NNE
11  18.8  25.9   15.39  11.8    6.20   1.8   2.3   0.0   1.5   8.5   17.07    NE
12  19.6  26.9   16.59  12.7    7.22   1.5   2.8   0.0   1.2   7.6   15.09    NE
13  17.4  20.9   11.11  14.4    6.00   1.2   0.3   8.8   0.9   5.4   14.58   NNE
14  22.1  26.2   15.18  17.3    0.42   0.1   3.6  13.6   2.3  13.9    5.53    SE
15  21.9  25.3   16.50  19.3    5.05   0.0   2.9   0.0   1.7   9.8    2.46   SSE
16  22.1  28.6   15.14  18.6    5.56   0.0   2.5   0.4   0.9   9.4   14.29    SE
17  23.9  29.2   13.50  22.1    7.12   0.0   3.2   0.0   0.7   8.9   13.06    NE
18  22.1  26.7   15.14  15.2   23.57   0.2   2.3   0.0   1.3   9.8   15.55   SSE
19  17.1  24.3   16.02  13.3   23.49   2.2   1.2   0.0   1.2   7.2   14.43   NNE
20  17.3  22.8   16.17  10.8    7.33   2.5   1.5   0.0   2.5   9.4   12.11   NNE
21  18.2  25.9   15.48  12.3    5.12   2.2   2.1   0.0   1.2   6.3   13.05   NNE
22  17.4  23.6   14.41  11.1    7.13   2.4   1.5   0.0   1.9   7.6   15.56   SSE
23  17.2  20.1   15.49  14.2   20.02   1.2   0.1  25.6   2.5  11.2   15.03   SSE
24  15.3  17.3   16.04  12.5    4.30   3.0   0.0   0.0   3.2  10.3    7.07   NNE
25  16.9  21.7   12.13  12.9    7.18   1.9   0.6   0.0   1.3   9.4   15.34   NNE
26  16.9  21.8   13.09  12.9    5.26   2.4   1.0   0.0   2.3   6.7   10.08   NNE
27  16.6  21.1   13.59  12.5    6.41   2.3   0.6   0.0   3.0   9.8   17.44   NNE
28  16.8  19.1   15.27  15.0   23.34   1.6   0.0   0.0   4.1   9.8   12.47   NNE
29  15.5  18.2   14.21  12.5   21.21   2.8   0.0   0.0   3.5   9.8    0.37   NNE
30  14.9  17.3   13.42  13.0    4.54   3.4   0.0   0.0   3.4  11.2   11.30   NNE
-------------------------------------------------------------------------------------
    18.9  30.8     1    10.8    20    44.3  56.6  48.4   2.0  16.1     5     NNE

Max >=  32.0:  0
Max <=   0.0:  0
Min <=   0.0:  0
Min <= -18.0:  0
Max Rain: 25.60 ON 23/09/15
Days of Rain: 4 (> .2 mm) 3 (> 2 mm) 1 (> 20 mm)
Heat Base:  18.3  Cool Base:  18.3  Method: Integration