NOAA-Style Climate Reports

NOAA style reports

Select a Year or Month report
V/Λ2021 > Jan Feb Mar Apr May Jun Jul Aug Sep Oct Nov Dec
V/Λ2020 > Jan Feb Mar Apr May Jun Jul Aug Sep Oct Nov Dec
V/Λ2019 > Jan Feb Mar Apr May Jun Jul Aug Sep Oct Nov Dec
V/Λ2018 > Jan Feb Mar Apr May Jun Jul Aug Sep Oct Nov Dec
V/Λ2017 > Jan Feb Mar Apr May Jun Jul Aug Sep Oct Nov Dec
V/Λ2016 > Jan Feb Mar Apr May Jun Jul Aug Sep Oct Nov Dec
V/Λ2015 > Jan Feb Mar Apr May Jun Jul Aug Sep Oct Nov Dec
V/Λ2014 > Jan Feb Mar Apr May Jun Jul Aug Sep Oct Nov Dec
V/Λ2013 > Jan Feb Mar Apr May Jun Jul Aug Sep Oct Nov Dec
V/Λ2012 > Jan Feb Mar Apr May Jun Jul Aug Sep Oct Nov Dec

Report for 2015 Nov
                   MONTHLY CLIMATOLOGICAL SUMMARY for NOV. 2015

NAME: Gruppo Colle   CITY: Colle Bisenzio   STATE: PRATO - ITALY 
ELEV:   182 m  LAT:  43 59 29 N  LONG:  11 08 17 E

                   TEMPERATURE (░C), RAIN  (mm), WIND SPEED (m/s)

                                      HEAT  COOL        AVG
    MEAN                              DEG   DEG         WIND                 DOM
DAY TEMP  HIGH   TIME   LOW    TIME   DAYS  DAYS  RAIN  SPEED HIGH   TIME    DIR
------------------------------------------------------------------------------------
 1  12.8  15.7   13.35   9.8   21.21   5.5   0.0   0.0   4.9  13.4   10.07   NNE
 2  11.6  17.2   14.16   7.7   23.59   6.7   0.0   0.0   2.5   8.0   11.58   NNE
 3  11.7  19.3   14.31   6.6    5.10   6.6   0.0   0.0   1.3   5.4    0.59    NE
 4  13.8  18.8   13.47  11.6    0.01   4.5   0.0   0.0   0.8   4.9   13.05   NNE
 5  14.2  19.5   14.34  10.7    4.45   4.2   0.1   0.0   0.6   4.0   11.32   NNE
 6  14.6  19.9   14.34   9.4   23.45   3.8   0.2   0.0   0.7   4.9   12.46   NNE
 7  12.2  19.6   14.22   7.5    6.17   6.2   0.1   0.2   1.1   5.4    1.22   NNW
 8  11.3  20.1   14.00   6.8    6.27   7.1   0.1   0.0   0.8   4.0   12.21   NNW
 9  11.5  16.2   15.56   6.9    2.21   6.8   0.0   0.0   0.6   4.5   10.43     N
10  12.6  18.8   14.01   8.7    5.28   5.7   0.0   0.2   0.5   3.6   14.44   NNE
11  13.3  15.4   14.12  10.9   00.00   5.0   0.0   0.0   0.2   2.2   12.23     N
12  11.1  17.5   14.09   6.8    7.41   7.2   0.0   0.0   0.6   4.9   14.14     N
13  10.7  14.5   14.07   6.6    5.26   7.7   0.0   0.2   0.6   2.7    8.16   NNE
14  12.8  18.0   13.07   9.1   22.06   5.5   0.0   0.0   0.6   5.4   13.55   NNE
15  12.8  14.9   13.05  10.4    3.01   5.5   0.0   0.0   0.3   4.5   12.04   SSW
16  13.1  17.3   14.21   8.9   21.29   5.2   0.0   0.0   0.6   5.4   13.22     N
17  13.1  14.8   15.53  10.7    0.01   5.2   0.0   0.0   1.2   5.4   11.16   SSE
18  12.8  15.6   15.08  10.5   20.18   5.5   0.0   0.0   0.4   4.0   11.17     N
19  13.3  15.4   15.08  10.3    4.54   5.0   0.0   0.0   0.8   5.4   13.13   SSE
20  14.2  15.6   00.00  13.1    7.00   4.0   0.0   3.6   3.6  18.8   21.50   SSE
21  11.7  15.9    0.25   5.2   23.59   6.7   0.0  43.8   5.5  22.4    6.02   SSE
22   5.2  10.4   12.46   1.4   22.49  13.1   0.0   4.0   1.3   8.5    3.07   NNE
23   5.1   9.5   11.17   1.7    0.01  13.2   0.0   4.4   2.2   8.0   11.25   NNE
24   5.5   8.7   12.43   1.2   23.25  12.8   0.0   0.0   3.0   9.4    9.32   NNE
25   4.4  10.0   12.50   0.1    7.09  13.9   0.0   0.0   1.7   7.2   23.00    NE
26   6.4   8.4   14.30   4.3    1.21  11.9   0.0   0.0   6.0  17.0   20.50   NNE
27   7.9  10.3   14.16   4.8   23.59  10.3   0.0   0.0   5.3  17.9    0.38   NNE
28   3.8  10.4   13.02  -0.3    8.21  14.5   0.0   0.0   0.9   5.8   13.48    NE
29   5.2  12.8   14.41   0.6    3.28  13.1   0.0   0.0   0.8   4.9   14.24    NE
30   8.6  12.3   13.44   3.3    0.34   9.7   0.0   0.0   1.8  10.7   22.30   SSE
-------------------------------------------------------------------------------------
    10.6  20.1     8    -0.3    28   232.2   0.6  56.4   1.7  22.4    21     NNE

Max >=  32.0:  0
Max <=   0.0:  0
Min <=   0.0:  1
Min <= -18.0:  0
Max Rain: 43.79 ON 21/11/15
Days of Rain: 7 (> .2 mm) 4 (> 2 mm) 1 (> 20 mm)
Heat Base:  18.3  Cool Base:  18.3  Method: Integration