NOAA-Style Climate Reports

NOAA style reports

Select a Year or Month report
V/Λ2021 > Jan Feb Mar Apr May Jun Jul Aug Sep Oct Nov Dec
V/Λ2020 > Jan Feb Mar Apr May Jun Jul Aug Sep Oct Nov Dec
V/Λ2019 > Jan Feb Mar Apr May Jun Jul Aug Sep Oct Nov Dec
V/Λ2018 > Jan Feb Mar Apr May Jun Jul Aug Sep Oct Nov Dec
V/Λ2017 > Jan Feb Mar Apr May Jun Jul Aug Sep Oct Nov Dec
V/Λ2016 > Jan Feb Mar Apr May Jun Jul Aug Sep Oct Nov Dec
V/Λ2015 > Jan Feb Mar Apr May Jun Jul Aug Sep Oct Nov Dec
V/Λ2014 > Jan Feb Mar Apr May Jun Jul Aug Sep Oct Nov Dec
V/Λ2013 > Jan Feb Mar Apr May Jun Jul Aug Sep Oct Nov Dec
V/Λ2012 > Jan Feb Mar Apr May Jun Jul Aug Sep Oct Nov Dec

Report for 2016 Feb
                   MONTHLY CLIMATOLOGICAL SUMMARY for JAN. 2016

NAME: Gruppo Colle   CITY: Colle Bisenzio   STATE: PRATO - ITALY 
ELEV:   182 m  LAT:  43 59 29 N  LONG:  11 08 17 E

                   TEMPERATURE (░C), RAIN  (mm), WIND SPEED (m/s)

                                      HEAT  COOL        AVG
    MEAN                              DEG   DEG         WIND                 DOM
DAY TEMP  HIGH   TIME   LOW    TIME   DAYS  DAYS  RAIN  SPEED HIGH   TIME    DIR
------------------------------------------------------------------------------------
 1   3.4  10.2   13.37  -0.1    8.11  14.9   0.0   0.0   1.0   4.0   14.50    NE
 2   5.7   7.2   15.29   2.9    0.01  12.6   0.0  49.2   1.4   6.7   22.21   NNE
 3   5.4   9.0   14.02   3.2   21.06  12.9   0.0   3.4   1.7   8.0   10.28   NNE
 4   6.1   8.9   13.59   3.7    0.01  12.2   0.0  12.6   0.4   4.5   14.48     N
 5   7.7   9.6   13.00   5.3   23.28  10.6   0.0   9.6   0.5   5.4   12.12   NNE
 6   5.9   7.8   14.59   2.8   00.00  12.4   0.0  10.8   0.5   5.4   10.06   NNE
 7   5.4   7.3   23.53   2.2    1.03  12.9   0.0   6.6   0.4   4.9   16.14   NNE
 8   9.2  11.0   23.19   7.2    0.01   9.1   0.0   8.2   0.2   3.1    9.24   SSE
 9  11.5  13.3   21.53   9.9    0.58   6.8   0.0   4.2   1.3  10.7   23.41   SSE
10  13.4  14.8   14.24  11.6   23.16   4.9   0.0   9.8   5.4  16.5   11.49   SSE
11  13.4  14.6   11.46  11.4    0.45   3.4   0.0  25.8   7.2  22.4   11.43   SSE
12
13
14
15
16   2.2   5.1   22.00  -0.1   23.53   1.7   0.0   0.0   1.1   6.3   21.49   NNE
17   1.3   7.7   14.41  -3.5    7.16  17.0   0.0   0.0   1.2  10.7   13.19   NNW
18   0.6   6.5   15.07  -3.3    8.11  17.7   0.0   0.0   0.8   4.9   11.30     N
19   0.3   7.8   15.31  -4.2    8.00  17.9   0.0   0.0   1.2   5.4    9.53    NE
20   0.9   6.9   13.10  -3.6    7.27  17.4   0.0   0.0   1.0   4.5   12.17   NNE
21  -0.7   3.7   10.45  -1.6    5.07   8.5   0.0   0.0   1.3   4.0    1.42    NE
22
23
24
25
26
27
28
29
30
31  12.0  12.7   23.14  11.2   19.45   1.1   0.0   0.0   4.6  10.3   23.13   SSE
-------------------------------------------------------------------------------------
     5.8  14.8    10    -4.2    19   194.1   0.0 140.2   1.7  22.4    11      NE

Max >=  32.0:  0
Max <=   0.0:  0
Min <=   0.0:  7
Min <= -18.0:  0
Max Rain: 49.20 ON 02/01/16
Days of Rain: 10 (> .2 mm) 10 (> 2 mm) 2 (> 20 mm)
Heat Base:  18.3  Cool Base:  18.3  Method: Integration