NOAA-Style Climate Reports

NOAA style reports

Select a Year or Month report
V/Λ2021 > Jan Feb Mar Apr May Jun Jul Aug Sep Oct Nov Dec
V/Λ2020 > Jan Feb Mar Apr May Jun Jul Aug Sep Oct Nov Dec
V/Λ2019 > Jan Feb Mar Apr May Jun Jul Aug Sep Oct Nov Dec
V/Λ2018 > Jan Feb Mar Apr May Jun Jul Aug Sep Oct Nov Dec
V/Λ2017 > Jan Feb Mar Apr May Jun Jul Aug Sep Oct Nov Dec
V/Λ2016 > Jan Feb Mar Apr May Jun Jul Aug Sep Oct Nov Dec
V/Λ2015 > Jan Feb Mar Apr May Jun Jul Aug Sep Oct Nov Dec
V/Λ2014 > Jan Feb Mar Apr May Jun Jul Aug Sep Oct Nov Dec
V/Λ2013 > Jan Feb Mar Apr May Jun Jul Aug Sep Oct Nov Dec
V/Λ2012 > Jan Feb Mar Apr May Jun Jul Aug Sep Oct Nov Dec

Report for 2016 Jun
                   MONTHLY CLIMATOLOGICAL SUMMARY for JUN. 2016

NAME: Gruppo Colle   CITY: Colle Bisenzio   STATE: PRATO - ITALY 
ELEV:   182 m  LAT:  43 59 29 N  LONG:  11 08 17 E

                   TEMPERATURE (░C), RAIN  (mm), WIND SPEED (m/s)

                                      HEAT  COOL        AVG
    MEAN                              DEG   DEG         WIND                 DOM
DAY TEMP  HIGH   TIME   LOW    TIME   DAYS  DAYS  RAIN  SPEED HIGH   TIME    DIR
------------------------------------------------------------------------------------
 1  16.4  20.7   13.30  13.6    3.30   2.2   0.3   0.0   1.9   7.2   13.00   SSE
 2  15.8  18.3   12.30  14.2    6.00   2.5   0.0   7.4   1.6   7.2   13.00   SSE
 3  16.8  20.6   17.00  14.7    5.30   1.8   0.3   0.2   1.3   7.2   17.00   SSE
 4  17.3  21.1   17.30  13.7   00.00   1.4   0.4   0.0   1.2   6.7   12.30   SSE
 5  17.1  23.9   17.30  11.9    4.30   2.6   1.4   3.2   1.2   7.2   12.30   SSE
 6  17.2  25.3   13.30  12.6    6.00   2.0   0.9   5.0   0.5   7.6   14.00   NNE
 7  20.7  29.2   17.00  12.6    5.30   1.4   3.8   0.2   1.1   6.3   10.30   NNE
 8  18.7  24.7   13.00  14.0    6.30   1.0   1.5   0.6   1.2   6.7   13.00   NNE
 9  17.8  21.3   18.30  15.9   00.00   0.9   0.4   9.0   0.8   4.9   16.30   NNE
10  19.5  26.6   17.00  15.7    2.30   0.8   2.0   1.2   1.2   7.2   14.00   NNE
11  19.6  24.4   15.00  15.1    5.30   0.8   2.1   1.6   1.7  10.7   18.30    SE
12  20.1  24.5   16.00  16.8   00.00   0.1   1.9   1.6   1.1   8.5   17.00   SSE
13  18.9  25.1   13.30  13.4    5.00   1.4   2.1   0.0   1.3   7.6   13.30   SSE
14  18.6  23.2   15.30  15.7    5.00   0.7   1.0   2.8   1.6   8.9   23.30    SE
15  19.1  23.2   17.30  14.8   00.00   0.6   1.4   0.2   3.3  12.1   12.00   SSE
16  21.9  30.2   17.00  13.3    6.00   1.3   4.8   0.0   1.7  10.3   23.00     N
17  18.5  22.7   17.30  13.5   00.00   1.3   1.5  18.4   5.2  18.8   12.00   SSE
18  17.9  24.6   15.00  10.6    6.30   2.4   2.0   0.0   1.9   9.4   15.00   SSE
19  17.8  22.7   13.30  14.2   00.00   1.5   1.0   0.0   1.7   8.5   14.30   NNE
20  18.7  25.6   15.30  12.8    4.30   1.8   2.1   0.6   1.2   8.0    9.30   NNE
21  20.4  28.8   16.30  12.9    5.30   1.5   3.6   0.0   1.2   4.9   12.30   NNE
22  23.6  30.6   16.30  15.8    6.00   0.5   5.8   0.0   2.2   9.4   13.30   NNE
23  25.9  32.4   16.30  18.6    6.00   0.0   7.6   0.0   2.6   9.8   13.00   NNE
24  26.3  34.8   16.00  19.8    5.30   0.0   7.4   0.0   1.2   4.9   11.30   NNE
25  24.8  30.9   16.00  19.2   00.00   0.0   6.5   0.0   1.5   8.5   15.00     N
26  23.2  30.7   16.00  16.7    6.30   0.2   5.1   0.0   1.6   8.0   18.00   SSE
27  21.3  28.2   17.00  15.2    6.00   0.7   3.6   0.0   1.7   8.9   12.30   NNE
28  23.2  31.4   17.30  16.5    3.30   0.4   5.3   0.0   1.3   5.8   14.00   NNE
29  21.5  30.6   14.30  16.9    5.30   0.2   1.9   0.0   0.5   4.5   12.30   NNE
30  25.4  29.9   17.00  19.7   00.00   0.0   2.4   0.0   1.0   8.5   17.00   SSE
-------------------------------------------------------------------------------------
    20.1  34.8    24    10.6    18    31.9  79.9  52.0   1.6  18.8    17     NNE

Max >=  32.0:  2
Max <=   0.0:  0
Min <=   0.0:  0
Min <= -18.0:  0
Max Rain: 18.39 ON 17/06/16
Days of Rain: 14 (> .2 mm) 6 (> 2 mm) 0 (> 20 mm)
Heat Base:  18.3  Cool Base:  18.3  Method: Integration