NOAA-Style Climate Reports

NOAA style reports

Select a Year or Month report
V/Λ2021 > Jan Feb Mar Apr May Jun Jul Aug Sep Oct Nov Dec
V/Λ2020 > Jan Feb Mar Apr May Jun Jul Aug Sep Oct Nov Dec
V/Λ2019 > Jan Feb Mar Apr May Jun Jul Aug Sep Oct Nov Dec
V/Λ2018 > Jan Feb Mar Apr May Jun Jul Aug Sep Oct Nov Dec
V/Λ2017 > Jan Feb Mar Apr May Jun Jul Aug Sep Oct Nov Dec
V/Λ2016 > Jan Feb Mar Apr May Jun Jul Aug Sep Oct Nov Dec
V/Λ2015 > Jan Feb Mar Apr May Jun Jul Aug Sep Oct Nov Dec
V/Λ2014 > Jan Feb Mar Apr May Jun Jul Aug Sep Oct Nov Dec
V/Λ2013 > Jan Feb Mar Apr May Jun Jul Aug Sep Oct Nov Dec
V/Λ2012 > Jan Feb Mar Apr May Jun Jul Aug Sep Oct Nov Dec

Report for 2016 Sep
                   MONTHLY CLIMATOLOGICAL SUMMARY for JUL. 2016

NAME: Gruppo Colle   CITY: Colle Bisenzio   STATE: PRATO - ITALY 
ELEV:   182 m  LAT:  43 59 29 N  LONG:  11 08 17 E

                   TEMPERATURE (░C), RAIN  (mm), WIND SPEED (m/s)

                                      HEAT  COOL        AVG
    MEAN                              DEG   DEG         WIND                 DOM
DAY TEMP  HIGH   TIME   LOW    TIME   DAYS  DAYS  RAIN  SPEED HIGH   TIME    DIR
------------------------------------------------------------------------------------
 1  23.8  30.9   17.30  17.0    6.30   0.2   4.8   0.0   1.2   7.2   14.30     N
 2  25.6  29.9   16.00  18.6    2.00   0.0   4.6   0.0   1.7   8.9   15.30   SSE
 3  22.9  30.0   15.30  18.0    5.00   0.0   4.7   0.0   1.4   8.0   15.30   NNE
 4  23.8  30.6   15.30  17.2    3.30   0.2   4.2   0.0   1.8   7.6   10.00   NNE
 5  24.7  33.1   15.00  18.6    6.00   0.0   4.2   0.0   1.3   5.8   15.00    NE
 6  25.1  32.4   16.00  19.7    6.00   0.0   5.5   0.0   0.8   4.9   17.30   NNE
 7  28.0  34.6   16.30  19.2    7.00   0.0   7.3   0.0   0.9   4.9   14.00   NNE
 8  29.3  31.7   17.00  25.0   22.00   0.0   2.3   0.0   0.8   8.0   17.00    SE
 9  29.3  31.8   18.00  23.4   22.00   0.0   5.5   0.0   0.8   7.2   16.30   SSE
10  32.6  35.2   17.00  26.0   21.30   0.0   5.1   0.0   0.4   5.8   18.00   SSE
11  32.7  34.0   17.00  29.3   11.30   0.0   4.5   0.0   0.9   7.2   15.30   SSE
12  28.7  32.4   16.30  21.7   00.00   0.0   6.9   0.0   1.5   8.9   15.30   SSE
13  23.4  28.2   14.00  19.6    6.00   0.0   5.1   0.6   3.7  16.1   19.30   SSE
14  22.6  27.4   16.00  16.3    4.00   0.1   3.3   0.0   0.8   6.3   13.30    SE
15  19.6  23.1   15.00  15.3    7.30   0.4   1.6   0.4   3.8  15.2   14.30   NNE
16  20.3  27.8   17.30  12.6    7.00   1.5   3.5   0.0   1.3   7.2   12.00   NNE
17  24.2  28.8   17.30  13.3    8.00   0.2   3.8   0.0   1.2   7.2   14.00   SSE
18  25.3  30.2   17.00  17.8   00.00   0.0   3.2   0.0   1.1   8.9   17.30     S
19  23.7  32.9   17.30  14.8    6.30   0.7   6.1   0.0   1.5   6.3   14.00     N
20  25.1  33.2   15.30  16.4    6.30   0.2   6.7   0.0   1.5   8.5   17.30     S
21  23.2  30.9   17.30  16.7    4.30   0.3   5.1   0.0   1.3   7.6   16.00     N
22  24.3  33.4   17.30  15.1    6.00   0.5   6.5   0.0   1.3   7.2   14.30   SSE
23  22.8  29.7   17.30  19.1    5.30   0.0   3.7   1.2   0.8   5.8   14.30   NNE
24  25.0  27.7   19.30  23.3   22.30   0.0   1.0   0.0   0.3   8.5   19.30   NNE
25  24.2  30.6   12.00  18.8    7.00   0.0   2.1  27.8   0.5  12.5   18.30   NNE
26  26.2  31.7   13.30  20.7    8.00   0.0   5.4   0.0   0.7   5.4   12.00     N
27  23.4  34.0   14.00  18.9    6.30   0.0   4.5   0.4   1.3  10.7   15.30    NE
28  24.5  31.9   15.00  19.1    7.30   0.0   6.2   0.0   1.7   8.5   17.00   NNE
29  24.4  31.7   16.00  17.8    5.00   0.0   6.1   0.0   1.5   7.2   14.00   SSE
30  23.8  30.7   16.30  16.6    6.00   0.3   5.7   0.0   1.7   8.9   15.00   SSE
31  23.8  31.8   17.00  17.3    7.00   0.1   5.6   0.0   1.6  10.7   15.00   SSE
-------------------------------------------------------------------------------------
    25.0  35.2    10    12.6    16     4.7 144.8  30.4   1.3  16.1    13     NNE

Max >=  32.0: 10
Max <=   0.0:  0
Min <=   0.0:  0
Min <= -18.0:  0
Max Rain: 27.79 ON 25/07/16
Days of Rain: 5 (> .2 mm) 1 (> 2 mm) 1 (> 20 mm)
Heat Base:  18.3  Cool Base:  18.3  Method: Integration