NOAA-Style Climate Reports

NOAA style reports

Select a Year or Month report
V/Λ2021 > Jan Feb Mar Apr May Jun Jul Aug Sep Oct Nov Dec
V/Λ2020 > Jan Feb Mar Apr May Jun Jul Aug Sep Oct Nov Dec
V/Λ2019 > Jan Feb Mar Apr May Jun Jul Aug Sep Oct Nov Dec
V/Λ2018 > Jan Feb Mar Apr May Jun Jul Aug Sep Oct Nov Dec
V/Λ2017 > Jan Feb Mar Apr May Jun Jul Aug Sep Oct Nov Dec
V/Λ2016 > Jan Feb Mar Apr May Jun Jul Aug Sep Oct Nov Dec
V/Λ2015 > Jan Feb Mar Apr May Jun Jul Aug Sep Oct Nov Dec
V/Λ2014 > Jan Feb Mar Apr May Jun Jul Aug Sep Oct Nov Dec
V/Λ2013 > Jan Feb Mar Apr May Jun Jul Aug Sep Oct Nov Dec
V/Λ2012 > Jan Feb Mar Apr May Jun Jul Aug Sep Oct Nov Dec

Report for 2016 Oct
                   MONTHLY CLIMATOLOGICAL SUMMARY for OCT. 2016

NAME: Gruppo Colle   CITY: Colle Bisenzio   STATE: PRATO - ITALY 
ELEV:   182 m  LAT:  43 59 29 N  LONG:  11 08 17 E

                   TEMPERATURE (░C), RAIN  (mm), WIND SPEED (m/s)

                                      HEAT  COOL        AVG
    MEAN                              DEG   DEG         WIND                 DOM
DAY TEMP  HIGH   TIME   LOW    TIME   DAYS  DAYS  RAIN  SPEED HIGH   TIME    DIR
------------------------------------------------------------------------------------
 1  17.5  24.3   15.30  11.9    2.00   1.9   1.3   1.6   0.9   4.9   14.00    NE
 2  18.7  23.1   16.30  15.1    8.00   0.8   1.3   9.8   1.7   9.4   22.00    SE
 3  18.9  23.8   14.00  12.1   00.00   0.8   1.4   1.8   2.1   8.5   11.30   SSE
 4  15.2  23.0   13.00   9.2    7.30   4.2   1.1   0.0   2.0   7.6   13.30   NNE
 5  14.5  21.6   15.30   9.5    7.30   4.3   0.5   0.0   1.5   5.8   14.00   NNE
 6  13.9  17.4   16.30  10.9    6.00   4.4   0.0   1.0   2.5   8.5   11.30   NNE
 7  13.9  18.9   16.00   9.3   00.00   4.1   0.0   0.0   2.6  10.7   12.30   NNE
 8  11.4  14.8   11.00   8.5    2.00   6.9   0.0  14.4   0.9   4.0    6.00   NNE
 9  13.2  17.5   13.30  10.7    7.30   5.1   0.0   2.8   1.3   5.4   11.00   NNE
10  11.7  14.4   15.00   8.7   00.00   5.8   0.0   0.0   2.1  11.6   13.00   NNE
11  10.4  12.9   15.00   7.1    5.00   7.7   0.0   0.0   2.7   9.8   18.00   NNE
12  10.1  17.1   16.30   4.7    8.00   7.7   0.0   0.0   1.3   9.4    0.30   NNE
13  10.6  15.5   14.00   6.7    1.30   6.4   0.0   3.2   1.7   7.6   15.30   NNE
14  13.6  19.1   16.00  11.2    0.30   3.5   0.0  61.4   2.0   8.0    7.00    NE
15   ---   ---     ---   ---     ---   0.0   0.0   0.0   0.0   0.0     ---   ---
16  19.2  21.7   16.00  14.2   20.30   0.3   0.6   0.0   0.4   4.5   15.00     S
17  16.5  20.6   13.30  12.4    9.30   0.9   0.2   0.2   0.4   4.0   14.00   SSE
18  15.3  19.6   15.00  13.7   23.30   3.0   0.1   0.2   0.5   4.5   15.00   NNE
19  14.7  17.2   15.00  13.9    0.30   2.9   0.0   7.8   0.1   2.7   23.00    NW
20  14.3  17.0   16.30  12.2    8.30   3.9   0.0   0.0   1.2   5.8   11.00   NNE
21  11.9  17.3   15.00   8.4   00.00   5.8   0.0   0.6   1.4   5.8   11.00   NNE
22  10.6  18.3   16.00   6.2    8.00   7.7   0.0   0.0   1.0   5.4   13.30    NE
23  12.9  17.9   14.30   8.1    0.30   5.2   0.0   0.6   0.8   3.6    2.00   NNE
24  17.4  19.9   16.30  14.7    7.30   0.8   0.2   1.6   0.9   4.9   12.30   NNE
25  17.6  22.1   14.00  14.8    4.00   0.8   0.4   0.0   0.5   5.4   14.00   NNE
26  18.6  21.5   13.30  15.7   00.00   0.4   0.5   7.2   0.5   5.4   17.00   NNE
27  16.2  19.1   15.00  14.3   00.00   1.6   0.0   3.6   3.0  11.2   11.30   NNE
28  14.4  17.7   15.30  10.4   00.00   3.9   0.0   0.0   3.6  12.5   11.00   NNE
29  13.2  24.3   15.00   7.2    8.00   5.9   0.8   0.0   1.7   7.2    3.00    NE
30  13.9  24.1   13.30   9.4    6.30   5.3   0.9   0.0   1.1   4.5    9.00    NE
31  13.1  19.8   13.30   9.4    1.00   4.3   0.1   0.0   1.9   6.7   14.30   NNE
-------------------------------------------------------------------------------------
    14.4  24.3     1     4.7    12   116.5   9.4 117.8   1.4  12.5    28     NNE

Max >=  32.0:  0
Max <=   0.0:  0
Min <=   0.0:  0
Min <= -18.0:  0
Max Rain: 61.39 ON 14/10/16
Days of Rain: 16 (> .2 mm) 8 (> 2 mm) 1 (> 20 mm)
Heat Base:  18.3  Cool Base:  18.3  Method: Integration