NOAA-Style Climate Reports

NOAA style reports

Select a Year or Month report
V/Λ2021 > Jan Feb Mar Apr May Jun Jul Aug Sep Oct Nov Dec
V/Λ2020 > Jan Feb Mar Apr May Jun Jul Aug Sep Oct Nov Dec
V/Λ2019 > Jan Feb Mar Apr May Jun Jul Aug Sep Oct Nov Dec
V/Λ2018 > Jan Feb Mar Apr May Jun Jul Aug Sep Oct Nov Dec
V/Λ2017 > Jan Feb Mar Apr May Jun Jul Aug Sep Oct Nov Dec
V/Λ2016 > Jan Feb Mar Apr May Jun Jul Aug Sep Oct Nov Dec
V/Λ2015 > Jan Feb Mar Apr May Jun Jul Aug Sep Oct Nov Dec
V/Λ2014 > Jan Feb Mar Apr May Jun Jul Aug Sep Oct Nov Dec
V/Λ2013 > Jan Feb Mar Apr May Jun Jul Aug Sep Oct Nov Dec
V/Λ2012 > Jan Feb Mar Apr May Jun Jul Aug Sep Oct Nov Dec

Report for 2016 Nov
                   MONTHLY CLIMATOLOGICAL SUMMARY for NOV. 2016

NAME: Gruppo Colle   CITY: Colle Bisenzio   STATE: PRATO - ITALY 
ELEV:   182 m  LAT:  43 59 29 N  LONG:  11 08 17 E

                   TEMPERATURE (░C), RAIN  (mm), WIND SPEED (m/s)

                                      HEAT  COOL        AVG
    MEAN                              DEG   DEG         WIND                 DOM
DAY TEMP  HIGH   TIME   LOW    TIME   DAYS  DAYS  RAIN  SPEED HIGH   TIME    DIR
------------------------------------------------------------------------------------
 1  17.1  18.2   15.00  14.5   11.00   0.3   0.0   0.0   0.6   7.2   13.30    SE
 2  14.7  16.2   15.00  13.4    9.00   3.1   0.0  37.6   1.7  13.4   15.00   SSE
 3  13.5  18.2   12.30  10.2   23.30   4.8   0.0   0.0   1.8   7.2   13.00   NNE
 4  12.1  17.1   13.00   8.9    4.00   6.0   0.0   0.0   1.2   4.0    3.00   NNE
 5  14.1  17.2   18.00  11.4    1.00   4.0   0.0  43.4   2.2  13.9   17.30   SSE
 6  14.3  16.8   11.30  12.4    2.30   4.0   0.0  15.0   4.9  16.1   11.30   SSE
 7  11.1  14.3   11.00   5.5   00.00   6.9   0.0   0.2   3.6  14.8    4.00   SSE
 8   5.8  12.1   13.30   4.0    6.30   9.6   0.0   0.0   0.9   4.0   22.00    NE
 9   7.2  11.6   13.00   2.9    7.00  10.9   0.0   8.2   0.9   6.3   13.00   NNE
10   8.3  12.0   12.30   4.7    6.30  10.0   0.0   0.0   0.9   5.4   14.00   NNE
11   8.6  12.2   11.30   4.8   00.00   9.8   0.0  11.0   1.1   8.9   22.30   NNE
12   6.3  13.0   14.30   2.1   23.30  12.0   0.0   1.6   0.8   8.0   14.00   NNE
13   5.6  11.2   12.30   1.6    5.00  12.7   0.0   0.2   0.7   4.5   13.00    NE
14   8.2  10.7   13.30   4.9    2.00  10.1   0.0   0.0   3.4  11.2   14.00   NNE
15   6.8  10.4   15.30   2.4   00.00  11.5   0.0   0.0   2.8   9.4   12.30   NNE
16   5.3  12.7   14.30   0.3    6.00  10.3   0.0   0.0   0.7   4.9   13.30   NNE
17  11.1  12.7   16.00   9.7   10.30   3.7   0.0   3.8   0.4   3.1   20.30   NNE
18  12.5  15.1   00.00  10.4    0.30   5.8   0.0  36.2   0.9  10.3   22.30   NNE
19  14.2  15.7    1.30  12.9    9.30   3.6   0.0  45.2   2.6  10.7    1.00   SSE
20  13.5  17.6   15.30  11.3    8.00   4.8   0.0   0.4   0.7   4.5    2.30   NNE
21  14.1  16.8   14.30  12.6    0.30   4.0   0.0   1.2   0.4   5.4   11.30     N
22  14.9  17.2   13.00  13.7   23.00   1.6   0.0   0.0   0.3   2.2   17.00   NNE
23  15.9  19.1   14.30  13.1   23.30   1.3   0.0   0.0   0.3   3.1   18.30   NNE
24  13.5  16.9   15.00  11.2    6.30   4.8   0.0   2.6   0.9   4.5    9.00   NNE
25  12.5  17.2   15.00   9.1   00.00   5.8   0.0  11.8   0.5   5.4    3.30   NNE
26  10.3  14.4   13.30   8.3   19.30   8.0   0.0   0.0   0.3   3.6   13.00     N
27   8.9  13.5   14.30   5.1   00.00   9.4   0.0   0.2   0.5   5.4   12.00    NE
28   8.4  14.9   12.30   3.6    3.30   9.9   0.0   0.2   2.8  13.9   22.00   NNE
29   4.7   6.7   13.30   3.3   00.00  13.6   0.0   0.0   5.1  14.8   14.00   NNE
30   2.9  10.1   14.30  -1.1   00.00  15.4   0.0   0.0   1.7   7.2    1.00   NNE
-------------------------------------------------------------------------------------
    10.5  19.1    23    -1.1    30   217.6   0.0 218.8   1.5  16.1     6     NNE

Max >=  32.0:  0
Max <=   0.0:  0
Min <=   0.0:  1
Min <= -18.0:  0
Max Rain: 45.21 ON 19/11/16
Days of Rain: 17 (> .2 mm) 10 (> 2 mm) 4 (> 20 mm)
Heat Base:  18.3  Cool Base:  18.3  Method: Integration