NOAA-Style Climate Reports

NOAA style reports

Select a Year or Month report
V/Λ2021 > Jan Feb Mar Apr May Jun Jul Aug Sep Oct Nov Dec
V/Λ2020 > Jan Feb Mar Apr May Jun Jul Aug Sep Oct Nov Dec
V/Λ2019 > Jan Feb Mar Apr May Jun Jul Aug Sep Oct Nov Dec
V/Λ2018 > Jan Feb Mar Apr May Jun Jul Aug Sep Oct Nov Dec
V/Λ2017 > Jan Feb Mar Apr May Jun Jul Aug Sep Oct Nov Dec
V/Λ2016 > Jan Feb Mar Apr May Jun Jul Aug Sep Oct Nov Dec
V/Λ2015 > Jan Feb Mar Apr May Jun Jul Aug Sep Oct Nov Dec
V/Λ2014 > Jan Feb Mar Apr May Jun Jul Aug Sep Oct Nov Dec
V/Λ2013 > Jan Feb Mar Apr May Jun Jul Aug Sep Oct Nov Dec
V/Λ2012 > Jan Feb Mar Apr May Jun Jul Aug Sep Oct Nov Dec

Report for 2017
                            ANNUAL CLIMATOLOGICAL SUMMARY

NAME: Gruppo Colle  CITY: Colle Bisenzio   STATE: PRATO - ITALY  
ELEV:   182 m  LAT:  43 59 29 N  LONG:  11 08 17 E

               TEMPERATURE (░C), HEAT BASE 18.3, COOL BASE 18.3
                          DEP.  HEAT  COOL                                          
        MEAN  MEAN        FROM  DEG   DEG                        MAX  MAX  MIN  MIN 
 YR MO  MAX   MIN   MEAN  NORM  DAYS  DAYS  HI  DATE  LOW  DATE  >=32 <=0  <=0  <=-18 
------------------------------------------------------------------------------------
 16  1   9.1   3.1   5.8   0.0   194     0  14.8  10  -4.2   19    0    0    7    0
 16  2  12.0   5.8   8.7   0.0   142     0  16.2   1   1.2   20    0    0    0    0
 16  3  13.2   3.0   7.4   0.0    40     0  14.9   1   0.5    4    0    0    0    0
 16  4
 16  5  22.3  11.4  16.2   0.0    58    21  30.1  27   8.2   18    0    0    0    0
 16  6  26.2  15.0  20.1   0.0    32    80  34.8  24  10.6   18    2    0    0    0
 16  7  31.0  18.8  25.0   0.0     5   145  35.2  10  12.6   16   10    0    0    0
 16  8  28.2  17.3  22.3   0.0     9   101  33.8   3  11.0   12    3    0    0    0
 16  9  26.9  15.3  20.4   0.0    32    88  33.1   2  11.1   27    3    0    0    0
 16 10  19.4  10.7  14.4   0.0   116     9  24.3   1   4.7   12    0    0    0    0
 16 11  14.4   7.6  10.5   0.0   218     0  19.1  23  -1.1   30    0    0    1    0
 16 12  11.9   2.4   6.3   0.0   333     0  16.1   7  -2.7   18    0    0    6    0
------------------------------------------------------------------------------------
        20.9  11.2  15.6   0.0  1178   444  35.2 JUL  -4.2  JAN   18    0   14    0

                                PRECIPITATION (mm)

               DEP.   MAX        DAYS OF RAIN 
               FROM   OBS.          OVER
 YR MO  TOTAL  NORM   DAY  DATE  .2   2   20
---------------------------------------------
 16  1 140.2    0.0  49.2    2   10   10    2
 16  2 151.6    0.0  30.6   27   11    9    3
 16  3  14.6    0.0   8.0    2    3    2    0
 16  4
 16  5  90.0    0.0  25.2   19   11    8    1
 16  6  52.0    0.0  18.4   17   14    6    0
 16  7  30.4    0.0  27.8   25    5    1    1
 16  8   1.4    0.0   1.2    5    2    0    0
 16  9 129.4    0.0 115.8   16    6    4    1
 16 10 117.8    0.0  61.4   14   16    8    1
 16 11 218.8    0.0  45.2   19   17   10    4
 16 12   3.0    0.0   2.8   20    2    1    0
---------------------------------------------
       949.3   0.0 115.8  SEP   97   59   13

                                WIND SPEED (m/s)
                          DOM
 YR MO   AVG.  HI   DATE  DIR
---------------------------------
 16  1   1.7  22.4   11    NE
 16  2   1.7  12.5   16   NNE
 16  3   2.0  19.2    3   NNE
 16  4
 16  5   2.0  17.9   30   SSE
 16  6   1.6  18.8   17   NNE
 16  7   1.3  16.1   13   NNE
 16  8   1.5  13.0   11   NNE
 16  9   1.7  14.3    7   NNE
 16 10   1.4  12.5   28   NNE
 16 11   1.5  16.1    6   NNE
 16 12   1.4  11.6   17   NNE
---------------------------------
         1.6  22.4  JAN  NNE