NOAA-Style Climate Reports

NOAA style reports

Select a Year or Month report
V/Λ2021 > Jan Feb Mar Apr May Jun Jul Aug Sep Oct Nov Dec
V/Λ2020 > Jan Feb Mar Apr May Jun Jul Aug Sep Oct Nov Dec
V/Λ2019 > Jan Feb Mar Apr May Jun Jul Aug Sep Oct Nov Dec
V/Λ2018 > Jan Feb Mar Apr May Jun Jul Aug Sep Oct Nov Dec
V/Λ2017 > Jan Feb Mar Apr May Jun Jul Aug Sep Oct Nov Dec
V/Λ2016 > Jan Feb Mar Apr May Jun Jul Aug Sep Oct Nov Dec
V/Λ2015 > Jan Feb Mar Apr May Jun Jul Aug Sep Oct Nov Dec
V/Λ2014 > Jan Feb Mar Apr May Jun Jul Aug Sep Oct Nov Dec
V/Λ2013 > Jan Feb Mar Apr May Jun Jul Aug Sep Oct Nov Dec
V/Λ2012 > Jan Feb Mar Apr May Jun Jul Aug Sep Oct Nov Dec

Report for 2017 Feb
                   MONTHLY CLIMATOLOGICAL SUMMARY for FEB. 2017

NAME: Gruppo Colle   CITY: Colle Bisenzio   STATE: PRATO - ITALY 
ELEV:   182 m  LAT:  43 59 29 N  LONG:  11 08 17 E

                   TEMPERATURE (░C), RAIN  (mm), WIND SPEED (m/s)

                                      HEAT  COOL        AVG
    MEAN                              DEG   DEG         WIND                 DOM
DAY TEMP  HIGH   TIME   LOW    TIME   DAYS  DAYS  RAIN  SPEED HIGH   TIME    DIR
------------------------------------------------------------------------------------
 1   9.9  11.6   14.30   8.8    6.30   8.4   0.0   3.8   0.9   7.2    2.30   SSE
 2  10.3  11.3   15.30   9.2    1.00   8.0   0.0  14.0   0.4   4.9   12.00    SE
 3  11.6  14.3   15.00   9.7   00.00   6.7   0.0   8.8   3.1  16.1   13.30   SSE
 4   9.5  12.2   17.00   7.5    3.30   8.8   0.0  34.0   2.5  16.5   17.30   SSE
 5  10.1  12.2   20.30   8.3   23.30   8.2   0.0  57.8   1.6  13.4   20.30   SSE
 6   8.4  10.3   15.00   6.3    6.30   9.9   0.0   4.6   3.4  11.6   16.00   NNE
 7   8.9  12.6   14.30   4.6   00.00   9.4   0.0   0.0   2.6   8.5    6.30   NNE
 8   7.2  10.8   15.00   4.3    2.30  11.1   0.0   0.0   3.7   9.4   11.00   NNE
 9   5.7   6.6    0.30   4.9    9.30  12.6   0.0   0.0   5.4  11.2    6.00   NNE
10   6.3   8.8   11.00   3.6   23.30  12.0   0.0   0.0   3.5  10.3    1.30   NNE
11   7.2  13.4   14.30   2.4    8.00  11.1   0.0   0.0   2.2   6.3   17.30   NNE
12   9.3  15.8   14.00   5.5   00.00   9.0   0.0   0.0   1.9   5.4    9.30   NNE
13   9.3  15.6   13.30   5.4    0.30   7.9   0.0   0.0   2.0   8.5   15.30   NNE
14   9.3  13.8   14.30   5.7   00.00   5.8   0.0   0.0   1.8   7.6   15.00   NNE
15   7.3  15.3   15.00   2.3    8.00  11.0   0.0   0.0   1.7   4.9    6.00   NNE
16   7.2  13.3   15.30   0.7    8.30  11.1   0.0   0.0   1.4   5.8   23.30     N
17  10.6  12.3   13.30   8.9   00.00   7.7   0.0   0.8   2.5  10.3   16.30   SSE
18   8.6  14.9   14.00   2.4   00.00   9.7   0.0   0.2   1.5   7.2   14.30   NNE
19   5.8  13.2   15.30   1.0    7.00  12.5   0.0   0.0   1.4   7.2   15.30    NE
20   5.9  13.9   15.30   1.1    7.30  12.4   0.0   0.0   1.1   5.4   13.00     N
21   5.7  10.3   21.30   1.6    4.00   9.2   0.0   0.0   0.8   5.8   21.30   NNE
22  10.3  12.8   12.30   7.1    8.00   7.7   0.0   0.0   2.1  10.3   14.00   SSE
23  11.2  11.8   18.30  10.6    1.00   3.9   0.0   0.0   1.7   9.4   12.30   SSE
24  10.8  12.2   15.30   9.8    8.00   6.1   0.0  28.6   2.1  12.1    2.00   SSE
25   8.9  11.4   15.00   6.8    3.30   6.8   0.0   0.0   4.5  16.5   12.00   NNE
26   ---   ---     ---   ---     ---   0.0   0.0   0.0   0.0   0.0     ---   ---
27  10.3  12.2   14.00   6.2   10.00   4.7   0.0   0.0   1.1   6.7   13.00   SSE
28  11.0  14.2   15.30   8.7    4.00   7.2   0.0  17.6   5.5  21.5   23.00   SSE
-------------------------------------------------------------------------------------
     8.7  15.8    12     0.7    16   239.4   0.0 170.2   2.2  21.5    28     NNE

Max >=  32.0:  0
Max <=   0.0:  0
Min <=   0.0:  0
Min <= -18.0:  0
Max Rain: 57.81 ON 05/02/17
Days of Rain: 10 (> .2 mm) 8 (> 2 mm) 3 (> 20 mm)
Heat Base:  18.3  Cool Base:  18.3  Method: Integration