NOAA-Style Climate Reports

NOAA style reports

Select a Year or Month report
V/Λ2021 > Jan Feb Mar Apr May Jun Jul Aug Sep Oct Nov Dec
V/Λ2020 > Jan Feb Mar Apr May Jun Jul Aug Sep Oct Nov Dec
V/Λ2019 > Jan Feb Mar Apr May Jun Jul Aug Sep Oct Nov Dec
V/Λ2018 > Jan Feb Mar Apr May Jun Jul Aug Sep Oct Nov Dec
V/Λ2017 > Jan Feb Mar Apr May Jun Jul Aug Sep Oct Nov Dec
V/Λ2016 > Jan Feb Mar Apr May Jun Jul Aug Sep Oct Nov Dec
V/Λ2015 > Jan Feb Mar Apr May Jun Jul Aug Sep Oct Nov Dec
V/Λ2014 > Jan Feb Mar Apr May Jun Jul Aug Sep Oct Nov Dec
V/Λ2013 > Jan Feb Mar Apr May Jun Jul Aug Sep Oct Nov Dec
V/Λ2012 > Jan Feb Mar Apr May Jun Jul Aug Sep Oct Nov Dec

Report for 2017 Mar
                   MONTHLY CLIMATOLOGICAL SUMMARY for MAR. 2017

NAME: Gruppo Colle   CITY: Colle Bisenzio   STATE: PRATO - ITALY 
ELEV:   182 m  LAT:  43 59 29 N  LONG:  11 08 17 E

                   TEMPERATURE (░C), RAIN  (mm), WIND SPEED (m/s)

                                      HEAT  COOL        AVG
    MEAN                              DEG   DEG         WIND                 DOM
DAY TEMP  HIGH   TIME   LOW    TIME   DAYS  DAYS  RAIN  SPEED HIGH   TIME    DIR
------------------------------------------------------------------------------------
 1  10.1  14.9   15.30   5.2    6.00   6.8   0.0   2.4   2.8  17.0    2.30   SSE
 2  11.3  12.5   16.00   9.8    6.00   5.4   0.0   3.6   2.2  14.8    7.30   SSE
 3  11.1  16.1   13.30   7.4   00.00   6.0   0.0   0.0   0.7   4.0   22.00   NNE
 4   8.8  12.5   15.30   6.6    2.00   9.5   0.0  20.2   2.2  15.2   21.30   NNE
 5   8.3  10.6   16.00   5.9    6.30  10.0   0.0  20.0   3.4  20.6   21.00   SSE
 6   9.3  12.7   12.00   6.8   23.30   9.0   0.0  40.0   3.9  20.1   15.00   SSE
 7  10.6  15.9   16.30   5.5   22.00   7.7   0.0   0.8   2.5  12.1    5.30   NNE
 8  10.5  15.9   15.30   4.6   23.30   7.8   0.0   0.0   2.8  10.7   11.00   NNE
 9   9.4  18.1   14.30   2.5    5.00   8.9   0.0   0.0   1.2   7.2   14.00   NNE
10  11.7  20.1   13.30   3.1    5.30   6.9   0.3   0.0   2.1  11.2   11.30   NNE
11   9.7  17.4   15.00   3.3    8.00   8.6   0.0   0.0   1.7   9.8   11.30   NNE
12   8.9  16.4   15.00   2.7    7.00   9.4   0.0   0.0   1.3   6.3   13.00   NNW
13   9.8  16.1   15.00   4.6    6.00   8.5   0.0   0.0   2.5   8.9   10.30   NNE
14  11.6  20.8   15.00   4.5    3.30   7.1   0.4   0.0   1.7   6.7   13.00    NE
15  12.3  20.6   15.00   4.7    6.30   6.4   0.4   0.0   1.9   7.6   14.30   NNE
16  11.8  20.1   16.30   5.3    6.00   6.7   0.3   0.0   1.5   6.7   14.30     N
17  10.1  17.1   15.00   3.1    7.00   7.9   0.0   0.0   2.6  13.0   16.00   SSE
18  12.8  15.2   16.00  10.9    7.00   5.5   0.0   0.0   3.8  12.1   14.30   SSE
19  12.8  17.7   16.00   8.2   00.00   5.4   0.0   0.0   1.3   7.2    5.30   SSE
20  12.4  18.5   15.00   6.9    3.30   5.8   0.0   0.0   1.0   6.3   13.30     N
21  15.5  18.7   16.00  11.7   00.00   1.3   0.0   0.0   0.4   5.4   16.00   SSE
22  14.4  16.5   17.00  11.8    0.30   1.8   0.0   0.0   0.6   4.9   16.00   SSE
23  12.9  17.8   15.30  10.4    7.00   4.3   0.0   0.2   0.5   4.9   15.30   NNE
24  16.3  23.5   16.00  10.1    2.00   2.8   1.0   0.0   1.5   6.7   17.00   NNE
25  17.9  23.8   14.00  10.2   00.00   1.6   1.4   0.0   1.7  10.3   17.00   SSE
26  11.6  15.7   16.30   8.8    7.30   6.4   0.0   1.8   2.5  13.0   15.30   SSE
27  11.1  14.8   15.00   6.6   00.00   6.5   0.0   0.0   3.3  11.2   11.30   NNE
28  14.0  19.4   17.00   4.2    8.30   3.2   0.1   0.0   2.1   9.4   11.30   NNE
29  13.2  24.1   16.30   4.2    6.00   6.3   1.2   0.0   1.4   8.0   15.30   NNE
30  13.6  25.2   13.30   7.5    7.00   3.7   0.8   0.0   1.0   6.7   13.30   NNE
31  17.5  23.7   15.30   7.7    7.30   2.0   1.4   0.0   1.5   7.2   13.00     S
-------------------------------------------------------------------------------------
    12.0  25.2    30     2.5     9   189.4   7.3  89.0   1.9  20.6     5     NNE

Max >=  32.0:  0
Max <=   0.0:  0
Min <=   0.0:  0
Min <= -18.0:  0
Max Rain: 40.01 ON 06/03/17
Days of Rain: 8 (> .2 mm) 5 (> 2 mm) 2 (> 20 mm)
Heat Base:  18.3  Cool Base:  18.3  Method: Integration