NOAA-Style Climate Reports

NOAA style reports

Select a Year or Month report
V/Λ2021 > Jan Feb Mar Apr May Jun Jul Aug Sep Oct Nov Dec
V/Λ2020 > Jan Feb Mar Apr May Jun Jul Aug Sep Oct Nov Dec
V/Λ2019 > Jan Feb Mar Apr May Jun Jul Aug Sep Oct Nov Dec
V/Λ2018 > Jan Feb Mar Apr May Jun Jul Aug Sep Oct Nov Dec
V/Λ2017 > Jan Feb Mar Apr May Jun Jul Aug Sep Oct Nov Dec
V/Λ2016 > Jan Feb Mar Apr May Jun Jul Aug Sep Oct Nov Dec
V/Λ2015 > Jan Feb Mar Apr May Jun Jul Aug Sep Oct Nov Dec
V/Λ2014 > Jan Feb Mar Apr May Jun Jul Aug Sep Oct Nov Dec
V/Λ2013 > Jan Feb Mar Apr May Jun Jul Aug Sep Oct Nov Dec
V/Λ2012 > Jan Feb Mar Apr May Jun Jul Aug Sep Oct Nov Dec

Report for 2017 Apr
                   MONTHLY CLIMATOLOGICAL SUMMARY for APR. 2017

NAME: Gruppo Colle   CITY: Colle Bisenzio   STATE: PRATO - ITALY 
ELEV:   182 m  LAT:  43 59 29 N  LONG:  11 08 17 E

                   TEMPERATURE (░C), RAIN  (mm), WIND SPEED (m/s)

                                      HEAT  COOL        AVG
    MEAN                              DEG   DEG         WIND                 DOM
DAY TEMP  HIGH   TIME   LOW    TIME   DAYS  DAYS  RAIN  SPEED HIGH   TIME    DIR
------------------------------------------------------------------------------------
 1  13.1  21.2   16.30   5.9    7.30   5.7   0.5   0.0   1.2   6.3   16.00     N
 2  14.6  17.6   18.30  10.8    0.30   3.7   0.0   0.0   2.8   9.8   16.00   NNE
 3  16.7  22.6   15.30  11.9    7.30   2.6   1.0   0.0   2.9  11.2   16.30   NNE
 4  13.6  24.4   13.30   8.9    5.30   5.3   0.6   4.2   1.6   6.7   13.00     N
 5  13.8  17.9   16.00   8.7    1.30   4.0   0.0   0.0   2.3   8.5   10.00   NNE
 6  13.3  18.8   17.30   8.5   23.30   2.2   0.0   0.0   0.2   4.5   12.30     N
 7  17.4  20.9   17.00   6.8    8.30   0.8   0.4   0.0   1.1   6.7   14.30     S
 8  21.3  21.5   14.30  20.9   14.00   0.0   0.1   0.0   0.1   6.7   14.30   SSE
 9   9.3  14.1   22.00   7.2    5.00   2.8   0.0   0.0   0.2   2.7    5.30   NNW
10  15.7  22.6   16.30   8.1    6.00   2.8   0.9   0.0   1.6   9.4   15.00   SSE
11  15.1  21.0   15.30  11.1   00.00   3.6   0.3   0.0   1.1   8.0   16.00   NNE
12  16.7  25.0   14.30   9.5    4.00   3.3   1.9   0.0   1.7   6.3   15.30    NE
13  14.9  19.9   17.00  10.5   00.00   3.6   0.2   0.0   2.5  11.2   14.30   SSE
14  15.4  21.7   17.00   9.8    6.30   3.5   0.6   0.0   1.6   7.2   13.30   SSE
15  14.3  18.3   13.30  10.8    2.00   3.3   0.0   4.0   0.8   4.5   13.30   NNE
16  17.4  21.8   14.30  11.0   23.30   0.9   0.5   0.2   1.0   7.2   15.00   SSE
17   ---   ---     ---   ---     ---   0.0   0.0   0.0   0.0   0.0     ---   ---
18  10.4  17.6   13.30   6.4   00.00   4.6   0.0   3.4   2.2  13.0   21.00   NNE
19   8.7  14.5   14.00   1.7    7.00   7.0   0.0   0.0   1.9   9.8   11.00   NNE
20  14.4  15.4   17.00  12.8   12.00   0.8   0.0   0.0   0.7   8.9   15.00   NNE
21  13.1  17.4   17.00   0.8    6.30   1.8   0.0   0.0   0.8   7.6   15.30    NE
22  10.0  16.6   15.00   2.2    6.00   8.1   0.0   0.0   3.2  12.5   15.30   SSE
23  12.9  16.7   17.00   8.0   00.00   3.8   0.0   0.0   1.8   7.2    0.30   SSE
24  14.2  20.1   16.00   6.3    3.30   3.4   0.1   0.0   1.3   6.3   13.00   SSE
25  13.6  19.3   16.30   9.5    3.00   4.5   0.0   0.0   1.7   8.0   16.30   SSE
26  14.8  17.0   17.00  13.4    1.30   3.4   0.0   7.0   2.9  12.5   17.00    SE
27  14.7  17.3   17.00  10.8   23.30   2.7   0.0  15.4   3.0  11.2   00.00   SSE
28  11.7  14.0   16.00   8.1    7.30   3.0   0.0   4.2   2.9  18.3   13.00   SSE
29  16.2  17.6   15.00  13.8   20.30   0.5   0.0   0.0   0.6   7.2   17.00   NNE
30  10.9  19.7   16.30   5.8    5.00   3.9   0.1   0.0   1.5   6.7    8.00   NNW
-------------------------------------------------------------------------------------
    14.1  25.0    12     0.8    21    95.6   7.2  38.4   1.6  18.3    28     NNE

Max >=  32.0:  0
Max <=   0.0:  0
Min <=   0.0:  0
Min <= -18.0:  0
Max Rain: 15.39 ON 27/04/17
Days of Rain: 7 (> .2 mm) 6 (> 2 mm) 0 (> 20 mm)
Heat Base:  18.3  Cool Base:  18.3  Method: Integration