NOAA-Style Climate Reports

NOAA style reports

Select a Year or Month report
V/Λ2021 > Jan Feb Mar Apr May Jun Jul Aug Sep Oct Nov Dec
V/Λ2020 > Jan Feb Mar Apr May Jun Jul Aug Sep Oct Nov Dec
V/Λ2019 > Jan Feb Mar Apr May Jun Jul Aug Sep Oct Nov Dec
V/Λ2018 > Jan Feb Mar Apr May Jun Jul Aug Sep Oct Nov Dec
V/Λ2017 > Jan Feb Mar Apr May Jun Jul Aug Sep Oct Nov Dec
V/Λ2016 > Jan Feb Mar Apr May Jun Jul Aug Sep Oct Nov Dec
V/Λ2015 > Jan Feb Mar Apr May Jun Jul Aug Sep Oct Nov Dec
V/Λ2014 > Jan Feb Mar Apr May Jun Jul Aug Sep Oct Nov Dec
V/Λ2013 > Jan Feb Mar Apr May Jun Jul Aug Sep Oct Nov Dec
V/Λ2012 > Jan Feb Mar Apr May Jun Jul Aug Sep Oct Nov Dec

Report for 2017 May
                   MONTHLY CLIMATOLOGICAL SUMMARY for MAY. 2017

NAME: Gruppo Colle   CITY: Colle Bisenzio   STATE: PRATO - ITALY 
ELEV:   182 m  LAT:  43 59 29 N  LONG:  11 08 17 E

                   TEMPERATURE (░C), RAIN  (mm), WIND SPEED (m/s)

                                      HEAT  COOL        AVG
    MEAN                              DEG   DEG         WIND                 DOM
DAY TEMP  HIGH   TIME   LOW    TIME   DAYS  DAYS  RAIN  SPEED HIGH   TIME    DIR
------------------------------------------------------------------------------------
 1  12.9  17.9   12.00   7.3   23.30   2.6   0.0   7.0   1.4  10.7   12.30   SSE
 2  13.4  17.4   15.00   4.4    6.00   2.8   0.0   0.2   1.7   9.8   14.30   SSE
 3  17.0  18.7   16.30  12.7   12.30   0.4   0.0   1.2   0.8   7.6   15.30   SSE
 4  14.3  18.5   15.00   9.9    6.30   2.8   0.0   3.8   0.9   8.0   15.30   SSE
 5  15.3  21.5   15.30  10.6    7.30   3.5   0.6   0.0   1.2   5.8   13.00   NNE
 6  13.9  17.6   15.00  11.0    3.00   4.4   0.0  17.2   1.1   5.8   12.30   NNE
 7  12.8  17.6   13.30  10.1   22.00   5.5   0.0   1.6   0.4   4.5   16.00   NNE
 8  13.8  19.2   18.00   9.0    4.00   4.0   0.0   4.4   0.9   7.6   20.30   NNE
 9  14.7  19.8   16.30   9.9   00.00   2.0   0.1   0.8   1.1   8.9   14.00   NNE
10  15.3  23.1   17.00   7.0    7.00   4.1   1.0   0.0   1.5   7.2   13.30   NNE
11  17.2  24.4   14.00  11.1    5.00   2.5   1.5   0.0   0.8   5.4   19.30   NNE
12  19.1  22.3   16.30  14.1    0.30   0.6   1.1   0.0   1.7   8.9   13.00   SSE
13  20.4  21.9   15.00  17.3    9.00   0.0   0.9   0.0   1.9  12.1   16.00   SSE
14  17.3  21.9   15.00  11.6    4.30   1.8   0.9   0.0   1.7   8.0   13.30   SSE
15  18.3  24.9   16.00  12.4    5.30   2.0   2.0   1.2   1.8   8.5   12.00   NNE
16  20.3  25.5   16.00  13.7    1.30   0.7   2.7   0.0   2.6   9.8   12.00   NNE
17  20.1  27.6   15.00  12.7    4.30   1.7   3.6   0.0   2.2   8.0   16.00   NNE
18  20.3  28.3   16.00  12.5    6.30   1.5   3.5   0.0   1.5   5.8    1.00   NNE
19  18.7  24.2   13.30  12.8    6.00   1.6   2.0   0.0   1.7   9.4   12.00   SSE
20  15.7  21.7   15.30  12.2   00.00   2.9   0.5  10.4   1.6  10.7   14.30   NNE
21  18.2  25.1   17.00  11.3    4.00   2.4   2.3   0.0   2.2   9.4   13.30   NNE
22  19.2  28.4   15.00  11.6    6.00   2.1   3.0   0.0   1.2   6.3   18.00    NE
23  19.0  26.6   16.30  11.4    6.00   2.1   2.8   0.0   1.4   7.6   15.00     N
24  18.6  26.3   17.30  11.3    5.30   2.2   2.5   0.0   1.2   7.2   16.00     N
25  19.3  27.0   16.00  11.5    6.00   1.7   2.5   0.0   1.0   7.2   15.00    NE
26  23.1  27.1   14.30  15.2   00.00   0.2   3.1   0.0   0.9   6.7   14.30    NW
27  21.4  29.6   18.00  12.3    5.30   1.2   4.0   0.0   1.2   5.4    2.00    NE
28  21.9  31.7   15.30  13.0    6.00   1.4   5.0   0.0   1.1   4.9    5.00    NE
29  22.8  31.1   16.30  14.3    6.00   0.9   5.3   0.0   1.3   5.4   18.30   NNE
30  21.4  28.5   16.30  14.4    6.00   0.9   4.0   0.0   1.8   9.4   16.30   NNE
31  22.8  28.7   17.00  13.1    5.30   0.6   3.9   0.0   1.6   8.0   15.30   SSE
-------------------------------------------------------------------------------------
    18.0  31.7    28     4.4     2    63.2  58.7  47.8   1.4  12.1    13     NNE

Max >=  32.0:  0
Max <=   0.0:  0
Min <=   0.0:  0
Min <= -18.0:  0
Max Rain: 17.20 ON 06/05/17
Days of Rain: 10 (> .2 mm) 5 (> 2 mm) 0 (> 20 mm)
Heat Base:  18.3  Cool Base:  18.3  Method: Integration