NOAA-Style Climate Reports

NOAA style reports

Select a Year or Month report
V/Λ2021 > Jan Feb Mar Apr May Jun Jul Aug Sep Oct Nov Dec
V/Λ2020 > Jan Feb Mar Apr May Jun Jul Aug Sep Oct Nov Dec
V/Λ2019 > Jan Feb Mar Apr May Jun Jul Aug Sep Oct Nov Dec
V/Λ2018 > Jan Feb Mar Apr May Jun Jul Aug Sep Oct Nov Dec
V/Λ2017 > Jan Feb Mar Apr May Jun Jul Aug Sep Oct Nov Dec
V/Λ2016 > Jan Feb Mar Apr May Jun Jul Aug Sep Oct Nov Dec
V/Λ2015 > Jan Feb Mar Apr May Jun Jul Aug Sep Oct Nov Dec
V/Λ2014 > Jan Feb Mar Apr May Jun Jul Aug Sep Oct Nov Dec
V/Λ2013 > Jan Feb Mar Apr May Jun Jul Aug Sep Oct Nov Dec
V/Λ2012 > Jan Feb Mar Apr May Jun Jul Aug Sep Oct Nov Dec

Report for 2017 Jul
                   MONTHLY CLIMATOLOGICAL SUMMARY for JUL. 2017

NAME: Gruppo Colle   CITY: Colle Bisenzio   STATE: PRATO - ITALY 
ELEV:   182 m  LAT:  43 59 29 N  LONG:  11 08 17 E

                   TEMPERATURE (░C), RAIN  (mm), WIND SPEED (m/s)

                                      HEAT  COOL        AVG
    MEAN                              DEG   DEG         WIND                 DOM
DAY TEMP  HIGH   TIME   LOW    TIME   DAYS  DAYS  RAIN  SPEED HIGH   TIME    DIR
------------------------------------------------------------------------------------
 1  19.5  24.8   15.00  14.5   00.00   0.9   2.1   0.0   2.2  10.7   17.00   SSE
 2  20.3  28.4   17.00  12.7    6.30   1.7   3.7   0.0   1.2   7.2   19.00    NE
 3  22.4  30.3   15.30  14.0    5.30   1.0   5.1   0.0   1.3   6.7   14.30    NE
 4  23.3  31.8   16.30  14.9    5.30   0.7   5.7   0.0   1.3   6.3   13.00     N
 5  23.8  32.4   16.00  15.5    6.30   0.5   6.0   0.0   1.4   7.6   18.00   SSE
 6  23.9  33.3   17.00  15.3    6.00   0.7   6.3   0.0   1.4   7.2   17.30    NE
 7  24.2  32.9   16.00  15.2    6.30   0.6   6.4   0.0   1.9   9.4   15.00    NE
 8  25.8  34.4   17.00  16.4    6.00   0.2   7.7   0.0   1.2   6.3   15.30    NE
 9  27.2  35.3   14.00  20.1    6.30   0.0   8.9   0.0   1.3   7.2   15.00   SSE
10  24.5  30.6   16.00  17.5    5.00   0.0   6.2   0.0   2.5   9.4   20.00   SSE
11  25.2  31.1   16.30  21.2    6.00   0.0   6.7   0.0   3.0  11.6   17.30    SE
12  23.4  30.9   15.00  18.8    6.30   0.0   2.9   0.0   1.2   9.8   17.00   NNE
13  27.4  33.9   16.30  19.2    7.00   0.0   6.1   0.0   0.9   7.2   15.00   NNE
14  24.7  28.3   18.30  19.7    6.30   0.0   4.8   0.0   1.7  11.6   11.00   NNE
15  26.6  30.1   17.30  19.2    6.00   0.0   3.3   0.0   1.3   9.4   18.00   NNE
16  25.4  25.6   13.00  25.3   13.00   0.0   0.3   0.0   0.3  10.3   12.30     N
17  26.7  30.0   15.30  19.3   00.00   0.0   2.1   0.0   0.9   8.9   11.30   NNE
18  20.5  30.4   12.30  15.7    5.30   0.4   1.3   0.0   0.9   5.8    0.30    NE
19  28.0  31.8   16.00  20.0   00.00   0.0   5.7   0.0   1.4   8.0   15.30   SSE
20  24.7  32.0   17.30  15.8    6.30   0.2   6.6   0.0   1.7   7.2   14.00    NE
21  26.1  34.4   15.30  18.3    7.00   0.0   7.6   0.0   1.7   8.0   14.00    SE
22  25.7  32.8   16.00  18.2    5.30   0.0   7.3   0.0   2.0   8.0   13.30   NNE
23  24.7  31.5   15.30  17.6    6.30   0.0   6.4   0.0   2.3  11.2   16.00   SSE
24  24.5  28.5   16.00  20.5    3.00   0.0   6.2   0.0   3.0  17.0   15.00   SSE
25  21.2  27.2   10.30  16.1   23.30   0.1   3.0   2.6   0.9   8.9   16.00   NNE
26  20.9  26.9   18.00  14.5    5.30   0.7   3.3   2.4   1.4   9.4   15.30    NE
27  23.2  30.5   16.30  16.3    4.30   0.3   5.2   0.0   2.2   8.0   16.30   SSE
28  23.4  30.4   17.30  16.2    6.30   0.2   5.3   0.0   1.9   9.4   16.30   NNE
29  25.6  32.0   17.00  18.0    4.30   0.0   2.9   0.0   0.8   8.5   16.00   NNE
30  21.0  26.7   10.00  18.8    6.00   0.0   0.7   0.0   0.4   4.0    5.00   NNE
31  32.8  37.8   17.00  21.7    8.30   0.0   7.9   0.0   0.7   5.8   14.00   SSE
-------------------------------------------------------------------------------------
    24.4  37.8    31    12.7     2     8.1 153.6   5.0   1.5  17.0    24     SSE

Max >=  32.0: 11
Max <=   0.0:  0
Min <=   0.0:  0
Min <= -18.0:  0
Max Rain: 2.59 ON 25/07/17
Days of Rain: 2 (> .2 mm) 2 (> 2 mm) 0 (> 20 mm)
Heat Base:  18.3  Cool Base:  18.3  Method: Integration