NOAA-Style Climate Reports

NOAA style reports

Select a Year or Month report
V/Λ2021 > Jan Feb Mar Apr May Jun Jul Aug Sep Oct Nov Dec
V/Λ2020 > Jan Feb Mar Apr May Jun Jul Aug Sep Oct Nov Dec
V/Λ2019 > Jan Feb Mar Apr May Jun Jul Aug Sep Oct Nov Dec
V/Λ2018 > Jan Feb Mar Apr May Jun Jul Aug Sep Oct Nov Dec
V/Λ2017 > Jan Feb Mar Apr May Jun Jul Aug Sep Oct Nov Dec
V/Λ2016 > Jan Feb Mar Apr May Jun Jul Aug Sep Oct Nov Dec
V/Λ2015 > Jan Feb Mar Apr May Jun Jul Aug Sep Oct Nov Dec
V/Λ2014 > Jan Feb Mar Apr May Jun Jul Aug Sep Oct Nov Dec
V/Λ2013 > Jan Feb Mar Apr May Jun Jul Aug Sep Oct Nov Dec
V/Λ2012 > Jan Feb Mar Apr May Jun Jul Aug Sep Oct Nov Dec

Report for 2017 Aug
                   MONTHLY CLIMATOLOGICAL SUMMARY for AUG. 2017

NAME: Gruppo Colle   CITY: Colle Bisenzio   STATE: PRATO - ITALY 
ELEV:   182 m  LAT:  43 59 29 N  LONG:  11 08 17 E

                   TEMPERATURE (░C), RAIN  (mm), WIND SPEED (m/s)

                                      HEAT  COOL        AVG
    MEAN                              DEG   DEG         WIND                 DOM
DAY TEMP  HIGH   TIME   LOW    TIME   DAYS  DAYS  RAIN  SPEED HIGH   TIME    DIR
------------------------------------------------------------------------------------
 1  28.4  39.1   15.30  22.0    6.30   0.0   8.0   0.0   1.3   7.2   14.00    NE
 2  28.9  38.1   17.00  19.7    6.00   0.0  10.3   0.0   1.8   9.4   15.30    NE
 3  29.1  38.2   17.00  20.8    6.30   0.0  10.4   0.0   1.9   8.9   13.00    NE
 4  28.0  37.3   17.00  19.3    6.00   0.0   9.5   0.0   1.8   8.9   15.30    NE
 5  28.2  37.6   16.30  18.9    7.00   0.0   9.9   0.0   1.6   8.0   15.00    NE
 6  27.4  34.9   16.00  19.2    5.00   0.0   9.1   0.0   1.9   8.5   16.30    NE
 7  27.1  33.1   15.30  21.3    6.30   0.0   8.7   0.0   2.6   8.5    9.30   NNE
 8  27.6  35.4   16.30  20.3    7.00   0.0   9.3   0.0   2.3  10.3   18.30    NE
 9  27.2  34.6   16.30  19.5    6.30   0.0   8.9   0.0   1.8   8.9   16.30   SSE
10  24.3  29.8   13.00  17.8   00.00   0.0   6.0   2.2   1.4   8.9   13.30   NNE
11  20.4  24.9   13.30  16.4    3.30   0.4   2.5   1.2   3.8  16.1   13.00   SSE
12  20.6  27.6   17.00  15.3    6.30   0.8   3.1   0.2   1.2   7.2   18.00   NNE
13  22.1  30.8   17.00  13.0    7.30   1.3   5.1   0.0   0.9   7.2   14.30   NNE
14  24.3  33.5   18.00  14.8    6.30   0.6   6.6   0.0   0.9   4.5   12.00    NE
15  26.1  34.1   15.30  17.4    8.00   0.0   7.0   0.0   1.3   7.2   15.00   SSE
16  24.6  33.8   17.30  15.5    6.00   0.4   6.7   0.0   1.2   5.8   13.00    NE
17  27.0  35.4   15.30  19.5    5.30   0.0   8.7   0.0   1.9   8.9   17.30    NE
18  27.8  36.3   16.00  19.9    5.30   0.0   9.5   0.0   1.6   6.7   13.30    NE
19  24.7  31.2   17.00  18.3    5.00   0.0   6.4   0.0   2.1  11.2   15.00   SSE
20  23.0  28.1   16.30  17.0    4.30   0.1   4.8   0.0   3.4  10.7   13.30   NNE
21  22.9  27.7   15.30  17.3   00.00   0.0   4.4   0.0   2.6  11.2   11.00   NNE
22  22.1  30.2   17.00  14.7    6.30   0.8   4.6   0.0   2.0   7.6   13.30   NNE
23  22.7  31.2   17.00  14.1    6.30   0.7   5.1   0.0   1.5   7.2   16.30    NE
24  23.2  31.3   17.00  15.1    6.00   0.7   5.5   0.0   1.6   8.9   13.00   SSE
25  24.9  32.4   17.00  16.6    5.30   0.1   6.2   0.0   1.3   8.5   17.00     N
26  24.8  33.8   16.00  16.5    6.30   0.2   6.6   0.0   1.4   7.6   14.30    NE
27  25.4  35.1   17.00  16.3    7.00   0.2   7.4   0.0   1.5   7.2   15.00     S
28  22.5  32.9   14.00  17.4    6.30   0.0   4.2   7.4   1.3  10.3   17.00   NNE
29  24.7  33.7   16.00  17.3    7.00   0.1   6.5   0.0   2.2   7.2   13.30   NNE
30  25.4  33.9   16.30  17.9    7.00   0.0   7.1   0.0   1.6   7.2   17.30    NE
31  24.3  32.7   16.30  16.7    6.30   0.1   6.2   0.0   1.5  10.3   17.30   SSE
-------------------------------------------------------------------------------------
    25.2  39.1     1    13.0    13     6.5 214.1  11.0   1.8  16.1    11      NE

Max >=  32.0: 21
Max <=   0.0:  0
Min <=   0.0:  0
Min <= -18.0:  0
Max Rain: 7.39 ON 28/08/17
Days of Rain: 4 (> .2 mm) 2 (> 2 mm) 0 (> 20 mm)
Heat Base:  18.3  Cool Base:  18.3  Method: Integration