NOAA-Style Climate Reports

NOAA style reports

Select a Year or Month report
V/Λ2021 > Jan Feb Mar Apr May Jun Jul Aug Sep Oct Nov Dec
V/Λ2020 > Jan Feb Mar Apr May Jun Jul Aug Sep Oct Nov Dec
V/Λ2019 > Jan Feb Mar Apr May Jun Jul Aug Sep Oct Nov Dec
V/Λ2018 > Jan Feb Mar Apr May Jun Jul Aug Sep Oct Nov Dec
V/Λ2017 > Jan Feb Mar Apr May Jun Jul Aug Sep Oct Nov Dec
V/Λ2016 > Jan Feb Mar Apr May Jun Jul Aug Sep Oct Nov Dec
V/Λ2015 > Jan Feb Mar Apr May Jun Jul Aug Sep Oct Nov Dec
V/Λ2014 > Jan Feb Mar Apr May Jun Jul Aug Sep Oct Nov Dec
V/Λ2013 > Jan Feb Mar Apr May Jun Jul Aug Sep Oct Nov Dec
V/Λ2012 > Jan Feb Mar Apr May Jun Jul Aug Sep Oct Nov Dec

Report for 2017 Dec
                   MONTHLY CLIMATOLOGICAL SUMMARY for NOV. 2017

NAME: Gruppo Colle   CITY: Colle Bisenzio   STATE: PRATO - ITALY 
ELEV:   182 m  LAT:  43 59 29 N  LONG:  11 08 17 E

                   TEMPERATURE (░C), RAIN  (mm), WIND SPEED (m/s)

                                      HEAT  COOL        AVG
    MEAN                              DEG   DEG         WIND                 DOM
DAY TEMP  HIGH   TIME   LOW    TIME   DAYS  DAYS  RAIN  SPEED HIGH   TIME    DIR
------------------------------------------------------------------------------------
 1  10.5  18.7   15.00   4.7   00.00   6.0   0.0   0.0   0.8   4.9    1.00     N
 2  11.1  14.8   15.30   3.8    2.30   5.6   0.0   2.8   0.5   3.1    8.00   SSE
 3  14.1  17.1   14.00  11.7    2.30   3.1   0.0   1.2   0.2   3.6    1.30   NNE
 4  14.6  18.1   13.00  10.7    7.30   2.9   0.0   0.0   0.3   4.5   15.30   NNE
 5  12.4  14.1   21.00  10.8    2.30   3.5   0.0  31.4   0.6  10.7   21.30   NNE
 6  10.9  14.4   13.00   8.7   00.00   2.6   0.0  32.6   0.5   5.4   13.00   NNE
 7   8.6  11.3   16.00   6.8   23.00   6.6   0.0  10.8   0.7   4.5   21.00   NNE
 8  10.6  15.4   12.00   7.4    7.30   6.1   0.0   0.0   0.8   4.5   14.00   NNE
 9  11.4  14.2   14.30   8.2    0.30   2.5   0.0   0.0   0.4   3.1   14.00   NNE
10  11.4  15.4   15.00   6.3   00.00   4.7   0.0   0.0   1.5   8.0   10.30   NNE
11   9.7  15.1   13.30   5.2    8.00   6.6   0.0   0.0   0.6   4.9   14.00   NNE
12  11.4  14.7   13.00   7.7    2.30   5.5   0.0  16.4   1.2  11.6   00.00    SE
13   4.5  12.3    0.30   2.4   14.30   9.2   0.0  17.2   3.4  13.0    0.30   NNE
14   8.7   9.9   14.00   5.5    2.30   7.2   0.0   0.0   4.9  17.0   22.00   NNE
15   8.9   9.7   21.30   7.9   00.00   7.2   0.0   0.0   4.8  15.6   12.30   NNE
16  11.0  13.7   15.00   7.9    1.00   5.5   0.0   0.0   3.0  10.7   11.00   NNE
17  11.9  14.7   14.00   6.9    2.30   4.8   0.0   0.0   3.5  11.2   16.00   NNE
18   9.4  13.3   13.00   3.4   23.30   6.7   0.0   0.0   2.4  11.2    9.30   NNE
19   6.9  13.0   15.00   2.4    2.00   8.8   0.0   0.0   0.7   5.4   22.30    NE
20   6.1  13.0   15.00   0.9    8.00   9.4   0.0   0.0   1.0   6.3    2.00   NNE
21   8.1  11.4   15.30   3.7    0.30   7.4   0.0   0.0   0.4   3.6    2.00   NNE
22  10.9  13.5   16.00   6.6    2.00   5.4   0.0   0.0   0.2   1.8    0.30   SSE
23  11.7  14.1   15.00   7.8    8.30   4.9   0.0   0.0   0.4   3.1   14.30   NNE
24  11.6  15.0   14.30   9.6   23.30   5.2   0.0   0.0   0.5   4.0   14.00   NNE
25  13.7  14.5   15.00  12.5   10.30   2.7   0.0  27.6   1.7  13.9   22.30   SSE
26   5.8  13.0    0.30   3.1   23.00   8.3   0.0   1.2   2.4  13.0   13.00   NNE
27   4.1  10.1   14.30  -0.8   23.30  10.6   0.0   0.0   1.0   7.6   12.30   NNE
28   3.3   5.5   13.30  -1.4    2.00  10.9   0.0   5.4   0.8   3.6    9.00   NNE
29   8.2   9.4   16.00   4.3    1.00   2.9   0.0   2.4   0.1   2.2    0.30   NNE
30   5.8   8.8   14.00   1.7   21.30   6.3   0.0   0.0   0.5   6.3   14.30   NNE
-------------------------------------------------------------------------------------
     9.6  18.7     1    -1.4    28   179.1   0.0 149.0   1.3  17.0    14     NNE

Max >=  32.0:  0
Max <=   0.0:  0
Min <=   0.0:  2
Min <= -18.0:  0
Max Rain: 32.59 ON 06/11/17
Days of Rain: 11 (> .2 mm) 9 (> 2 mm) 3 (> 20 mm)
Heat Base:  18.3  Cool Base:  18.3  Method: Integration