NOAA-Style Climate Reports

NOAA style reports

Select a Year or Month report
V/Λ2021 > Jan Feb Mar Apr May Jun Jul Aug Sep Oct Nov Dec
V/Λ2020 > Jan Feb Mar Apr May Jun Jul Aug Sep Oct Nov Dec
V/Λ2019 > Jan Feb Mar Apr May Jun Jul Aug Sep Oct Nov Dec
V/Λ2018 > Jan Feb Mar Apr May Jun Jul Aug Sep Oct Nov Dec
V/Λ2017 > Jan Feb Mar Apr May Jun Jul Aug Sep Oct Nov Dec
V/Λ2016 > Jan Feb Mar Apr May Jun Jul Aug Sep Oct Nov Dec
V/Λ2015 > Jan Feb Mar Apr May Jun Jul Aug Sep Oct Nov Dec
V/Λ2014 > Jan Feb Mar Apr May Jun Jul Aug Sep Oct Nov Dec
V/Λ2013 > Jan Feb Mar Apr May Jun Jul Aug Sep Oct Nov Dec
V/Λ2012 > Jan Feb Mar Apr May Jun Jul Aug Sep Oct Nov Dec

Report for 2018 Apr
                   MONTHLY CLIMATOLOGICAL SUMMARY for APR. 2018

NAME: Gruppo Colle   CITY: Colle Bisenzio   STATE: PRATO - ITALY 
ELEV:   182 m  LAT:  43 59 29 N  LONG:  11 08 17 E

                   TEMPERATURE (░C), RAIN  (mm), WIND SPEED (m/s)

                                      HEAT  COOL        AVG
    MEAN                              DEG   DEG         WIND                 DOM
DAY TEMP  HIGH   TIME   LOW    TIME   DAYS  DAYS  RAIN  SPEED HIGH   TIME    DIR
------------------------------------------------------------------------------------
 1  12.1  15.4   14.30   6.8   00.00   3.4   0.0   0.0   1.7  12.1   17.30   SSE
 2  11.4  17.1   16.30   6.7    0.30   6.9   0.0   0.0   2.1   8.5   15.30   SSE
 3  11.9  18.4   17.30   8.4    3.30   5.3   0.0   0.0   0.5   7.6   14.30     N
 4  11.2  12.8   23.00   8.3    1.00   4.0   0.0  19.8   0.6   8.9   00.00   NNE
 5  12.4  16.3   13.30   8.4   00.00   5.9   0.0   6.8   1.3   8.5   16.30   NNE
 6  16.4  21.6   17.00   7.8    1.00   1.8   0.5   0.2   1.2   7.6   14.00     S
 7  15.0  23.9   16.30   8.4    7.30   4.4   1.1   0.0   1.8   6.3    8.00   NNE
 8  15.8  23.7   17.30   8.1    7.00   3.8   1.2   0.0   1.5   7.6   18.30    NE
 9  12.1  16.0    0.30   9.7   10.00   6.3   0.0   7.6   1.7   7.6    4.00    NE
10  11.7  15.4   13.30   9.6   23.30   6.1   0.0  11.4   1.7  12.1   13.30   SSE
11  12.2  16.2   13.00   9.3    5.30   6.1   0.0   2.4   1.2   5.8   12.00   NNE
12  13.1  18.9   14.30   9.7   23.00   5.2   0.0   0.8   0.4   4.0    3.30   NNE
13  12.6  18.3   18.00   7.2    6.00   5.7   0.0   5.0   1.3   8.9   12.30   NNE
14  15.3  21.0   14.30   8.6    5.30   3.4   0.5   0.0   3.7  10.3   17.30   NNE
15  16.3  18.7   15.30  12.7   00.00   2.0   0.0   0.2   3.0  10.3    6.30   NNE
16  16.7  24.5   14.00  11.2    2.00   3.0   1.5   5.2   1.5   6.3   19.00   NNE
17  16.6  23.6   16.30  10.6    7.30   3.2   1.5   0.2   2.0  10.3   17.00   NNE
18  18.4  22.6   15.30  14.1    5.00   1.5   1.6   0.0   3.7  14.8   12.00   NNE
19  18.6  24.2   16.30  12.7    6.30   1.6   1.8   0.0   2.9   9.8   10.30   NNE
20  20.3  26.7   14.30  13.7    3.00   1.3   3.2   0.0   2.8  10.3   10.30   NNE
21  20.3  28.2   15.00  12.8    4.00   1.7   3.7   0.0   2.1   8.5   11.00   NNE
22  17.6  25.9   16.30   9.8    7.00   3.1   2.4   0.0   1.5   8.5   14.30     S
23  16.6  24.3   17.00   9.6    5.30   3.3   1.6   0.0   1.8   9.8   13.30   SSE
24  16.7  24.9   16.30   9.4    6.00   3.4   1.7   0.0   1.4   8.5   16.00     N
25  17.3  24.7   16.30   9.3    6.30   3.0   2.0   0.0   1.8   9.4   14.30   SSE
26  17.7  25.1   17.30  11.7    3.30   2.6   2.0   0.0   1.4   8.0   15.00     N
27  19.3  27.7   14.30  11.4    7.00   2.1   3.2   0.0   1.7   5.8   17.00   NNE
28  20.7  28.2   14.00  14.7    6.30   1.0   3.4   0.0   1.6   7.2   11.30   NNE
29  18.8  25.8   17.30  12.7    7.00   1.8   2.4   0.0   0.9   7.6   20.00   NNE
30  15.8  19.0   15.00  10.6   00.00   2.6   0.0   0.0   3.4  13.9   15.00   SSE
-------------------------------------------------------------------------------------
    15.7  28.2    21     6.7     2   105.4  35.4  59.6   1.8  14.8    18     NNE

Max >=  32.0:  0
Max <=   0.0:  0
Min <=   0.0:  0
Min <= -18.0:  0
Max Rain: 19.81 ON 04/04/18
Days of Rain: 11 (> .2 mm) 7 (> 2 mm) 0 (> 20 mm)
Heat Base:  18.3  Cool Base:  18.3  Method: Integration