NOAA-Style Climate Reports

NOAA style reports

Select a Year or Month report
V/Λ2021 > Jan Feb Mar Apr May Jun Jul Aug Sep Oct Nov Dec
V/Λ2020 > Jan Feb Mar Apr May Jun Jul Aug Sep Oct Nov Dec
V/Λ2019 > Jan Feb Mar Apr May Jun Jul Aug Sep Oct Nov Dec
V/Λ2018 > Jan Feb Mar Apr May Jun Jul Aug Sep Oct Nov Dec
V/Λ2017 > Jan Feb Mar Apr May Jun Jul Aug Sep Oct Nov Dec
V/Λ2016 > Jan Feb Mar Apr May Jun Jul Aug Sep Oct Nov Dec
V/Λ2015 > Jan Feb Mar Apr May Jun Jul Aug Sep Oct Nov Dec
V/Λ2014 > Jan Feb Mar Apr May Jun Jul Aug Sep Oct Nov Dec
V/Λ2013 > Jan Feb Mar Apr May Jun Jul Aug Sep Oct Nov Dec
V/Λ2012 > Jan Feb Mar Apr May Jun Jul Aug Sep Oct Nov Dec

Report for 2018 Aug
                   MONTHLY CLIMATOLOGICAL SUMMARY for AUG. 2018

NAME: Gruppo Colle   CITY: Colle Bisenzio   STATE: PRATO - ITALY 
ELEV:   182 m  LAT:  43 59 29 N  LONG:  11 08 17 E

                   TEMPERATURE (░C), RAIN  (mm), WIND SPEED (m/s)

                                      HEAT  COOL        AVG
    MEAN                              DEG   DEG         WIND                 DOM
DAY TEMP  HIGH   TIME   LOW    TIME   DAYS  DAYS  RAIN  SPEED HIGH   TIME    DIR
------------------------------------------------------------------------------------
 1  28.5  36.2   14.00  21.9    5.00   0.0  10.2   0.0   1.0   4.9   12.00    NE
 2  25.7  35.1   12.30  21.7    6.00   0.0   7.4   0.2   1.7   8.0   16.00   NNE
 3  26.9  31.8   16.30  22.8    1.00   0.0   8.6   0.0   3.2  12.1   12.00   NNE
 4  27.7  32.8   18.00  22.3    4.30   0.0   9.4   0.0   2.8   9.4   14.30   NNE
 5  27.4  34.7   17.00  20.2    5.30   0.0   9.1   0.0   1.9   8.0   15.00   NNE
 6  27.6  36.2   15.30  20.6    7.00   0.0   9.2   0.0   1.4   6.3   13.30    NE
 7  26.1  34.4   15.00  19.3    5.30   0.0   7.8   0.0   1.3  12.1   17.00    NE
 8  24.6  34.1   17.00  18.7    6.00   0.0   6.2  41.2   1.3  11.6   19.00    NE
 9  24.9  33.7   17.30  17.9    6.00   0.0   6.6   0.2   0.9   6.7   16.30    NE
10  25.1  30.8   15.00  19.3    3.00   0.0   6.4   0.0   1.6  10.3   14.00   SSE
11  24.3  30.8   15.00  19.0   00.00   0.0   6.0   0.0   1.6  11.2   14.00   SSE
12  23.7  32.4   16.00  17.1    5.30   0.2   5.5   0.0   1.0   6.7   15.30    NE
13  22.5  29.6   14.30  15.1    6.30   0.5   4.6   0.0   1.8   8.9   15.30   SSE
14  21.5  27.8   16.00  17.3   00.00   0.1   3.3   6.4   1.1  12.5   17.00   NNE
15  22.1  27.3   16.00  17.4    0.30   0.0   3.5   0.2   2.5   9.8   16.30   NNE
16  24.1  29.5   16.30  17.6    3.00   0.0   5.4   0.0   2.2  10.7   11.30   NNE
17  23.5  32.2   18.30  16.1    7.00   0.4   5.6   0.0   1.1   5.4    4.30    NE
18  24.3  31.8   15.00  17.1    6.30   0.1   6.0   0.0   1.6   8.0   16.00    NE
19  25.0  31.1   15.30  18.9    7.30   0.0   6.7   0.0   2.6   9.4   11.30   NNE
20  25.6  31.6   17.30  19.7    6.00   0.0   7.2   0.0   2.5   9.4   13.00   NNE
21  25.7  32.7   15.30  18.9    6.30   0.0   7.4   0.0   2.5   9.4   16.00   NNE
22  24.7  33.4   13.30  17.9    7.00   0.0   6.4   0.0   1.4   8.0   14.30    NE
23  21.7  33.2   12.30  16.8    7.00   0.2   3.6  14.6   1.0   7.6   15.30    NE
24  22.7  31.8   16.30  15.5    6.30   0.7   5.2   0.2   1.3   9.4   17.00    NE
25  23.2  29.5   15.30  19.0    2.00   0.0   4.9   0.2   1.8  11.2   17.00    SE
26  19.0  21.4   15.00  14.6   00.00   0.5   1.2  12.2   3.0  12.1   14.30   NNE
27  18.7  26.3   16.00  12.2    6.30   2.1   2.5   0.0   2.4   8.9   13.30   NNE
28  21.1  29.8   15.30  12.2    6.30   1.6   4.5   0.0   2.1   8.9   15.00    NE
29  22.5  31.5   16.30  14.7    7.00   0.8   5.0   0.0   1.3   5.4   13.30    NE
30  22.1  29.5   17.00  15.7    4.30   0.6   4.4   0.0   1.1   7.2   17.00    SE
31  20.2  26.9   14.00  17.1    4.00   0.3   2.1  17.0   0.5  10.3   15.30    NE
-------------------------------------------------------------------------------------
    24.0  36.2     6    12.2    27     8.1 181.9  92.4   1.7  12.5    14     NNE

Max >=  32.0: 13
Max <=   0.0:  0
Min <=   0.0:  0
Min <= -18.0:  0
Max Rain: 41.20 ON 08/08/18
Days of Rain: 10 (> .2 mm) 5 (> 2 mm) 1 (> 20 mm)
Heat Base:  18.3  Cool Base:  18.3  Method: Integration