NOAA-Style Climate Reports

NOAA style reports

Select a Year or Month report
V/Λ2021 > Jan Feb Mar Apr May Jun Jul Aug Sep Oct Nov Dec
V/Λ2020 > Jan Feb Mar Apr May Jun Jul Aug Sep Oct Nov Dec
V/Λ2019 > Jan Feb Mar Apr May Jun Jul Aug Sep Oct Nov Dec
V/Λ2018 > Jan Feb Mar Apr May Jun Jul Aug Sep Oct Nov Dec
V/Λ2017 > Jan Feb Mar Apr May Jun Jul Aug Sep Oct Nov Dec
V/Λ2016 > Jan Feb Mar Apr May Jun Jul Aug Sep Oct Nov Dec
V/Λ2015 > Jan Feb Mar Apr May Jun Jul Aug Sep Oct Nov Dec
V/Λ2014 > Jan Feb Mar Apr May Jun Jul Aug Sep Oct Nov Dec
V/Λ2013 > Jan Feb Mar Apr May Jun Jul Aug Sep Oct Nov Dec
V/Λ2012 > Jan Feb Mar Apr May Jun Jul Aug Sep Oct Nov Dec

Report for 2018 Oct
                   MONTHLY CLIMATOLOGICAL SUMMARY for OCT. 2018

NAME: Gruppo Colle   CITY: Colle Bisenzio   STATE: PRATO - ITALY 
ELEV:   182 m  LAT:  43 59 29 N  LONG:  11 08 17 E

                   TEMPERATURE (░C), RAIN  (mm), WIND SPEED (m/s)

                                      HEAT  COOL        AVG
    MEAN                              DEG   DEG         WIND                 DOM
DAY TEMP  HIGH   TIME   LOW    TIME   DAYS  DAYS  RAIN  SPEED HIGH   TIME    DIR
------------------------------------------------------------------------------------
 1  14.3  17.7   16.00  11.2    2.30   4.0   0.0  21.6   1.2   8.9   00.00   NNE
 2  13.9  17.8   16.30  11.2   00.00   4.4   0.0   0.0   4.0  11.6    5.30   NNE
 3  15.2  23.1   15.00   8.2    8.00   4.2   1.1   0.0   2.8   8.0   17.30   NNE
 4  18.5  24.2   16.00  12.7    1.00   1.3   1.5   0.0   3.0  11.2   11.00   NNE
 5  17.4  22.2   13.00  13.1    3.30   1.5   0.7   0.2   2.8   9.8   12.00   NNE
 6  15.9  19.6   13.30  14.0    1.30   2.5   0.1  11.0   1.7   5.8    5.00   NNE
 7  17.2  21.3   17.00  13.8   00.00   1.4   0.5   0.6   0.4   4.0   12.30    NE
 8  17.7  23.6   15.30  12.3    4.30   1.8   1.3   0.0   1.6   7.2   13.30   NNE
 9  17.9  23.7   15.30  13.5    6.30   1.9   1.5   0.0   2.4   8.5   14.00   NNE
10  18.5  25.9   14.30  13.6    6.30   1.6   1.8   0.0   1.7   5.4    9.00    NE
11  18.7  23.8   16.00  14.3    4.00   0.7   1.0   0.0   0.8   3.6    4.00   NNE
12  19.2  24.7   16.00  14.4    6.30   0.9   1.8   0.0   1.8   7.6   13.00   NNE
13  18.0  24.2   14.30  12.4    5.00   1.7   1.5   0.0   2.1   7.2   15.30   NNE
14  17.6  23.8   15.00  11.3    4.30   1.9   1.3   0.0   1.9   6.3   12.00   NNE
15  17.2  22.6   15.00  11.7    4.30   1.9   1.0   0.0   2.0   7.6   15.00   NNE
16  18.3  22.0   14.00  14.4    1.30   0.8   0.8   0.0   2.1   7.6   13.00   NNE
17  17.6  20.5   14.30  15.3    8.30   0.8   0.3   7.0   2.0   7.6   14.30   NNE
18  19.4  23.7   14.00  15.2    3.00   0.6   1.5   0.0   2.4   8.9   12.00   NNE
19  19.0  25.2   15.30  14.5    4.00   1.2   1.8   0.0   2.1   6.7   16.00   NNE
20  18.4  24.7   15.30  13.1    5.00   1.5   1.6   0.0   2.0   7.6   14.00   NNE
21  15.4  22.3   14.00   9.2   23.00   3.1   0.8   0.2   2.0  12.1   18.30   NNE
22  13.6  16.1   16.00  10.2    0.30   4.0   0.0   0.0   4.6  14.8   13.30   NNE
23  14.7  20.5   16.00   8.4   00.00   3.9   0.2   0.0   3.7  13.0    1.00   NNE
24  12.5  20.6   16.30   6.9    7.30   6.0   0.2   0.0   0.9   5.4   14.30     N
25  15.2  21.2   15.30   8.4    5.30   3.1   0.4   0.0   1.2   8.0   17.00     N
26  16.8  18.9   16.00  14.0    1.00   1.3   0.0   0.2   0.7   7.2   23.30     N
27  19.4  22.4   14.00  16.5    6.00   0.3   1.3   2.2   4.2  17.4   13.30   SSE
28  17.8  21.4   10.00  15.0   21.00   1.1   0.7   8.8   3.1  16.1    3.00   SSE
29  17.0  21.8   15.30  13.8   00.00   1.8   0.7  22.0   2.4  17.0   19.30    SE
30  11.8  14.3   13.30   9.1   00.00   5.7   0.0  11.2   2.5  21.0    3.30   SSE
31  12.4  17.3   14.30   8.3    1.30   5.6   0.0   1.2   0.7   5.8   15.00   NNE
-------------------------------------------------------------------------------------
    16.7  25.9    10     6.9    24    72.6  25.5  86.2   2.2  21.0    30     NNE

Max >=  32.0:  0
Max <=   0.0:  0
Min <=   0.0:  0
Min <= -18.0:  0
Max Rain: 22.00 ON 29/10/18
Days of Rain: 12 (> .2 mm) 7 (> 2 mm) 2 (> 20 mm)
Heat Base:  18.3  Cool Base:  18.3  Method: Integration