NOAA-Style Climate Reports

NOAA style reports

Select a Year or Month report
V/Λ2021 > Jan Feb Mar Apr May Jun Jul Aug Sep Oct Nov Dec
V/Λ2020 > Jan Feb Mar Apr May Jun Jul Aug Sep Oct Nov Dec
V/Λ2019 > Jan Feb Mar Apr May Jun Jul Aug Sep Oct Nov Dec
V/Λ2018 > Jan Feb Mar Apr May Jun Jul Aug Sep Oct Nov Dec
V/Λ2017 > Jan Feb Mar Apr May Jun Jul Aug Sep Oct Nov Dec
V/Λ2016 > Jan Feb Mar Apr May Jun Jul Aug Sep Oct Nov Dec
V/Λ2015 > Jan Feb Mar Apr May Jun Jul Aug Sep Oct Nov Dec
V/Λ2014 > Jan Feb Mar Apr May Jun Jul Aug Sep Oct Nov Dec
V/Λ2013 > Jan Feb Mar Apr May Jun Jul Aug Sep Oct Nov Dec
V/Λ2012 > Jan Feb Mar Apr May Jun Jul Aug Sep Oct Nov Dec

Report for 2019 Oct
                   MONTHLY CLIMATOLOGICAL SUMMARY for NOV. 2018

NAME: Gruppo Colle   CITY: Colle Bisenzio   STATE: PRATO - ITALY 
ELEV:   182 m  LAT:  43 59 29 N  LONG:  11 08 17 E

                   TEMPERATURE (░C), RAIN  (mm), WIND SPEED (m/s)

                                      HEAT  COOL        AVG
    MEAN                              DEG   DEG         WIND                 DOM
DAY TEMP  HIGH   TIME   LOW    TIME   DAYS  DAYS  RAIN  SPEED HIGH   TIME    DIR
------------------------------------------------------------------------------------
 1  13.7  18.3   16.00  11.5   22.00   3.3   0.0   1.4   0.5   4.5   12.00   NNE
 2  14.6  16.8   13.00  11.9    0.30   2.8   0.0   0.2   0.8   4.5   14.00    NE
 3  16.4  19.3   13.00  12.3    8.00   1.5   0.1   0.0   2.3   7.6   21.00   NNE
 4  16.3  19.3   15.30  13.3   00.00   1.7   0.0   6.2   1.3   6.7    1.00   NNE
 5  15.6  20.5   12.00  11.3    8.30   2.3   0.2   1.2   0.4   3.6   11.30   NNE
 6  14.6  16.4   15.00  13.4   00.00   2.5   0.0   3.2   0.2   3.6   19.00   NNE
 7  14.2  17.7   13.30  12.6   00.00   3.0   0.0   2.6   0.4   5.4   19.00   NNE
 8  13.1  18.3   14.30   9.3   00.00   4.1   0.0   0.0   0.4   4.5   14.00   NNE
 9  13.0  18.6   15.00   8.6    2.00   4.2   0.0   0.0   0.5   6.3   14.00     N
10  12.5  18.5   15.00   7.9    8.30   4.5   0.0   0.0   0.6   5.4   13.30     N
11  12.7  14.5   16.00   9.9    2.30   3.7   0.0   0.6   0.1   2.7   16.00   NNE
12  13.3  18.3   12.30   9.5   00.00   3.9   0.0   0.2   0.4   4.5   12.30     N
13  13.0  17.4   13.00   8.3    2.30   4.0   0.0   0.0   0.5   5.4   13.30     N
14  13.4  16.4   14.30   9.9    2.30   3.5   0.0   0.0   0.8   5.4   16.00   NNE
15  13.3  17.0   13.00   9.1   21.30   3.7   0.0   0.0   2.2   9.4   14.30   NNE
16  11.6  12.7   12.30   9.6   00.00   5.3   0.0   0.0   3.4  11.6   10.00   NNE
17   9.3  10.3   13.00   8.4   22.30   6.8   0.0   0.0   3.4  12.5   14.30   NNE
18   7.1   8.7    0.30   5.1   22.00   9.1   0.0   0.0   3.6  12.5    9.30   NNE
19   7.1   9.4   12.00   2.8    8.30   8.4   0.0   1.4   2.5  11.2   20.00   NNE
20   6.3   7.6   20.30   4.7    3.00   9.0   0.0   0.6   2.8   8.9    1.00   NNE
21  10.2  13.4   13.00   4.8    2.00   5.9   0.0   2.0   0.5   4.5    0.30   NNE
22  11.2  14.2   13.00   8.9    6.30   5.5   0.0   0.0   0.5   5.8   13.00   SSE
23  10.8  12.0   19.00   8.6    2.30   5.1   0.0  26.6   0.7   4.9   16.00   NNE
24  13.6  15.7   15.30  11.7   00.00   3.3   0.0   7.4   0.4   8.9    9.00   ESE
25  10.2  11.7    0.30   8.5   19.30   5.9   0.0   4.2   0.7   5.8   11.00    NE
26   8.7  11.5   14.30   6.2   23.00   7.0   0.0   0.0   0.5   4.0   13.00   NNE
27   9.9  12.1   12.30   5.4    2.30   6.5   0.0   0.0   2.0  11.6   12.00   NNE
28   9.2  11.6   14.00   6.4    2.30   7.0   0.0   0.0   2.5  11.6   11.30   NNE
29   7.8  13.1   12.00   3.0    7.00   8.1   0.0   0.0   2.1   8.9    8.00   NNE
30   7.3  11.0   14.30   1.2    8.30   8.3   0.0   0.0   1.0   4.9    0.30   NNE
-------------------------------------------------------------------------------------
    11.7  20.5     5     1.2    30   150.0   0.3  57.8   1.3  12.5    17     NNE

Max >=  32.0:  0
Max <=   0.0:  0
Min <=   0.0:  0
Min <= -18.0:  0
Max Rain: 26.59 ON 23/11/18
Days of Rain: 14 (> .2 mm) 7 (> 2 mm) 1 (> 20 mm)
Heat Base:  18.3  Cool Base:  18.3  Method: Integration