NOAA-Style Climate Reports

NOAA style reports

Select a Year or Month report
V/Λ2021 > Jan Feb Mar Apr May Jun Jul Aug Sep Oct Nov Dec
V/Λ2020 > Jan Feb Mar Apr May Jun Jul Aug Sep Oct Nov Dec
V/Λ2019 > Jan Feb Mar Apr May Jun Jul Aug Sep Oct Nov Dec
V/Λ2018 > Jan Feb Mar Apr May Jun Jul Aug Sep Oct Nov Dec
V/Λ2017 > Jan Feb Mar Apr May Jun Jul Aug Sep Oct Nov Dec
V/Λ2016 > Jan Feb Mar Apr May Jun Jul Aug Sep Oct Nov Dec
V/Λ2015 > Jan Feb Mar Apr May Jun Jul Aug Sep Oct Nov Dec
V/Λ2014 > Jan Feb Mar Apr May Jun Jul Aug Sep Oct Nov Dec
V/Λ2013 > Jan Feb Mar Apr May Jun Jul Aug Sep Oct Nov Dec
V/Λ2012 > Jan Feb Mar Apr May Jun Jul Aug Sep Oct Nov Dec

Report for 2020
                            ANNUAL CLIMATOLOGICAL SUMMARY

NAME: Gruppo Colle  CITY: Colle Bisenzio   STATE: PRATO - ITALY  
ELEV:   182 m  LAT:  43 59 29 N  LONG:  11 08 17 E

               TEMPERATURE (░C), HEAT BASE 18.3, COOL BASE 18.3
                          DEP.  HEAT  COOL                                          
        MEAN  MEAN        FROM  DEG   DEG                        MAX  MAX  MIN  MIN 
 YR MO  MAX   MIN   MEAN  NORM  DAYS  DAYS  HI  DATE  LOW  DATE  >=32 <=0  <=0  <=-18 
------------------------------------------------------------------------------------
 17  1   7.6  -0.1   3.3   0.0   466     0  13.8  28  -6.4    7    0    0   14    0
 17  2  12.5   5.7   8.7   0.0   239     0  15.8  12   0.7   16    0    0    0    0
 17  3  17.8   6.6  12.0   0.0   189     7  25.2  30   2.5    9    0    0    0    0
 17  4  19.1   9.0  14.1   0.0    96     7  25.0  12   0.8   21    0    0    0    0
 17  5  24.0  11.7  18.0   0.0    63    59  31.7  28   4.4    2    0    0    0    0
 17  6  29.6  16.0  22.9   0.0    15   139  33.9  27  11.6    2    7    0    0    0
 17  7  30.9  17.6  24.4   0.0     8   154  37.8  31  12.7    2   11    0    0    0
 17  8  33.2  17.6  25.2   0.0     6   214  39.1   1  13.0   13   21    0    0    0
 17  9  23.0  13.3  17.9   0.0    53    40  29.6   7   8.4   21    0    0    0    0
 17 10  21.3   9.3  15.0   0.0    99    17  25.3   4   4.3   24    0    0    0    0
 17 11  13.3   5.9   9.6   0.0   179     0  18.7   1  -1.4   28    0    0    2    0
 17 12   9.8   2.6   5.9   0.0   322     0  15.4  11  -2.8    9    0    0   12    0
------------------------------------------------------------------------------------
        20.2   9.6  14.8   0.0  1735   636  39.1 AUG  -6.4  JAN   39    0   28    0

                                PRECIPITATION (mm)

               DEP.   MAX        DAYS OF RAIN 
               FROM   OBS.          OVER
 YR MO  TOTAL  NORM   DAY  DATE  .2   2   20
---------------------------------------------
 17  1  79.4    0.0  38.8   13    7    6    1
 17  2 170.2    0.0  57.8    5   10    8    3
 17  3  89.0    0.0  40.0    6    8    5    2
 17  4  38.4    0.0  15.4   27    7    6    0
 17  5  47.8    0.0  17.2    6   10    5    0
 17  6  45.8    0.0  33.0   28    5    3    1
 17  7   5.0    0.0   2.6   25    2    2    0
 17  8  11.0    0.0   7.4   28    4    2    0
 17  9 183.0    0.0  86.0   10   17   11    1
 17 10   4.2    0.0   4.0   22    2    1    0
 17 11 149.0    0.0  32.6    6   11    9    3
 17 12 286.6    0.0  53.8    8   16   10    7
---------------------------------------------
      1109.3   0.0  86.0  SEP   99   68   18

                                WIND SPEED (m/s)
                          DOM
 YR MO   AVG.  HI   DATE  DIR
---------------------------------
 17  1   2.7  18.8   18   NNE
 17  2   2.2  21.5   28   NNE
 17  3   1.9  20.6    5   NNE
 17  4   1.6  18.3   28   NNE
 17  5   1.4  12.1   13   NNE
 17  6   1.8  17.0   29   SSE
 17  7   1.5  17.0   24   SSE
 17  8   1.8  16.1   11    NE
 17  9   1.7  16.5   17   NNE
 17 10   1.1  16.5   22   NNE
 17 11   1.3  17.0   14   NNE
 17 12   1.7  23.2   14   NNE
---------------------------------
         1.7  23.2  DEC  NNE