NOAA-Style Climate Reports

NOAA style reports

Select a Year or Month report
V/Λ2021 > Jan Feb Mar Apr May Jun Jul Aug Sep Oct Nov Dec
V/Λ2020 > Jan Feb Mar Apr May Jun Jul Aug Sep Oct Nov Dec
V/Λ2019 > Jan Feb Mar Apr May Jun Jul Aug Sep Oct Nov Dec
V/Λ2018 > Jan Feb Mar Apr May Jun Jul Aug Sep Oct Nov Dec
V/Λ2017 > Jan Feb Mar Apr May Jun Jul Aug Sep Oct Nov Dec
V/Λ2016 > Jan Feb Mar Apr May Jun Jul Aug Sep Oct Nov Dec
V/Λ2015 > Jan Feb Mar Apr May Jun Jul Aug Sep Oct Nov Dec
V/Λ2014 > Jan Feb Mar Apr May Jun Jul Aug Sep Oct Nov Dec
V/Λ2013 > Jan Feb Mar Apr May Jun Jul Aug Sep Oct Nov Dec
V/Λ2012 > Jan Feb Mar Apr May Jun Jul Aug Sep Oct Nov Dec

Report for 2021
                            ANNUAL CLIMATOLOGICAL SUMMARY

NAME: Gruppo Colle  CITY: Colle Bisenzio   STATE: PRATO - ITALY  
ELEV:   182 m  LAT:  43 59 29 N  LONG:  11 08 17 E

               TEMPERATURE (░C), HEAT BASE 18.3, COOL BASE 18.3
                          DEP.  HEAT  COOL                                          
        MEAN  MEAN        FROM  DEG   DEG                        MAX  MAX  MIN  MIN 
 YR MO  MAX   MIN   MEAN  NORM  DAYS  DAYS  HI  DATE  LOW  DATE  >=32 <=0  <=0  <=-18 
------------------------------------------------------------------------------------
 18  1  11.7   5.3   8.2   0.0   255     0  15.2  17  -0.4    3    0    0    1    0
 18  2   7.2   1.4   4.2   0.0   327     0  12.2   5  -7.9   28    0    2    8    0
 18  3  11.8   5.0   8.3   0.0   234     0  18.1  30  -2.2    1    0    0    1    0
 18  4  21.6  10.1  15.7   0.0   105    35  28.2  21   6.7    2    0    0    0    0
 18  5  23.8  13.4  18.1   0.0    61    56  31.7  26   8.1   15    0    0    0    0
 18  6  27.4  15.4  21.2   0.0    19   107  31.4  30  10.5   24    0    0    0    0
 18  7  31.4  17.6  24.2   0.0     3   181  36.7  31  14.7    1   12    0    0    0
 18  8  31.3  17.9  24.0   0.0     8   182  36.2   6  12.2   27   13    0    0    0
 18  9  28.0  15.3  20.8   0.0    26   100  32.4  11   8.4   27    3    0    0    0
 18 10  21.6  12.3  16.7   0.0    73    26  25.9  10   6.9   24    0    0    0    0
 18 11  14.7   8.5  11.7   0.0   150     0  20.5   5   1.2   30    0    0    0    0
 18 12  10.9   2.6   7.0   0.0   212     0  15.7   8  -2.9   16    0    0    6    0
------------------------------------------------------------------------------------
        20.3  10.5  15.2   0.0  1472   686  36.7 JUL  -7.9  FEB   28    2   16    0

                                PRECIPITATION (mm)

               DEP.   MAX        DAYS OF RAIN 
               FROM   OBS.          OVER
 YR MO  TOTAL  NORM   DAY  DATE  .2   2   20
---------------------------------------------
 18  1 135.6    0.0  23.2   16   19   15    2
 18  2 116.0    0.0  39.4    2    9    7    2
 18  3 282.5    0.0  41.0   15   16   14    7
 18  4  59.6    0.0  19.8    4   11    7    0
 18  5  82.4    0.0  15.6   22   15   10    0
 18  6  51.0    0.0  21.8   13    8    5    1
 18  7  40.4    0.0  24.0    6    5    4    1
 18  8  92.4    0.0  41.2    8   10    5    1
 18  9  45.6    0.0  18.0   18    6    4    0
 18 10  86.2    0.0  22.0   29   12    7    2
 18 11  57.8    0.0  26.6   23   14    7    1
 18 12  44.6    0.0   9.0    6   13    8    0
---------------------------------------------
      1094.2   0.0  41.2  AUG  138   93   17

                                WIND SPEED (m/s)
                          DOM
 YR MO   AVG.  HI   DATE  DIR
---------------------------------
 18  1   1.5  21.0   17   NNE
 18  2   2.6  16.1   26   NNE
 18  3   1.9  17.0   31   NNE
 18  4   1.8  14.8   18   NNE
 18  5   1.5  14.3    4   NNE
 18  6   1.7  11.6   12   NNE
 18  7   1.4  16.5   15   NNE
 18  8   1.7  12.5   14   NNE
 18  9   1.6  15.2   25   NNE
 18 10   2.2  21.0   30   NNE
 18 11   1.3  12.5   17   NNE
 18 12   1.2  16.1    8   NNE
---------------------------------
         1.7  21.0  JAN  NNE